{"id":8371,"date":"2024-08-05T13:33:01","date_gmt":"2024-08-05T12:33:01","guid":{"rendered":"https:\/\/mayoguide.org\/produkty\/?post_type=product&#038;p=8371"},"modified":"2024-08-05T13:34:35","modified_gmt":"2024-08-05T12:34:35","slug":"cystenon","status":"publish","type":"product","link":"https:\/\/www.clinicaalthea.com\/farmacia\/lt\/apt\/cystenon\/","title":{"rendered":"Cystenon"},"content":{"rendered":"\n<p>Ar kada nors susim\u0105st\u0117te, ar yra veiksmingas <b>maisto papildas,<\/b> galintis pad\u0117ti sergant cistitu? Ar \u012fmanoma rasti nat\u016bral\u0173 sprendim\u0105, kuris palengvint\u0173 \u0161lapimo tak\u0173 infekcijos simptomus? Su\u017einokite, kokius stebuklus gali padaryti <b>cistenonas<\/b>!<\/p>\n\n\n\n<h3 class=\"wp-block-heading\">Pagrindin\u0117s informacijos santrauka:<\/h3>\n\n\n\n<ul class=\"wp-block-list\">\n<li><b>Cistenonas<\/b> yra <b>maisto papildas<\/b>, padedantis kovoti su<b>cistitu<\/b>.<\/li>\n\n\n\n<li>\u0160is papildas pagr\u012fstas nat\u016braliais ingredientais, kurie teigiamai veikia \u0161lapimo sistem\u0105.<\/li>\n\n\n\n<li><b>Cystenone<\/b> galima \u012fsigyti tik oficialioje gamintojo svetain\u0117je.<\/li>\n\n\n\n<li>Eikite \u012f gamintojo svetain\u0119, kad su\u017einotum\u0117te daugiau apie \u0161\u012f veiksming\u0105 papild\u0105 ir u\u017esisakykite.<\/li>\n<\/ul>\n\n\n\n<h2 class=\"wp-block-heading\">Cystenon sud\u0117tis<\/h2>\n\n\n\n<p>Cystenon sud\u0117tyje yra unikalus augalini\u0173 ingredient\u0173 ir mineral\u0173 derinys, naudingas \u0161lapimo tak\u0173 sveikatai. \u012e maisto papildo sud\u0117t\u012f \u012feina tokios sudedamosios dalys kaip:<\/p>\n\n\n\n<ol class=\"wp-block-list\">\n<li><em>E\u017eiuol\u0117 purpurin\u0117<\/em> &#8211; palaiko imunin\u0119 sistem\u0105 ir pasi\u017eymi antimikrobiniu poveikiu.<\/li>\n\n\n\n<li><em>D-manoz\u0117<\/em> &#8211; apsaugo nuo bakterij\u0173 prilipimo prie \u0161lapimo tak\u0173 sieneli\u0173 ir padeda i\u0161vengti infekcij\u0173.<\/li>\n\n\n\n<li><em>Spanguoli\u0173 ekstraktas<\/em> &#8211; apsunkina bakterij\u0173 prilipim\u0105 prie \u0161lapimo tak\u0173 gleivin\u0117s.<\/li>\n\n\n\n<li><em>Vitaminas C<\/em> &#8211; stiprina imunin\u0119 sistem\u0105.<\/li>\n\n\n\n<li><em>Vitaminas D<\/em> &#8211; palaiko imunin\u0119 sistem\u0105.<\/li>\n\n\n\n<li><em>Cinkas<\/em> &#8211; svarbus mineralas, palaikantis tinkam\u0105 imunin\u0117s sistemos veikim\u0105.<\/li>\n<\/ol>\n\n\n\n<p>D\u0117l \u0161i\u0173 atrinkt\u0173 ingredient\u0173 Cystenon visapusi\u0161kai palaiko \u0161lapimo tak\u0173 sveikat\u0105. J\u0173 naudingosios savyb\u0117s veikia sinergi\u0161kai ir padeda palengvinti \u0161lapimo tak\u0173 infekcij\u0173 simptomus bei palaiko imunin\u0119 sistem\u0105.<\/p>\n\n\n\n<h2 class=\"wp-block-heading\">Cystenon nauda<\/h2>\n\n\n\n<p>Cistenono <b>vartojimas<\/b> gali b\u016bti <b>naudingas<\/b> \u0161lapimo tak\u0173 sveikatai. \u0160is veiksmingas <b>maisto papildas<\/b> gali palengvinti su \u0161lapimo tak\u0173 infekcijomis susijusius simptomus, tokius kaip skausmas, deginimas \u0161lapinantis ir da\u017enas \u0161lapinimasis. D\u0117l savo nat\u016brali\u0173 sudedam\u0173j\u0173 dali\u0173 Cystenone veikia efektyviai ir veiksmingai.<\/p>\n\n\n\n<p>Vienas i\u0161 pagrindini\u0173 cistenono vartojimo <b>privalum\u0173<\/b> yra jo geb\u0117jimas u\u017ekirsti keli\u0105 \u0161lapimo tak\u0173 infekcij\u0173 pasikartojimui. Reguliarus papildo vartojimas padeda stiprinti nat\u016bral\u0173 organizmo imunitet\u0105, o tai yra labai svarbu siekiant ilgainiui i\u0161laikyti sveikus \u0161lapimo takus.<\/p>\n\n\n\n<p>Taip pat verta pamin\u0117ti, kad cistenonas palaiko imunin\u0119 sistem\u0105. D\u0117l savo sudedam\u0173j\u0173 dali\u0173, toki\u0173 kaip e\u017eiuol\u0117 purpurin\u0117, vitaminas C ir vitaminas D, Cystenon stiprina organizm\u0105, o tai prisideda prie geresn\u0117s \u0161lapimo tak\u0173 veiklos ir u\u017ekerta keli\u0105 infekcijoms.<\/p>\n\n\n\n<p>Apibendrinant galima teigti, kad cistenono <b>nauda<\/b> yra visapusi\u0161ka ir gali pad\u0117ti sergantiems \u0161lapimo tak\u0173 infekcijomis. \u0160is papildas padeda palengvinti simptomus, i\u0161vengti pasikartojan\u010di\u0173 infekcij\u0173 ir palaiko nat\u016bral\u0173 organizmo imunitet\u0105, o tai ilgainiui prisideda prie \u0161lapimo tak\u0173 sveikatos.<\/p>\n\n\n\n<h2 class=\"wp-block-heading\">Cystenon dozavimas ir vartojimas<\/h2>\n\n\n\n<p>Cystenone <b>vartojimas<\/b> yra paprastas ir lengvas. Pagal gamintojo rekomendacijas tinkama doz\u0117 yra 2 kapsul\u0117s per dien\u0105. \u0160i\u0105 doz\u0119 reikia padalyti \u012f dvi dalis &#8211; vien\u0105 kapsul\u0119 ryte, kit\u0105 &#8211; vakare.<\/p>\n\n\n\n<p>Cystenone tur\u0117t\u0173 b\u016bti vartojamas su dideliu kiekiu vandens, kad veikliosios sudedamosios dalys veikt\u0173 grei\u010diau ir efektyviau.<\/p>\n\n\n\n<blockquote class=\"wp-block-quote is-layout-flow wp-block-quote-is-layout-flow\">\n<p>Nepamir\u0161kite nevir\u0161yti rekomenduojamos doz\u0117s, nebent taip patart\u0173 gydytojas.<\/p>\n<\/blockquote>\n\n\n\n<p>Cystenone papildas neskirtas jaunesniems nei 18 met\u0173 asmenims, n\u0117\u0161\u010dioms ar kr\u016btimi maitinan\u010dioms moterims.<\/p>\n\n\n\n<p>Jei abejojate, prie\u0161 pradedant vartoti visada patartina pasitarti su gydytoju.<\/p>\n\n\n\n<figure class=\"wp-block-table\"><table class=\"has-fixed-layout\"><tbody><tr><th>Cistenono tipas<\/th><th>Dozavimas<\/th><th>Naudojimas<\/th><\/tr><tr><td>Cistenonas su spanguoli\u0173 ekstraktu<\/td><td>2 kapsul\u0117s per dien\u0105<\/td><td>Vien\u0105 kapsul\u0119 ryte, kit\u0105 &#8211; vakare. U\u017egerkite dideliu kiekiu vandens.<\/td><\/tr><tr><td>Cistenonas su D-manoze<\/td><td>2 kapsul\u0117s per dien\u0105<\/td><td>Vien\u0105 kapsul\u0119 ryte, kit\u0105 &#8211; vakare. U\u017egerkite dideliu kiekiu vandens.<\/td><\/tr><tr><td>Cistenonas i\u0161 e\u017eiuol\u0117s purpurin\u0117s<\/td><td>2 kapsul\u0117s per dien\u0105<\/td><td>Vien\u0105 kapsul\u0119 ryte, kit\u0105 &#8211; vakare. U\u017egerkite dideliu kiekiu vandens.<\/td><\/tr><\/tbody><\/table><\/figure>\n\n\n\n<h2 class=\"wp-block-heading\">Klient\u0173 atsiliepimai apie Cystenon<\/h2>\n\n\n\n<p>Klient\u0173 <b>nuomon\u0117s apie<\/b> &#8220;Cystenon&#8221; papild\u0105 skiriasi. Kai kurie i\u0161 j\u0173 pateikia teigiamus <b>atsiliepimus,<\/b> prane\u0161a apie pager\u0117jusi\u0105 savijaut\u0105 ir suma\u017e\u0117jusius \u0161lapimo tak\u0173 infekcijos simptomus po \u0161io produkto vartojimo. Ta\u010diau kiti gali nepasteb\u0117ti pana\u0161aus poveikio ir b\u016bti nepatenkinti rezultatais. Verta nepamir\u0161ti, kad kiekvieno organizmas \u012f maisto papildus reaguoja individualiai, tod\u0117l visada svarbu atsi\u017evelgti \u012f \u017emoni\u0173 skirtumus. Prie\u0161 pradedant vartoti Cystenone, rekomenduoju pasitarti su gydytoju.<\/p>\n\n\n\n<h2 class=\"wp-block-heading\">Cystenon palyginimas su konkuruojan\u010diais produktais<\/h2>\n\n\n\n<p>&#8220;Cystenon&#8221; i\u0161siskiria unikaliu sudedam\u0173j\u0173 dali\u0173, kurios teigiamai veikia \u0161lapimo tak\u0173 sveikat\u0105, deriniu. Palyginti su kitais rinkoje esan\u010diais maisto papildais, Cystenon sud\u0117tyje yra rinktini\u0173 ingredient\u0173, toki\u0173 kaip spanguoli\u0173 ekstraktas, vitaminas C ir vitaminas D, kurie padeda palengvinti \u0161lapimo tak\u0173 infekcij\u0173 simptomus ir u\u017ekirsti keli\u0105 j\u0173 pasikartojimui.<\/p>\n\n\n\n<p>Lyginant &#8220;Cystenon&#8221; su kitais papildais, tokiais kaip &#8220;Uro-Complex&#8221;, &#8220;Urinal&#8221; ar D-manoz\u0117, pastebimi sud\u0117ties ir veikimo skirtumai, d\u0117l kuri\u0173 &#8220;Cystenon&#8221; yra unikalus produktas cistito papild\u0173 rinkoje.<\/p>\n","protected":false},"excerpt":{"rendered":"<p><strong>49.00 \u20ac<\/strong><\/p>\n<p><del>98.00 \u20ac<\/del><\/p>\n<p><strong>[date_countdown]<\/strong><\/p>\n","protected":false},"featured_media":1010,"comment_status":"open","ping_status":"closed","template":"","meta":{"neve_meta_sidebar":"","neve_meta_container":"","neve_meta_enable_content_width":"","neve_meta_content_width":0,"neve_meta_title_alignment":"","neve_meta_author_avatar":"","neve_post_elements_order":"","neve_meta_disable_header":"","neve_meta_disable_footer":"","neve_meta_disable_title":"","neve_meta_reading_time":""},"product_brand":[],"product_cat":[121],"product_tag":[],"class_list":{"0":"post-8371","1":"product","2":"type-product","3":"status-publish","4":"has-post-thumbnail","6":"product_cat-sveikata","8":"first","9":"instock","10":"shipping-taxable","11":"product-type-external"},"yoast_head":"<!-- This site is optimized with the Yoast SEO plugin v27.4 - https:\/\/yoast.com\/product\/yoast-seo-wordpress\/ -->\n<title>Cystenon - Clinica Althea<\/title>\n<meta name=\"robots\" content=\"index, follow, max-snippet:-1, max-image-preview:large, max-video-preview:-1\" \/>\n<link rel=\"canonical\" href=\"https:\/\/www.clinicaalthea.com\/farmacia\/lt\/apt\/cystenon\/\" \/>\n<meta property=\"og:locale\" content=\"pl_PL\" \/>\n<meta property=\"og:type\" content=\"article\" \/>\n<meta property=\"og:title\" content=\"Cystenon - Clinica Althea\" \/>\n<meta property=\"og:description\" content=\"49.00 \u20ac 98.00 \u20ac\" \/>\n<meta property=\"og:url\" content=\"https:\/\/www.clinicaalthea.com\/farmacia\/lt\/apt\/cystenon\/\" \/>\n<meta property=\"og:site_name\" content=\"Clinica Althea\" \/>\n<meta property=\"article:modified_time\" content=\"2024-08-05T12:34:35+00:00\" \/>\n<meta property=\"og:image\" content=\"https:\/\/www.clinicaalthea.com\/farmacia\/wp-content\/uploads\/2024\/02\/Cystenon.jpg\" \/>\n\t<meta property=\"og:image:width\" content=\"768\" \/>\n\t<meta property=\"og:image:height\" content=\"768\" \/>\n\t<meta property=\"og:image:type\" content=\"image\/jpeg\" \/>\n<meta name=\"twitter:card\" content=\"summary_large_image\" \/>\n<meta name=\"twitter:label1\" content=\"Szacowany czas czytania\" \/>\n\t<meta name=\"twitter:data1\" content=\"4 minuty\" \/>\n<script type=\"application\/ld+json\" class=\"yoast-schema-graph\">{\"@context\":\"https:\\\/\\\/schema.org\",\"@graph\":[{\"@type\":\"WebPage\",\"@id\":\"https:\\\/\\\/www.clinicaalthea.com\\\/farmacia\\\/lt\\\/apt\\\/cystenon\\\/\",\"url\":\"https:\\\/\\\/www.clinicaalthea.com\\\/farmacia\\\/lt\\\/apt\\\/cystenon\\\/\",\"name\":\"Cystenon - Clinica Althea\",\"isPartOf\":{\"@id\":\"https:\\\/\\\/www.clinicaalthea.com\\\/farmacia\\\/#website\"},\"primaryImageOfPage\":{\"@id\":\"https:\\\/\\\/www.clinicaalthea.com\\\/farmacia\\\/lt\\\/apt\\\/cystenon\\\/#primaryimage\"},\"image\":{\"@id\":\"https:\\\/\\\/www.clinicaalthea.com\\\/farmacia\\\/lt\\\/apt\\\/cystenon\\\/#primaryimage\"},\"thumbnailUrl\":\"https:\\\/\\\/www.clinicaalthea.com\\\/farmacia\\\/wp-content\\\/uploads\\\/2024\\\/02\\\/Cystenon.jpg\",\"datePublished\":\"2024-08-05T12:33:01+00:00\",\"dateModified\":\"2024-08-05T12:34:35+00:00\",\"breadcrumb\":{\"@id\":\"https:\\\/\\\/www.clinicaalthea.com\\\/farmacia\\\/lt\\\/apt\\\/cystenon\\\/#breadcrumb\"},\"inLanguage\":\"pl-PL\",\"potentialAction\":[{\"@type\":\"ReadAction\",\"target\":[\"https:\\\/\\\/www.clinicaalthea.com\\\/farmacia\\\/lt\\\/apt\\\/cystenon\\\/\"]}]},{\"@type\":\"ImageObject\",\"inLanguage\":\"pl-PL\",\"@id\":\"https:\\\/\\\/www.clinicaalthea.com\\\/farmacia\\\/lt\\\/apt\\\/cystenon\\\/#primaryimage\",\"url\":\"https:\\\/\\\/www.clinicaalthea.com\\\/farmacia\\\/wp-content\\\/uploads\\\/2024\\\/02\\\/Cystenon.jpg\",\"contentUrl\":\"https:\\\/\\\/www.clinicaalthea.com\\\/farmacia\\\/wp-content\\\/uploads\\\/2024\\\/02\\\/Cystenon.jpg\",\"width\":768,\"height\":768,\"caption\":\"Cystenon\"},{\"@type\":\"BreadcrumbList\",\"@id\":\"https:\\\/\\\/www.clinicaalthea.com\\\/farmacia\\\/lt\\\/apt\\\/cystenon\\\/#breadcrumb\",\"itemListElement\":[{\"@type\":\"ListItem\",\"position\":1,\"name\":\"Strona g\u0142\u00f3wna\",\"item\":\"https:\\\/\\\/www.clinicaalthea.com\\\/farmacia\\\/\"},{\"@type\":\"ListItem\",\"position\":2,\"name\":\"Produkty\",\"item\":\"https:\\\/\\\/www.clinicaalthea.com\\\/farmacia\\\/\"},{\"@type\":\"ListItem\",\"position\":3,\"name\":\"Cystenon\"}]},{\"@type\":\"WebSite\",\"@id\":\"https:\\\/\\\/www.clinicaalthea.com\\\/farmacia\\\/#website\",\"url\":\"https:\\\/\\\/www.clinicaalthea.com\\\/farmacia\\\/\",\"name\":\"Clinica Althea\",\"description\":\"\",\"publisher\":{\"@id\":\"https:\\\/\\\/www.clinicaalthea.com\\\/farmacia\\\/#organization\"},\"potentialAction\":[{\"@type\":\"SearchAction\",\"target\":{\"@type\":\"EntryPoint\",\"urlTemplate\":\"https:\\\/\\\/www.clinicaalthea.com\\\/farmacia\\\/?s={search_term_string}\"},\"query-input\":{\"@type\":\"PropertyValueSpecification\",\"valueRequired\":true,\"valueName\":\"search_term_string\"}}],\"inLanguage\":\"pl-PL\"},{\"@type\":\"Organization\",\"@id\":\"https:\\\/\\\/www.clinicaalthea.com\\\/farmacia\\\/#organization\",\"name\":\"Clinica Althea\",\"url\":\"https:\\\/\\\/www.clinicaalthea.com\\\/farmacia\\\/\",\"logo\":{\"@type\":\"ImageObject\",\"inLanguage\":\"pl-PL\",\"@id\":\"https:\\\/\\\/www.clinicaalthea.com\\\/farmacia\\\/#\\\/schema\\\/logo\\\/image\\\/\",\"url\":\"https:\\\/\\\/www.clinicaalthea.com\\\/farmacia\\\/wp-content\\\/uploads\\\/2023\\\/12\\\/Jak-diagnozuje-sie-FAS_-objawy-kryteria-diagnostyczne-i-metody-diagnozowania-154162903.jpg\",\"contentUrl\":\"https:\\\/\\\/www.clinicaalthea.com\\\/farmacia\\\/wp-content\\\/uploads\\\/2023\\\/12\\\/Jak-diagnozuje-sie-FAS_-objawy-kryteria-diagnostyczne-i-metody-diagnozowania-154162903.jpg\",\"width\":1216,\"height\":832,\"caption\":\"Clinica Althea\"},\"image\":{\"@id\":\"https:\\\/\\\/www.clinicaalthea.com\\\/farmacia\\\/#\\\/schema\\\/logo\\\/image\\\/\"}}]}<\/script>\n<!-- \/ Yoast SEO plugin. -->","yoast_head_json":{"title":"Cystenon - Clinica Althea","robots":{"index":"index","follow":"follow","max-snippet":"max-snippet:-1","max-image-preview":"max-image-preview:large","max-video-preview":"max-video-preview:-1"},"canonical":"https:\/\/www.clinicaalthea.com\/farmacia\/lt\/apt\/cystenon\/","og_locale":"pl_PL","og_type":"article","og_title":"Cystenon - Clinica Althea","og_description":"49.00 \u20ac 98.00 \u20ac","og_url":"https:\/\/www.clinicaalthea.com\/farmacia\/lt\/apt\/cystenon\/","og_site_name":"Clinica Althea","article_modified_time":"2024-08-05T12:34:35+00:00","og_image":[{"width":768,"height":768,"url":"https:\/\/www.clinicaalthea.com\/farmacia\/wp-content\/uploads\/2024\/02\/Cystenon.jpg","type":"image\/jpeg"}],"twitter_card":"summary_large_image","twitter_misc":{"Szacowany czas czytania":"4 minuty"},"schema":{"@context":"https:\/\/schema.org","@graph":[{"@type":"WebPage","@id":"https:\/\/www.clinicaalthea.com\/farmacia\/lt\/apt\/cystenon\/","url":"https:\/\/www.clinicaalthea.com\/farmacia\/lt\/apt\/cystenon\/","name":"Cystenon - Clinica Althea","isPartOf":{"@id":"https:\/\/www.clinicaalthea.com\/farmacia\/#website"},"primaryImageOfPage":{"@id":"https:\/\/www.clinicaalthea.com\/farmacia\/lt\/apt\/cystenon\/#primaryimage"},"image":{"@id":"https:\/\/www.clinicaalthea.com\/farmacia\/lt\/apt\/cystenon\/#primaryimage"},"thumbnailUrl":"https:\/\/www.clinicaalthea.com\/farmacia\/wp-content\/uploads\/2024\/02\/Cystenon.jpg","datePublished":"2024-08-05T12:33:01+00:00","dateModified":"2024-08-05T12:34:35+00:00","breadcrumb":{"@id":"https:\/\/www.clinicaalthea.com\/farmacia\/lt\/apt\/cystenon\/#breadcrumb"},"inLanguage":"pl-PL","potentialAction":[{"@type":"ReadAction","target":["https:\/\/www.clinicaalthea.com\/farmacia\/lt\/apt\/cystenon\/"]}]},{"@type":"ImageObject","inLanguage":"pl-PL","@id":"https:\/\/www.clinicaalthea.com\/farmacia\/lt\/apt\/cystenon\/#primaryimage","url":"https:\/\/www.clinicaalthea.com\/farmacia\/wp-content\/uploads\/2024\/02\/Cystenon.jpg","contentUrl":"https:\/\/www.clinicaalthea.com\/farmacia\/wp-content\/uploads\/2024\/02\/Cystenon.jpg","width":768,"height":768,"caption":"Cystenon"},{"@type":"BreadcrumbList","@id":"https:\/\/www.clinicaalthea.com\/farmacia\/lt\/apt\/cystenon\/#breadcrumb","itemListElement":[{"@type":"ListItem","position":1,"name":"Strona g\u0142\u00f3wna","item":"https:\/\/www.clinicaalthea.com\/farmacia\/"},{"@type":"ListItem","position":2,"name":"Produkty","item":"https:\/\/www.clinicaalthea.com\/farmacia\/"},{"@type":"ListItem","position":3,"name":"Cystenon"}]},{"@type":"WebSite","@id":"https:\/\/www.clinicaalthea.com\/farmacia\/#website","url":"https:\/\/www.clinicaalthea.com\/farmacia\/","name":"Clinica Althea","description":"","publisher":{"@id":"https:\/\/www.clinicaalthea.com\/farmacia\/#organization"},"potentialAction":[{"@type":"SearchAction","target":{"@type":"EntryPoint","urlTemplate":"https:\/\/www.clinicaalthea.com\/farmacia\/?s={search_term_string}"},"query-input":{"@type":"PropertyValueSpecification","valueRequired":true,"valueName":"search_term_string"}}],"inLanguage":"pl-PL"},{"@type":"Organization","@id":"https:\/\/www.clinicaalthea.com\/farmacia\/#organization","name":"Clinica Althea","url":"https:\/\/www.clinicaalthea.com\/farmacia\/","logo":{"@type":"ImageObject","inLanguage":"pl-PL","@id":"https:\/\/www.clinicaalthea.com\/farmacia\/#\/schema\/logo\/image\/","url":"https:\/\/www.clinicaalthea.com\/farmacia\/wp-content\/uploads\/2023\/12\/Jak-diagnozuje-sie-FAS_-objawy-kryteria-diagnostyczne-i-metody-diagnozowania-154162903.jpg","contentUrl":"https:\/\/www.clinicaalthea.com\/farmacia\/wp-content\/uploads\/2023\/12\/Jak-diagnozuje-sie-FAS_-objawy-kryteria-diagnostyczne-i-metody-diagnozowania-154162903.jpg","width":1216,"height":832,"caption":"Clinica Althea"},"image":{"@id":"https:\/\/www.clinicaalthea.com\/farmacia\/#\/schema\/logo\/image\/"}}]}},"lang":"lt","translations":{"lt":8371,"pl":1009,"cs":8290,"el":8292,"it":8294,"pt":8305,"ro":8307,"sk":8309,"de":8311,"bg":8314,"hu":8328,"lv":8330,"sl":8373,"es":8375},"pll_sync_post":[],"_links":{"self":[{"href":"https:\/\/www.clinicaalthea.com\/farmacia\/wp-json\/wp\/v2\/product\/8371","targetHints":{"allow":["GET"]}}],"collection":[{"href":"https:\/\/www.clinicaalthea.com\/farmacia\/wp-json\/wp\/v2\/product"}],"about":[{"href":"https:\/\/www.clinicaalthea.com\/farmacia\/wp-json\/wp\/v2\/types\/product"}],"replies":[{"embeddable":true,"href":"https:\/\/www.clinicaalthea.com\/farmacia\/wp-json\/wp\/v2\/comments?post=8371"}],"wp:featuredmedia":[{"embeddable":true,"href":"https:\/\/www.clinicaalthea.com\/farmacia\/wp-json\/wp\/v2\/media\/1010"}],"wp:attachment":[{"href":"https:\/\/www.clinicaalthea.com\/farmacia\/wp-json\/wp\/v2\/media?parent=8371"}],"wp:term":[{"taxonomy":"product_brand","embeddable":true,"href":"https:\/\/www.clinicaalthea.com\/farmacia\/wp-json\/wp\/v2\/product_brand?post=8371"},{"taxonomy":"product_cat","embeddable":true,"href":"https:\/\/www.clinicaalthea.com\/farmacia\/wp-json\/wp\/v2\/product_cat?post=8371"},{"taxonomy":"product_tag","embeddable":true,"href":"https:\/\/www.clinicaalthea.com\/farmacia\/wp-json\/wp\/v2\/product_tag?post=8371"}],"curies":[{"name":"wp","href":"https:\/\/api.w.org\/{rel}","templated":true}]}}