{"id":8170,"date":"2024-08-05T11:17:19","date_gmt":"2024-08-05T10:17:19","guid":{"rendered":"https:\/\/mayoguide.org\/produkty\/?post_type=product&#038;p=8170"},"modified":"2024-08-05T11:23:55","modified_gmt":"2024-08-05T10:23:55","slug":"collagent","status":"publish","type":"product","link":"https:\/\/www.clinicaalthea.com\/farmacia\/pt\/apt\/collagent\/","title":{"rendered":"Collagent"},"content":{"rendered":"\n<h2 class=\"wp-block-heading\">O que \u00e9 o Collagent e como funciona?<\/h2>\n\n\n\n<p><em>Collagent<\/em> \u00e9 um <b>suplemento alimentar<\/b> que cont\u00e9m <b>ingredientes activos<\/b> como <em>colag\u00e9nio<\/em>, <em>amino\u00e1cidos<\/em> e <em>minerais<\/em>. <b>O colag\u00e9nio<\/b> \u00e9 a prote\u00edna respons\u00e1vel pela elasticidade da pele, que \u00e9 o principal ingrediente do Collagent. Os <b>amino\u00e1cidos<\/b> do colag\u00e9nio s\u00e3o de utiliza\u00e7\u00e3o segura e n\u00e3o causam irrita\u00e7\u00f5es ou alergias. Os <b>minerais<\/b> contidos no colag\u00e9nio s\u00e3o respons\u00e1veis pela manuten\u00e7\u00e3o da sa\u00fade da pele, do cabelo e das unhas. Gra\u00e7as \u00e0 sua composi\u00e7\u00e3o, Collagent actua a partir do interior para apoiar a produ\u00e7\u00e3o de colag\u00e9nio no corpo, resultando numa melhoria da condi\u00e7\u00e3o da pele e do cabelo.<\/p>\n\n\n\n<h2 class=\"wp-block-heading\">Quais s\u00e3o os efeitos da utiliza\u00e7\u00e3o de Collagent?<\/h2>\n\n\n\n<p>O uso regular de Colag\u00e9nio tem muitos benef\u00edcios para a pele, o cabelo e as unhas. <b>A a\u00e7\u00e3o do<\/b> Colag\u00e9nio a partir do interior conduz a uma melhor hidrata\u00e7\u00e3o da pele, a um aumento da elasticidade e da firmeza. Os <b>efeitos do<\/b> Collagent s\u00e3o vis\u00edveis ap\u00f3s algum tempo, quando a pele come\u00e7a a regenerar-se e a sua estrutura melhora.<\/p>\n\n\n\n<p>Al\u00e9m disso, a utiliza\u00e7\u00e3o regular de Collagent ajuda a fortalecer o cabelo. <b>O colag\u00e9nio<\/b> influencia o estado do cabelo, dando-lhe mais for\u00e7a e elasticidade. O cabelo torna-se mais saud\u00e1vel, menos propenso a quebras e fissuras, bem como mais brilhante e vibrante.<\/p>\n\n\n\n<p>O Collagent tem tamb\u00e9m um efeito positivo nas unhas. A utiliza\u00e7\u00e3o regular do suplemento ajuda a aumentar a sua resist\u00eancia, tornando-as mais resistentes \u00e0 quebra e \u00e0 fissura\u00e7\u00e3o. As unhas tornam-se mais fortes e esteticamente mais agrad\u00e1veis.<\/p>\n\n\n\n<p>Al\u00e9m disso, Collagent tem um efeito positivo nas articula\u00e7\u00f5es e nos m\u00fasculos, aliviando a dor e a rigidez. A <b>a\u00e7\u00e3o<\/b> do Collagent nas articula\u00e7\u00f5es ajuda a mant\u00ea-las flex\u00edveis e a funcionar sem problemas. As pessoas que sofrem de dores articulares e musculares podem sentir al\u00edvio ap\u00f3s a utiliza\u00e7\u00e3o regular de Collagent.<\/p>\n\n\n\n<h2 class=\"wp-block-heading\">Como utilizar corretamente Collagent &#8211; Posologia<\/h2>\n\n\n\n<p>Para obter os melhores resultados com a utiliza\u00e7\u00e3o de colag\u00e9nio, \u00e9 importante seguir as recomenda\u00e7\u00f5es de dosagem.<\/p>\n\n\n\n<p>Recomenda-se normalmente o consumo de uma colher de Collagent por dia. Uma colher cont\u00e9m aproximadamente 17g de produto, o que fornece uma por\u00e7\u00e3o adequada dos ingredientes activos necess\u00e1rios para apoiar a produ\u00e7\u00e3o de colag\u00e9nio no corpo.<\/p>\n\n\n\n<p>Collagent pode ser consumido dissolvido numa variedade de bebidas, como \u00e1gua, sumo de fruta, batido, caf\u00e9 ou ch\u00e1. \u00c9 importante n\u00e3o exceder a dose recomendada a tomar por dia. A utiliza\u00e7\u00e3o regular de Collagent, tal como recomendado pelo fabricante, contribuir\u00e1 para os melhores resultados e para um aspeto saud\u00e1vel da pele, do cabelo e das unhas.<\/p>\n\n\n\n<p>\u00c9 aconselh\u00e1vel conservar o colag\u00e9nio num local seco e fresco, fora do alcance das crian\u00e7as. A manuten\u00e7\u00e3o de condi\u00e7\u00f5es de armazenamento adequadas ajudar\u00e1 a manter o produto no seu melhor estado.<\/p>\n\n\n\n<figure class=\"wp-block-table\"><table><tbody><tr><th>Dosagem<\/th><th>Modo de administra\u00e7\u00e3o<\/th><th>Armazenamento<\/th><\/tr><tr><td><p>Uma medida de Colag\u00e9nio por dia<\/p><\/td><td><p>Dissolver uma colher na bebida da sua escolha<\/p><\/td><td><p>Conservar em local seco e fresco, fora do alcance de crian\u00e7as pequenas<\/p><\/td><\/tr><\/tbody><\/table><\/figure>\n\n\n\n<h2 class=\"wp-block-heading\">Experi\u00eancia do utilizador e avalia\u00e7\u00f5es Collagent &#8211; o que s\u00e3o as avalia\u00e7\u00f5es?<\/h2>\n\n\n\n<p><b>A opini\u00e3o dos utilizadores<\/b> sobre o Collagent \u00e9 geralmente positiva. Os utilizadores relatam que notaram uma melhoria no estado da sua pele, cabelo e unhas ap\u00f3s a utiliza\u00e7\u00e3o regular de Collagent. Muitos utilizadores descrevem uma pele hidratada, uma redu\u00e7\u00e3o das rugas e da celulite, um <b>cabelo fortalecido<\/b> e uma melhoria da sa\u00fade geral. Muitos recomendam Collagent a outras pessoas e observam resultados vis\u00edveis ap\u00f3s a sua utiliza\u00e7\u00e3o.<\/p>\n\n\n\n<figure class=\"wp-block-table\"><table><tbody><tr><th>&nbsp;<\/th><th>Opini\u00e3o<\/th><th>Avalia\u00e7\u00e3o<\/th><\/tr><tr><td>Anna K.<\/td><td>&#8220;Collagent melhorou drasticamente o estado da minha pele. Notei que est\u00e1 mais hidratada, mais firme e mais el\u00e1stica. As minhas rugas tornaram-se menos vis\u00edveis e at\u00e9 algumas desapareceram completamente. Para al\u00e9m disso, o meu cabelo est\u00e1 mais saud\u00e1vel e brilhante. Estou muito contente com os resultados da utiliza\u00e7\u00e3o de Collagent!&#8221;<\/td><td>5\/5<\/td><\/tr><tr><td>Marcin S.<\/td><td>&#8220;Collagent \u00e9 um produto que funciona mesmo! O meu cabelo estava fraco, quebradi\u00e7o e sem brilho. Ap\u00f3s algumas semanas de utiliza\u00e7\u00e3o de Collagent, o meu cabelo est\u00e1 mais forte, mais espesso e deixou de se partir. Al\u00e9m disso, notei que a pele do meu rosto est\u00e1 mais radiante e mais firme. Recomendo vivamente este produto!&#8221;<\/td><td>4\/5<\/td><\/tr><tr><td>Magda W.<\/td><td>&#8220;Collagent \u00e9 o meu <b>suplemento<\/b> nutricional preferido. As minhas unhas, que antes eram fracas e quebradi\u00e7as, s\u00e3o agora fortes e resistentes \u00e0 quebra. A pele do meu corpo est\u00e1 mais hidratada e a celulite e as estrias est\u00e3o a tornar-se menos vis\u00edveis. Tudo isto gra\u00e7as ao Collagent. Estou muito contente com os resultados que obtive ap\u00f3s a utiliza\u00e7\u00e3o deste suplemento!&#8221;<\/td><td>5\/5<\/td><\/tr><\/tbody><\/table><\/figure>\n\n\n\n<h2 class=\"wp-block-heading\">Collagent &#8211; Composi\u00e7\u00e3o &#8211; O que cont\u00e9m?<\/h2>\n\n\n\n<p>Collagent \u00e9 um <b>suplemento alimentar<\/b> que cont\u00e9m uma <b>composi\u00e7\u00e3o<\/b> cuidadosamente selecionada, constitu\u00edda principalmente por colag\u00e9nio, bem como por amino\u00e1cidos e minerais. Descubra mais pormenores sobre os ingredientes de Collagent:<\/p>\n\n\n\n<p><strong>Colag\u00e9nio:<\/strong> \u00c9 o componente de base do colag\u00e9nio e \u00e9 respons\u00e1vel pela sua <b>a\u00e7\u00e3o<\/b> eficaz. Esta prote\u00edna \u00e9 essencial para manter a elasticidade da pele e assegura a sua firmeza. Gra\u00e7as ao colag\u00e9nio, a pele torna-se mais el\u00e1stica e as rugas s\u00e3o visivelmente reduzidas.<\/p>\n\n\n\n<p><strong>Amino\u00e1cidos:<\/strong> Collagent cont\u00e9m <b>amino\u00e1cidos<\/b> que s\u00e3o seguros para o organismo e apoiam eficazmente a produ\u00e7\u00e3o de colag\u00e9nio. Actuam a partir do interior para ajudar a regenerar a pele e melhorar o seu estado.<\/p>\n\n\n\n<p><strong>Minerais:<\/strong> A <b>composi\u00e7\u00e3o<\/b> do colag\u00e9nio tamb\u00e9m inclui <b>minerais<\/b> que t\u00eam um efeito positivo na pele, no cabelo e nas unhas. Estes nutrientes valiosos contribuem para manter o aspeto saud\u00e1vel da pele e a elasticidade do cabelo.<\/p>\n\n\n\n<p>Collagent foi formulado para fornecer ao organismo os ingredientes essenciais para apoiar a produ\u00e7\u00e3o de colag\u00e9nio e os cuidados da pele. A sua <b>f\u00f3rmula<\/b> segura garante uma a\u00e7\u00e3o eficaz, minimizando o risco de alergias ou irrita\u00e7\u00f5es cut\u00e2neas.<\/p>\n\n\n\n<h2 class=\"wp-block-heading\">Collagent pre\u00e7o &#8211; Onde comprar?<\/h2>\n\n\n\n<p>O <b>pre\u00e7o do<\/b> Collagent pode variar consoante o local de compra e as promo\u00e7\u00f5es. \u00c9 aconselh\u00e1vel comprar Collagent diretamente ao fabricante oficial para ter a certeza da qualidade e autenticidade do produto. Para obter o Collagent original, recomendamos a compra no site oficial do fabricante.  Comprar Collagent a uma fonte oficial ir\u00e1 garantir que recebe um produto de qualidade que \u00e9 seguro de utilizar.<\/p>\n\n\n\n<h2 class=\"wp-block-heading\">Potenciais efeitos secund\u00e1rios e contra-indica\u00e7\u00f5es do Collagent<\/h2>\n\n\n\n<p>A utiliza\u00e7\u00e3o de Collagent \u00e9 geralmente segura e n\u00e3o tem efeitos secund\u00e1rios. N\u00e3o s\u00e3o dadas contra-indica\u00e7\u00f5es para a utiliza\u00e7\u00e3o de Collagent, mas existe sempre a possibilidade de uma intoler\u00e2ncia ou alergia individual a qualquer um dos ingredientes. \u00c9 aconselh\u00e1vel consultar um m\u00e9dico ou farmac\u00eautico antes de tomar Collagent, especialmente para as pessoas com doen\u00e7as gastrointestinais, alergias ou outras condi\u00e7\u00f5es.<\/p>\n\n\n\n<p>Collagent \u00e9 um suplemento alimentar concebido para melhorar o estado da pele, do cabelo e das unhas. No entanto, apesar da sua composi\u00e7\u00e3o segura, algumas pessoas podem sentir efeitos secund\u00e1rios. A raz\u00e3o para isso pode ser reac\u00e7\u00f5es individuais ou uma alergia a qualquer um dos ingredientes do Collagent.<\/p>\n\n\n\n<p>As pessoas com doen\u00e7as gastrointestinais ou alergias devem consultar o seu m\u00e9dico antes de come\u00e7arem a utilizar Collagent. O m\u00e9dico poder\u00e1 avaliar se o suplemento \u00e9 seguro e adequado no contexto de sa\u00fade do indiv\u00edduo. Al\u00e9m disso, em caso de suspeita de intoler\u00e2ncia ou alergia aos ingredientes do Collagent, vale sempre a pena consultar um m\u00e9dico que possa recomendar outras ac\u00e7\u00f5es ou diagn\u00f3sticos adequados.<\/p>\n","protected":false},"excerpt":{"rendered":"<p><strong>39.00 \u20ac<\/strong><\/p>\n<p><del>78.00 \u20ac<\/del><\/p>\n<p><strong>[date_countdown]<\/strong><\/p>\n","protected":false},"featured_media":8138,"comment_status":"open","ping_status":"closed","template":"","meta":{"neve_meta_sidebar":"","neve_meta_container":"","neve_meta_enable_content_width":"","neve_meta_content_width":0,"neve_meta_title_alignment":"","neve_meta_author_avatar":"","neve_post_elements_order":"","neve_meta_disable_header":"","neve_meta_disable_footer":"","neve_meta_disable_title":"","neve_meta_reading_time":""},"product_brand":[],"product_cat":[145],"product_tag":[],"class_list":{"0":"post-8170","1":"product","2":"type-product","3":"status-publish","4":"has-post-thumbnail","6":"product_cat-saude","8":"first","9":"instock","10":"shipping-taxable","11":"product-type-external"},"yoast_head":"<!-- This site is optimized with the Yoast SEO plugin v27.4 - https:\/\/yoast.com\/product\/yoast-seo-wordpress\/ -->\n<title>Collagent - Clinica Althea<\/title>\n<meta name=\"robots\" content=\"index, follow, max-snippet:-1, max-image-preview:large, max-video-preview:-1\" \/>\n<link rel=\"canonical\" href=\"https:\/\/www.clinicaalthea.com\/farmacia\/pt\/apt\/collagent\/\" \/>\n<meta property=\"og:locale\" content=\"pl_PL\" \/>\n<meta property=\"og:type\" content=\"article\" \/>\n<meta property=\"og:title\" content=\"Collagent - Clinica Althea\" \/>\n<meta property=\"og:description\" content=\"39.00 \u20ac 78.00 \u20ac\" \/>\n<meta property=\"og:url\" content=\"https:\/\/www.clinicaalthea.com\/farmacia\/pt\/apt\/collagent\/\" \/>\n<meta property=\"og:site_name\" content=\"Clinica Althea\" \/>\n<meta property=\"article:modified_time\" content=\"2024-08-05T10:23:55+00:00\" \/>\n<meta property=\"og:image\" content=\"https:\/\/www.clinicaalthea.com\/farmacia\/wp-content\/uploads\/2024\/08\/Collagent.jpg\" \/>\n\t<meta property=\"og:image:width\" content=\"768\" \/>\n\t<meta property=\"og:image:height\" content=\"768\" \/>\n\t<meta property=\"og:image:type\" content=\"image\/jpeg\" \/>\n<meta name=\"twitter:card\" content=\"summary_large_image\" \/>\n<meta name=\"twitter:label1\" content=\"Szacowany czas czytania\" \/>\n\t<meta name=\"twitter:data1\" content=\"8 minut\" \/>\n<script type=\"application\/ld+json\" class=\"yoast-schema-graph\">{\"@context\":\"https:\\\/\\\/schema.org\",\"@graph\":[{\"@type\":\"WebPage\",\"@id\":\"https:\\\/\\\/www.clinicaalthea.com\\\/farmacia\\\/pt\\\/apt\\\/collagent\\\/\",\"url\":\"https:\\\/\\\/www.clinicaalthea.com\\\/farmacia\\\/pt\\\/apt\\\/collagent\\\/\",\"name\":\"Collagent - Clinica Althea\",\"isPartOf\":{\"@id\":\"https:\\\/\\\/www.clinicaalthea.com\\\/farmacia\\\/#website\"},\"primaryImageOfPage\":{\"@id\":\"https:\\\/\\\/www.clinicaalthea.com\\\/farmacia\\\/pt\\\/apt\\\/collagent\\\/#primaryimage\"},\"image\":{\"@id\":\"https:\\\/\\\/www.clinicaalthea.com\\\/farmacia\\\/pt\\\/apt\\\/collagent\\\/#primaryimage\"},\"thumbnailUrl\":\"https:\\\/\\\/www.clinicaalthea.com\\\/farmacia\\\/wp-content\\\/uploads\\\/2024\\\/08\\\/Collagent.jpg\",\"datePublished\":\"2024-08-05T10:17:19+00:00\",\"dateModified\":\"2024-08-05T10:23:55+00:00\",\"breadcrumb\":{\"@id\":\"https:\\\/\\\/www.clinicaalthea.com\\\/farmacia\\\/pt\\\/apt\\\/collagent\\\/#breadcrumb\"},\"inLanguage\":\"pl-PL\",\"potentialAction\":[{\"@type\":\"ReadAction\",\"target\":[\"https:\\\/\\\/www.clinicaalthea.com\\\/farmacia\\\/pt\\\/apt\\\/collagent\\\/\"]}]},{\"@type\":\"ImageObject\",\"inLanguage\":\"pl-PL\",\"@id\":\"https:\\\/\\\/www.clinicaalthea.com\\\/farmacia\\\/pt\\\/apt\\\/collagent\\\/#primaryimage\",\"url\":\"https:\\\/\\\/www.clinicaalthea.com\\\/farmacia\\\/wp-content\\\/uploads\\\/2024\\\/08\\\/Collagent.jpg\",\"contentUrl\":\"https:\\\/\\\/www.clinicaalthea.com\\\/farmacia\\\/wp-content\\\/uploads\\\/2024\\\/08\\\/Collagent.jpg\",\"width\":768,\"height\":768,\"caption\":\"Collagent\"},{\"@type\":\"BreadcrumbList\",\"@id\":\"https:\\\/\\\/www.clinicaalthea.com\\\/farmacia\\\/pt\\\/apt\\\/collagent\\\/#breadcrumb\",\"itemListElement\":[{\"@type\":\"ListItem\",\"position\":1,\"name\":\"Strona g\u0142\u00f3wna\",\"item\":\"https:\\\/\\\/www.clinicaalthea.com\\\/farmacia\\\/\"},{\"@type\":\"ListItem\",\"position\":2,\"name\":\"Produkty\",\"item\":\"https:\\\/\\\/www.clinicaalthea.com\\\/farmacia\\\/\"},{\"@type\":\"ListItem\",\"position\":3,\"name\":\"Collagent\"}]},{\"@type\":\"WebSite\",\"@id\":\"https:\\\/\\\/www.clinicaalthea.com\\\/farmacia\\\/#website\",\"url\":\"https:\\\/\\\/www.clinicaalthea.com\\\/farmacia\\\/\",\"name\":\"Clinica Althea\",\"description\":\"\",\"publisher\":{\"@id\":\"https:\\\/\\\/www.clinicaalthea.com\\\/farmacia\\\/#organization\"},\"potentialAction\":[{\"@type\":\"SearchAction\",\"target\":{\"@type\":\"EntryPoint\",\"urlTemplate\":\"https:\\\/\\\/www.clinicaalthea.com\\\/farmacia\\\/?s={search_term_string}\"},\"query-input\":{\"@type\":\"PropertyValueSpecification\",\"valueRequired\":true,\"valueName\":\"search_term_string\"}}],\"inLanguage\":\"pl-PL\"},{\"@type\":\"Organization\",\"@id\":\"https:\\\/\\\/www.clinicaalthea.com\\\/farmacia\\\/#organization\",\"name\":\"Clinica Althea\",\"url\":\"https:\\\/\\\/www.clinicaalthea.com\\\/farmacia\\\/\",\"logo\":{\"@type\":\"ImageObject\",\"inLanguage\":\"pl-PL\",\"@id\":\"https:\\\/\\\/www.clinicaalthea.com\\\/farmacia\\\/#\\\/schema\\\/logo\\\/image\\\/\",\"url\":\"https:\\\/\\\/www.clinicaalthea.com\\\/farmacia\\\/wp-content\\\/uploads\\\/2023\\\/12\\\/Jak-diagnozuje-sie-FAS_-objawy-kryteria-diagnostyczne-i-metody-diagnozowania-154162903.jpg\",\"contentUrl\":\"https:\\\/\\\/www.clinicaalthea.com\\\/farmacia\\\/wp-content\\\/uploads\\\/2023\\\/12\\\/Jak-diagnozuje-sie-FAS_-objawy-kryteria-diagnostyczne-i-metody-diagnozowania-154162903.jpg\",\"width\":1216,\"height\":832,\"caption\":\"Clinica Althea\"},\"image\":{\"@id\":\"https:\\\/\\\/www.clinicaalthea.com\\\/farmacia\\\/#\\\/schema\\\/logo\\\/image\\\/\"}}]}<\/script>\n<!-- \/ Yoast SEO plugin. -->","yoast_head_json":{"title":"Collagent - Clinica Althea","robots":{"index":"index","follow":"follow","max-snippet":"max-snippet:-1","max-image-preview":"max-image-preview:large","max-video-preview":"max-video-preview:-1"},"canonical":"https:\/\/www.clinicaalthea.com\/farmacia\/pt\/apt\/collagent\/","og_locale":"pl_PL","og_type":"article","og_title":"Collagent - Clinica Althea","og_description":"39.00 \u20ac 78.00 \u20ac","og_url":"https:\/\/www.clinicaalthea.com\/farmacia\/pt\/apt\/collagent\/","og_site_name":"Clinica Althea","article_modified_time":"2024-08-05T10:23:55+00:00","og_image":[{"width":768,"height":768,"url":"https:\/\/www.clinicaalthea.com\/farmacia\/wp-content\/uploads\/2024\/08\/Collagent.jpg","type":"image\/jpeg"}],"twitter_card":"summary_large_image","twitter_misc":{"Szacowany czas czytania":"8 minut"},"schema":{"@context":"https:\/\/schema.org","@graph":[{"@type":"WebPage","@id":"https:\/\/www.clinicaalthea.com\/farmacia\/pt\/apt\/collagent\/","url":"https:\/\/www.clinicaalthea.com\/farmacia\/pt\/apt\/collagent\/","name":"Collagent - Clinica Althea","isPartOf":{"@id":"https:\/\/www.clinicaalthea.com\/farmacia\/#website"},"primaryImageOfPage":{"@id":"https:\/\/www.clinicaalthea.com\/farmacia\/pt\/apt\/collagent\/#primaryimage"},"image":{"@id":"https:\/\/www.clinicaalthea.com\/farmacia\/pt\/apt\/collagent\/#primaryimage"},"thumbnailUrl":"https:\/\/www.clinicaalthea.com\/farmacia\/wp-content\/uploads\/2024\/08\/Collagent.jpg","datePublished":"2024-08-05T10:17:19+00:00","dateModified":"2024-08-05T10:23:55+00:00","breadcrumb":{"@id":"https:\/\/www.clinicaalthea.com\/farmacia\/pt\/apt\/collagent\/#breadcrumb"},"inLanguage":"pl-PL","potentialAction":[{"@type":"ReadAction","target":["https:\/\/www.clinicaalthea.com\/farmacia\/pt\/apt\/collagent\/"]}]},{"@type":"ImageObject","inLanguage":"pl-PL","@id":"https:\/\/www.clinicaalthea.com\/farmacia\/pt\/apt\/collagent\/#primaryimage","url":"https:\/\/www.clinicaalthea.com\/farmacia\/wp-content\/uploads\/2024\/08\/Collagent.jpg","contentUrl":"https:\/\/www.clinicaalthea.com\/farmacia\/wp-content\/uploads\/2024\/08\/Collagent.jpg","width":768,"height":768,"caption":"Collagent"},{"@type":"BreadcrumbList","@id":"https:\/\/www.clinicaalthea.com\/farmacia\/pt\/apt\/collagent\/#breadcrumb","itemListElement":[{"@type":"ListItem","position":1,"name":"Strona g\u0142\u00f3wna","item":"https:\/\/www.clinicaalthea.com\/farmacia\/"},{"@type":"ListItem","position":2,"name":"Produkty","item":"https:\/\/www.clinicaalthea.com\/farmacia\/"},{"@type":"ListItem","position":3,"name":"Collagent"}]},{"@type":"WebSite","@id":"https:\/\/www.clinicaalthea.com\/farmacia\/#website","url":"https:\/\/www.clinicaalthea.com\/farmacia\/","name":"Clinica Althea","description":"","publisher":{"@id":"https:\/\/www.clinicaalthea.com\/farmacia\/#organization"},"potentialAction":[{"@type":"SearchAction","target":{"@type":"EntryPoint","urlTemplate":"https:\/\/www.clinicaalthea.com\/farmacia\/?s={search_term_string}"},"query-input":{"@type":"PropertyValueSpecification","valueRequired":true,"valueName":"search_term_string"}}],"inLanguage":"pl-PL"},{"@type":"Organization","@id":"https:\/\/www.clinicaalthea.com\/farmacia\/#organization","name":"Clinica Althea","url":"https:\/\/www.clinicaalthea.com\/farmacia\/","logo":{"@type":"ImageObject","inLanguage":"pl-PL","@id":"https:\/\/www.clinicaalthea.com\/farmacia\/#\/schema\/logo\/image\/","url":"https:\/\/www.clinicaalthea.com\/farmacia\/wp-content\/uploads\/2023\/12\/Jak-diagnozuje-sie-FAS_-objawy-kryteria-diagnostyczne-i-metody-diagnozowania-154162903.jpg","contentUrl":"https:\/\/www.clinicaalthea.com\/farmacia\/wp-content\/uploads\/2023\/12\/Jak-diagnozuje-sie-FAS_-objawy-kryteria-diagnostyczne-i-metody-diagnozowania-154162903.jpg","width":1216,"height":832,"caption":"Clinica Althea"},"image":{"@id":"https:\/\/www.clinicaalthea.com\/farmacia\/#\/schema\/logo\/image\/"}}]}},"lang":"pt","translations":{"pt":8170,"pl":8137,"cs":8158,"de":8160,"hu":8162,"it":8164,"lv":8166,"lt":8168,"sk":8172,"sl":8174,"es":8182},"pll_sync_post":[],"_links":{"self":[{"href":"https:\/\/www.clinicaalthea.com\/farmacia\/wp-json\/wp\/v2\/product\/8170","targetHints":{"allow":["GET"]}}],"collection":[{"href":"https:\/\/www.clinicaalthea.com\/farmacia\/wp-json\/wp\/v2\/product"}],"about":[{"href":"https:\/\/www.clinicaalthea.com\/farmacia\/wp-json\/wp\/v2\/types\/product"}],"replies":[{"embeddable":true,"href":"https:\/\/www.clinicaalthea.com\/farmacia\/wp-json\/wp\/v2\/comments?post=8170"}],"wp:featuredmedia":[{"embeddable":true,"href":"https:\/\/www.clinicaalthea.com\/farmacia\/wp-json\/wp\/v2\/media\/8138"}],"wp:attachment":[{"href":"https:\/\/www.clinicaalthea.com\/farmacia\/wp-json\/wp\/v2\/media?parent=8170"}],"wp:term":[{"taxonomy":"product_brand","embeddable":true,"href":"https:\/\/www.clinicaalthea.com\/farmacia\/wp-json\/wp\/v2\/product_brand?post=8170"},{"taxonomy":"product_cat","embeddable":true,"href":"https:\/\/www.clinicaalthea.com\/farmacia\/wp-json\/wp\/v2\/product_cat?post=8170"},{"taxonomy":"product_tag","embeddable":true,"href":"https:\/\/www.clinicaalthea.com\/farmacia\/wp-json\/wp\/v2\/product_tag?post=8170"}],"curies":[{"name":"wp","href":"https:\/\/api.w.org\/{rel}","templated":true}]}}