{"id":7593,"date":"2024-07-18T21:17:10","date_gmt":"2024-07-18T20:17:10","guid":{"rendered":"https:\/\/mayoguide.org\/produkty\/?post_type=product&#038;p=7593"},"modified":"2024-07-18T21:18:04","modified_gmt":"2024-07-18T20:18:04","slug":"levicose","status":"publish","type":"product","link":"https:\/\/www.clinicaalthea.com\/farmacia\/cs\/apt\/levicose\/","title":{"rendered":"Levicose"},"content":{"rendered":"\n<h2 class=\"wp-block-heading\">Co je p\u0159\u00edpravek Levicose a jak funguje?<\/h2>\n\n\n\n<p>Levicose je gel na nohy ur\u010den\u00fd k podpo\u0159e zdrav\u00ed \u017eil. Jeho jedine\u010dn\u00e9 <b>slo\u017een\u00ed<\/b> obsahuje troxerutin, lykopen, arniku, mentol, jable\u010dn\u00fd extrakt a med. Troxerutin podporuje spr\u00e1vnou funkci c\u00e9v, lykopen m\u00e1 antioxida\u010dn\u00ed \u00fa\u010dinek, arnika m\u00e1 tonizuj\u00edc\u00ed \u00fa\u010dinek na poko\u017eku, mentol poskytuje osv\u011b\u017euj\u00edc\u00ed pocit, jable\u010dn\u00fd extrakt hydratuje poko\u017eku a med m\u00e1 zklid\u0148uj\u00edc\u00ed a uklid\u0148uj\u00edc\u00ed \u00fa\u010dinek. D\u00edky t\u00e9to kombinaci slo\u017eek p\u016fsob\u00ed Levicose na mnoha \u00farovn\u00edch &#8211; vyhlazuje a tonizuje poko\u017eku, zlep\u0161uje krevn\u00ed ob\u011bh a sni\u017euje pocit unaven\u00fdch nohou.<\/p>\n\n\n\n<h2 class=\"wp-block-heading\">V\u00fdhody Levicose &#8211; \u00da\u010dinky<\/h2>\n\n\n\n<p>Zdrav\u00ed na\u0161ich nohou a \u017eil je nesm\u00edrn\u011b d\u016fle\u017eit\u00e9 pro celkovou pohodu a komfort. Dlouhodob\u00e9 <b>pou\u017e\u00edv\u00e1n\u00ed<\/b> nejmodern\u011bj\u0161\u00edho gelu na nohy Levicose m\u016f\u017ee m\u00edt pro zdrav\u00ed \u017eil mnoho <b>p\u0159\u00ednos\u016f<\/b>. Zde jsou n\u011bkter\u00e9 z \u00fa\u010dink\u016f, kter\u00fdch lze dos\u00e1hnout pravideln\u00fdm pou\u017e\u00edv\u00e1n\u00edm p\u0159\u00edpravku Levicose:<\/p>\n\n\n\n<ol class=\"wp-block-list\">\n<li><em>Zachov\u00e1n\u00ed pru\u017enosti c\u00e9v:<\/em> Levicose obsahuje slo\u017eky jako troxerutin a lykopen, kter\u00e9 podporuj\u00ed spr\u00e1vnou funkci c\u00e9v. Dlouhodob\u00e9 <b>pou\u017e\u00edv\u00e1n\u00ed<\/b> gelu m\u016f\u017ee pomoci udr\u017eet pru\u017enost c\u00e9v, kter\u00e1 je pro zdrav\u00e9 \u017e\u00edly z\u00e1sadn\u00ed.<\/li>\n\n\n\n<li><em>Sn\u00ed\u017een\u00ed viditelnosti k\u0159e\u010dov\u00fdch \u017eil<\/em>: Viditeln\u00e9 k\u0159e\u010dov\u00e9 \u017e\u00edly mohou b\u00fdt pro mnoho lid\u00ed estetick\u00fdm probl\u00e9mem. P\u0159\u00edpravek Levicose m\u016f\u017ee pomoci sn\u00ed\u017eit viditelnost k\u0159e\u010dov\u00fdch \u017eil a zlep\u0161it jejich vzhled, co\u017e vede k v\u011bt\u0161\u00edmu sebev\u011bdom\u00ed v ka\u017edodenn\u00edm \u017eivot\u011b.<\/li>\n\n\n\n<li><em>Sn\u00ed\u017een\u00ed bolesti a otok\u016f nohou:<\/em> Pokud trp\u00edte bolest\u00ed nebo otoky nohou, m\u016f\u017ee b\u00fdt p\u0159\u00edpravek Levicose t\u00edm spr\u00e1vn\u00fdm \u0159e\u0161en\u00edm. Slo\u017eky v gelu, jako je arnika a mentol, maj\u00ed zklid\u0148uj\u00edc\u00ed a osv\u011b\u017euj\u00edc\u00ed \u00fa\u010dinek, p\u0159in\u00e1\u0161ej\u00ed \u00falevu a sni\u017euj\u00ed nepohodl\u00ed.<\/li>\n\n\n\n<li><em>Zm\u00edrn\u011bn\u00ed pocitu t\u00edhy a \u00fanavy:<\/em> Dlouhodob\u00e9 st\u00e1n\u00ed nebo sezen\u00ed, intenzivn\u00ed tr\u00e9nink nebo dlouh\u00e9 cesty jsou \u010dasto doprov\u00e1zeny pocitem t\u011b\u017ekosti a \u00fanavy nohou. Levicose m\u016f\u017ee pomoci zm\u00edrnit tyto nep\u0159\u00edjemn\u00e9 pocity t\u00edm, \u017ee poskytne pocit leh\u010d\u00edch a sv\u011b\u017eej\u0161\u00edch nohou.<\/li>\n\n\n\n<li><em>Zlep\u0161en\u00ed krevn\u00edho ob\u011bhu:<\/em> Zdrav\u00fd krevn\u00ed ob\u011bh je z\u00e1sadn\u00ed pro udr\u017een\u00ed dobr\u00e9ho zdrav\u00ed nohou. Levicose m\u016f\u017ee d\u00edky sv\u00e9mu jedine\u010dn\u00e9mu slo\u017een\u00ed pomoci zlep\u0161it krevn\u00ed ob\u011bh, co\u017e vede k lep\u0161\u00ed funkci c\u00e9v a v\u011bt\u0161\u00edmu fyzick\u00e9mu pohodl\u00ed.<\/li>\n\n\n\n<li><em>Rychlej\u0161\u00ed regenerace po intenzivn\u00edm tr\u00e9ninku:<\/em> Pokud vedete aktivn\u00ed \u017eivotn\u00ed styl a pravideln\u011b tr\u00e9nujete, m\u016f\u017ee b\u00fdt levic\u00f3za u\u017eite\u010dn\u00e1 p\u0159i regeneraci po tr\u00e9ninku. D\u00edky sv\u00e9mu hydrata\u010dn\u00edmu a zklid\u0148uj\u00edc\u00edmu \u00fa\u010dinku na poko\u017eku m\u016f\u017ee gel urychlit regeneraci sval\u016f a p\u0159in\u00e9st pocit uvoln\u011bn\u00ed.<\/li>\n<\/ol>\n\n\n\n<p>Pravideln\u00e9 <b>pou\u017e\u00edv\u00e1n\u00ed p\u0159\u00edpravku<\/b> Levicose m\u016f\u017ee p\u0159in\u00e9st mnoho <b>v\u00fdhod pro<\/b> va\u0161e nohy a \u017e\u00edly. D\u00edky <b>p\u016fsoben\u00ed<\/b> gelu na k\u016f\u017ei a c\u00e9vy se budete c\u00edtit l\u00e9pe a p\u0159\u00edjemn\u011bji ve sv\u00e9m t\u011ble. M\u011bjte v\u0161ak na pam\u011bti, \u017ee osobn\u00ed v\u00fdsledky se mohou li\u0161it v z\u00e1vislosti na individu\u00e1ln\u00edch podm\u00ednk\u00e1ch a reakc\u00edch organismu, proto stoj\u00ed za to vyzkou\u0161et Levicose na vlastn\u00ed k\u016f\u017ei a vyzkou\u0161et si jeho \u00fa\u010dinky.<\/p>\n\n\n\n<h2 class=\"wp-block-heading\">Jak pou\u017e\u00edvat Levicose &#8211; N\u00e1vod k pou\u017eit\u00ed a d\u00e1vkov\u00e1n\u00ed<\/h2>\n\n\n\n<p>Pro dosa\u017een\u00ed nejlep\u0161\u00edch <b>v\u00fdsledk\u016f<\/b> je d\u016fle\u017eit\u00e9 dodr\u017eovat spr\u00e1vn\u00e9 pokyny pro pou\u017eit\u00ed a d\u00e1vkov\u00e1n\u00ed p\u0159\u00edpravku Levicose. N\u00ed\u017ee jsou uvedeny <b>pokyny, kter\u00e9<\/b> v\u00e1m pomohou gel spr\u00e1vn\u011b pou\u017e\u00edvat.<\/p>\n\n\n\n<ol class=\"wp-block-list\">\n<li>P\u0159ed zah\u00e1jen\u00edm u\u017e\u00edv\u00e1n\u00ed p\u0159\u00edpravku Levicose se ujist\u011bte, \u017ee je poko\u017eka nohou \u010dist\u00e1 a such\u00e1.<\/li>\n\n\n\n<li>Naneste mal\u00e9 mno\u017estv\u00ed gelu na oblast nohou, kterou chcete o\u0161et\u0159it. Nezapome\u0148te gel rovnom\u011brn\u011b rozet\u0159\u00edt po poko\u017ece.<\/li>\n\n\n\n<li>Krou\u017eiv\u00fdmi pohyby gel jemn\u011b vmas\u00edrujte do poko\u017eky. Mas\u00e1\u017e napom\u00e1h\u00e1 lep\u0161\u00edmu vst\u0159eb\u00e1v\u00e1n\u00ed \u00fa\u010dinn\u00fdch l\u00e1tek do poko\u017eky.<\/li>\n\n\n\n<li>Mas\u00edrujte, dokud se gel zcela nevst\u0159eb\u00e1. To m\u016f\u017ee trvat n\u011bkolik minut, bu\u010fte proto trp\u011bliv\u00ed.<\/li>\n\n\n\n<li>Pro dosa\u017een\u00ed nejlep\u0161\u00edch v\u00fdsledk\u016f se doporu\u010duje pou\u017e\u00edvat p\u0159\u00edpravek Levicose 2-3kr\u00e1t denn\u011b. M\u016f\u017eete jej aplikovat r\u00e1no a ve\u010der nebo v jakoukoli jinou vhodnou denn\u00ed dobu.<\/li>\n<\/ol>\n\n\n\n<p>P\u0159ed pou\u017eit\u00edm gelu je dobr\u00e9 zkontrolovat si poko\u017eku, zda na ni nen\u00ed mo\u017en\u00e1 alergick\u00e1 reakce. M\u016f\u017eete nan\u00e9st mal\u00e9 mno\u017estv\u00ed gelu na malou oblast k\u016f\u017ee a pozorovat reakci po dobu 24 hodin. Pokud se po t\u00e9to dob\u011b neobjev\u00ed \u017e\u00e1dn\u00e9 alergick\u00e9 reakce, m\u016f\u017eete gel bez obav pou\u017e\u00edvat. Vyhn\u011bte se kontaktu gelu s o\u010dima a otev\u0159en\u00fdmi ranami, abyste p\u0159ede\u0161li podr\u00e1\u017ed\u011bn\u00ed.<\/p>\n\n\n\n<p>Existuje v\u0161ak n\u011bkolik skupin lid\u00ed, kte\u0159\u00ed by se m\u011bli zdr\u017eet pou\u017e\u00edv\u00e1n\u00ed p\u0159\u00edpravku Levicose. Gel nepou\u017e\u00edvejte, pokud jste t\u011bhotn\u00e1, koj\u00edte, jste alergick\u00e1 na n\u011bkterou ze slo\u017eek, jste d\u00edt\u011b mlad\u0161\u00ed 3 let nebo m\u00e1te na k\u016f\u017ei otev\u0159en\u00e9 r\u00e1ny. Pokud se u V\u00e1s vyskytnou ne\u017e\u00e1douc\u00ed vedlej\u0161\u00ed \u00fa\u010dinky nebo alergick\u00e1 reakce, okam\u017eit\u011b p\u0159esta\u0148te gel pou\u017e\u00edvat a pora\u010fte se se sv\u00fdm l\u00e9ka\u0159em.<\/p>\n\n\n\n<h3 class=\"wp-block-heading\">Souhrn n\u00e1vodu k pou\u017eit\u00ed a d\u00e1vkov\u00e1n\u00ed p\u0159\u00edpravku Levicose:<\/h3>\n\n\n\n<p>Chcete-li dos\u00e1hnout nejlep\u0161\u00edch v\u00fdsledk\u016f p\u0159\u00edpravku Levicose, nezapome\u0148te spr\u00e1vn\u011b dodr\u017eovat pokyny pro aplikaci a d\u00e1vkov\u00e1n\u00ed. M\u011bli byste:<br>&#8211; Naneste gel na \u010distou a suchou poko\u017eku nohou.<br>&#8211; Naneste mal\u00e9 mno\u017estv\u00ed gelu a jemn\u011b mas\u00edrujte, dokud se zcela nevst\u0159eb\u00e1.<br>&#8211; Gel aplikujte 2-3kr\u00e1t denn\u011b.<br>&#8211; Vyhn\u011bte se kontaktu gelu s o\u010dima.<br>&#8211; Gel nepou\u017e\u00edvejte na t\u011bhotn\u00e9 a koj\u00edc\u00ed \u017eeny, d\u011bti do 3 let a osoby s individu\u00e1ln\u00ed nesn\u00e1\u0161enlivost\u00ed slo\u017eek nebo na otev\u0159en\u00e9 r\u00e1ny.<\/p>\n\n\n\n<figure class=\"wp-block-table\"><table><tbody><tr><th>Slo\u017een\u00ed p\u0159\u00edpravku Levicose<\/th><th>Popis<\/th><\/tr><tr><td>Troxerutin<\/td><td>Slo\u017eka, kter\u00e1 podporuje spr\u00e1vnou funkci c\u00e9v.<\/td><\/tr><tr><td>Lykopen<\/td><td>M\u00e1 antioxida\u010dn\u00ed \u00fa\u010dinek a p\u016fsob\u00ed proti \u0161kodliv\u00fdm \u00fa\u010dink\u016fm voln\u00fdch radik\u00e1l\u016f.<\/td><\/tr><tr><td>Arnika<\/td><td>M\u00e1 tonizuj\u00edc\u00ed \u00fa\u010dinky na poko\u017eku nohou.<\/td><\/tr><tr><td>Mentol<\/td><td>Poskytuje osv\u011b\u017euj\u00edc\u00ed pocit a m\u00e1 zklid\u0148uj\u00edc\u00ed \u00fa\u010dinek na poko\u017eku.<\/td><\/tr><tr><td>Jable\u010dn\u00fd extrakt<\/td><td>Hydratuje poko\u017eku a pom\u00e1h\u00e1 j\u00ed regenerovat.<\/td><\/tr><tr><td>Honey<\/td><td>M\u00e1 uklid\u0148uj\u00edc\u00ed a zklid\u0148uj\u00edc\u00ed \u00fa\u010dinek na poko\u017eku nohou.<\/td><\/tr><\/tbody><\/table><\/figure>\n\n\n\n<h2 class=\"wp-block-heading\">Recenze a n\u00e1zory na Levicose<\/h2>\n\n\n\n<p>Levicose je produkt, kter\u00fd z\u00edskal pozitivn\u00ed <b>recenze<\/b> a <b>zp\u011btnou vazbu<\/b> od u\u017eivatel\u016f. Mnoho lid\u00ed si pochvaluje <b>\u00fa\u010dinek<\/b> gelu na sn\u00ed\u017een\u00ed bolesti, \u00fanavy a otok\u016f nohou. U\u017eivatel\u00e9 tak\u00e9 zaznamen\u00e1vaj\u00ed zlep\u0161en\u00ed krevn\u00edho ob\u011bhu a pocit osv\u011b\u017een\u00ed a uvoln\u011bn\u00ed po pou\u017eit\u00ed Levicose. N\u011bkte\u0159\u00ed zaznamenali tak\u00e9 sn\u00ed\u017een\u00ed v\u00fdskytu k\u0159e\u010dov\u00fdch \u017eil. Je v\u0161ak t\u0159eba m\u00edt na pam\u011bti, \u017ee <b>\u00fa\u010dinky<\/b> gelu se mohou li\u0161it v z\u00e1vislosti na individu\u00e1ln\u00edch podm\u00ednk\u00e1ch a reakci organismu.<\/p>\n\n\n\n<h2 class=\"wp-block-heading\">Levicose &#8211; Slo\u017een\u00ed<\/h2>\n\n\n\n<p><b>Slo\u017een\u00ed<\/b> p\u0159\u00edpravku Levicose obsahuje troxerutin, lykopen, arniku, mentol, jable\u010dn\u00fd extrakt a med. Ka\u017ed\u00e1 z t\u011bchto slo\u017eek m\u00e1 sv\u00e9 jedine\u010dn\u00e9 vlastnosti a \u00fa\u010dinky na zdrav\u00ed nohou.<\/p>\n\n\n\n<p>Troxerutin je l\u00e1tka, kter\u00e1 m\u00e1 vazodilata\u010dn\u00ed vlastnosti, co\u017e zlep\u0161uje krevn\u00ed ob\u011bh v noh\u00e1ch. Lykopen m\u00e1 zase antioxida\u010dn\u00ed \u00fa\u010dinek a chr\u00e1n\u00ed bu\u0148ky p\u0159ed \u0161kodliv\u00fdmi \u00fa\u010dinky voln\u00fdch radik\u00e1l\u016f.<\/p>\n\n\n\n<p>Arnika m\u00e1 tonizuj\u00edc\u00ed \u00fa\u010dinek na poko\u017eku nohou a zlep\u0161uje jej\u00ed pru\u017enost. Mentol zase poskytuje osv\u011b\u017euj\u00edc\u00ed a uvol\u0148uj\u00edc\u00ed pocit a zm\u00edr\u0148uje \u00fanavu nohou. Extrakt z jablek m\u00e1 hydrata\u010dn\u00ed \u00fa\u010dinek, \u010d\u00edm\u017e sni\u017euje suchost poko\u017eky, zat\u00edmco med m\u00e1 zklid\u0148uj\u00edc\u00ed a uklid\u0148uj\u00edc\u00ed \u00fa\u010dinek a pom\u00e1h\u00e1 zm\u00edrnit p\u0159\u00edpadn\u00e9 nep\u0159\u00edjemn\u00e9 pocity.<\/p>\n\n\n\n<p>D\u00edky vyv\u00e1\u017een\u00e9 kombinaci t\u011bchto slo\u017eek nab\u00edz\u00ed Levicose komplexn\u00ed p\u00e9\u010di o nohy, zlep\u0161uje krevn\u00ed ob\u011bh, hydratuje poko\u017eku a zklid\u0148uje podr\u00e1\u017ed\u011bn\u00ed.<\/p>\n\n\n\n<figure class=\"wp-block-table\"><table><tbody><tr><th>Slo\u017een\u00ed<\/th><th>Vlastnosti<\/th><\/tr><tr><td>Troxerutin<\/td><td>Zlep\u0161uje krevn\u00ed ob\u011bh v noh\u00e1ch<\/td><\/tr><tr><td>Lykopen<\/td><td>Antioxida\u010dn\u00ed \u00fa\u010dinek<\/td><\/tr><tr><td>Arnika<\/td><td>M\u00e1 tonizuj\u00edc\u00ed \u00fa\u010dinek na poko\u017eku nohou<\/td><\/tr><tr><td>Mentol<\/td><td>Poskytuje osv\u011b\u017euj\u00edc\u00ed pocit<\/td><\/tr><tr><td>Jable\u010dn\u00fd extrakt<\/td><td>Hydratuje poko\u017eku<\/td><\/tr><tr><td>Honey<\/td><td>M\u00e1 uklid\u0148uj\u00edc\u00ed a zklid\u0148uj\u00edc\u00ed \u00fa\u010dinek<\/td><\/tr><\/tbody><\/table><\/figure>\n\n\n\n<h2 class=\"wp-block-heading\">Kde koupit Levicose &#8211; cena<\/h2>\n\n\n\n<p>Levicose lze zakoupit na ofici\u00e1ln\u00edch str\u00e1nk\u00e1ch v\u00fdrobce. Stoj\u00ed za to zvolit n\u00e1kup prost\u0159ednictv\u00edm ofici\u00e1ln\u00edho distribu\u010dn\u00edho kan\u00e1lu, abyste se ujistili, \u017ee z\u00edsk\u00e1v\u00e1te origin\u00e1ln\u00ed v\u00fdrobek. <b>Cena p\u0159\u00edprav<\/b> ku Levicose se m\u016f\u017ee li\u0161it v z\u00e1vislosti na propagaci a balen\u00ed.<\/p>\n\n\n\n<p>Chcete-li si zakoupit p\u0159\u00edpravek Levicose, nav\u0161tivte ofici\u00e1ln\u00ed webov\u00e9 str\u00e1nky v\u00fdrobce a objednejte si jej. Na webov\u00fdch str\u00e1nk\u00e1ch v\u00fdrobce najdete podrobn\u00e9 informace o v\u00fdrobku, n\u00e1vod k pou\u017eit\u00ed a aktu\u00e1ln\u00ed akce, kter\u00e9 mohou ovlivnit cenu.<\/p>\n\n\n\n<p>Rozhodn\u011b se vyplat\u00ed zvolit ofici\u00e1ln\u00ed distribu\u010dn\u00ed kan\u00e1l, proto\u017ee je zaru\u010deno, \u017ee obdr\u017e\u00edte origin\u00e1ln\u00ed a vysoce kvalitn\u00ed v\u00fdrobek. Vyhn\u011bte se n\u00e1kupu z ned\u016fv\u011bryhodn\u00fdch zdroj\u016f, abyste se vyhnuli pad\u011blk\u016fm, kter\u00e9 mohou b\u00fdt ne\u00fa\u010dinn\u00e9 nebo dokonce \u0161kodliv\u00e9 pro va\u0161e zdrav\u00ed.<\/p>\n\n\n\n<h2 class=\"wp-block-heading\">Mo\u017en\u00e9 ne\u017e\u00e1douc\u00ed \u00fa\u010dinky a kontraindikace p\u0159\u00edpravku Levicose<\/h2>\n\n\n\n<p>P\u0159ed pou\u017eit\u00edm p\u0159\u00edpravku <strong>Levicose<\/strong> je dobr\u00e9 se sezn\u00e1mit s mo\u017en\u00fdmi ne\u017e\u00e1douc\u00edmi \u00fa\u010dinky a kontraindikacemi. V p\u0159\u00edpad\u011b alergick\u00e9 reakce nebo ne\u017e\u00e1douc\u00edch vedlej\u0161\u00edch \u00fa\u010dink\u016f p\u0159esta\u0148te gel pou\u017e\u00edvat a pora\u010fte se s l\u00e9ka\u0159em.<\/p>\n\n\n\n<p><strong>Levicose<\/strong> gel by nem\u011bly pou\u017e\u00edvat t\u011bhotn\u00e9 a koj\u00edc\u00ed \u017eeny, d\u011bti do 3 let, osoby s individu\u00e1ln\u00ed nesn\u00e1\u0161enlivost\u00ed slo\u017eek nebo na otev\u0159en\u00e9 r\u00e1ny. Opatrn\u011b se vyhn\u011bte kontaktu gelu s o\u010dima, aby nedo\u0161lo k jejich podr\u00e1\u017ed\u011bn\u00ed.<\/p>\n\n\n\n<p>Abyste zajistili bezpe\u010dnost a p\u0159ede\u0161li ne\u017e\u00e1douc\u00edm \u00fa\u010dink\u016fm, doporu\u010dujeme p\u0159ed zah\u00e1jen\u00edm pravideln\u00e9ho pou\u017e\u00edv\u00e1n\u00ed zkontrolovat slo\u017eky gelu a prov\u00e9st test na alergii. Nezapome\u0148te, \u017ee zdrav\u00ed a bezpe\u010dnost jsou prvo\u0159ad\u00e9, proto se v p\u0159\u00edpad\u011b pochybnost\u00ed v\u017edy pora\u010fte se sv\u00fdm l\u00e9ka\u0159em nebo l\u00e9k\u00e1rn\u00edkem.<\/p>\n","protected":false},"excerpt":{"rendered":"<p><strong>890.00 K\u010d<\/strong><\/p>\n<p><del>1780.00 K\u010d<\/del><\/p>\n<p><strong>[date_countdown]<\/strong><\/p>\n","protected":false},"featured_media":7566,"comment_status":"open","ping_status":"closed","template":"","meta":{"neve_meta_sidebar":"","neve_meta_container":"","neve_meta_enable_content_width":"","neve_meta_content_width":0,"neve_meta_title_alignment":"","neve_meta_author_avatar":"","neve_post_elements_order":"","neve_meta_disable_header":"","neve_meta_disable_footer":"","neve_meta_disable_title":"","neve_meta_reading_time":""},"product_brand":[],"product_cat":[49],"product_tag":[],"class_list":{"0":"post-7593","1":"product","2":"type-product","3":"status-publish","4":"has-post-thumbnail","6":"product_cat-zdravi","8":"first","9":"instock","10":"shipping-taxable","11":"product-type-external"},"yoast_head":"<!-- This site is optimized with the Yoast SEO plugin v27.4 - https:\/\/yoast.com\/product\/yoast-seo-wordpress\/ -->\n<title>Levicose - Clinica Althea<\/title>\n<meta name=\"robots\" content=\"index, follow, max-snippet:-1, max-image-preview:large, max-video-preview:-1\" \/>\n<link rel=\"canonical\" href=\"https:\/\/www.clinicaalthea.com\/farmacia\/cs\/apt\/levicose\/\" \/>\n<meta property=\"og:locale\" content=\"pl_PL\" \/>\n<meta property=\"og:type\" content=\"article\" \/>\n<meta property=\"og:title\" content=\"Levicose - Clinica Althea\" \/>\n<meta property=\"og:description\" content=\"890.00 K\u010d 1780.00 K\u010d\" \/>\n<meta property=\"og:url\" content=\"https:\/\/www.clinicaalthea.com\/farmacia\/cs\/apt\/levicose\/\" \/>\n<meta property=\"og:site_name\" content=\"Clinica Althea\" \/>\n<meta property=\"article:modified_time\" content=\"2024-07-18T20:18:04+00:00\" \/>\n<meta property=\"og:image\" content=\"https:\/\/www.clinicaalthea.com\/farmacia\/wp-content\/uploads\/2024\/07\/LEVICOSE.jpg\" \/>\n\t<meta property=\"og:image:width\" content=\"768\" \/>\n\t<meta property=\"og:image:height\" content=\"768\" \/>\n\t<meta property=\"og:image:type\" content=\"image\/jpeg\" \/>\n<meta name=\"twitter:card\" content=\"summary_large_image\" \/>\n<meta name=\"twitter:label1\" content=\"Szacowany czas czytania\" \/>\n\t<meta name=\"twitter:data1\" content=\"8 minut\" \/>\n<script type=\"application\/ld+json\" class=\"yoast-schema-graph\">{\"@context\":\"https:\\\/\\\/schema.org\",\"@graph\":[{\"@type\":\"WebPage\",\"@id\":\"https:\\\/\\\/www.clinicaalthea.com\\\/farmacia\\\/cs\\\/apt\\\/levicose\\\/\",\"url\":\"https:\\\/\\\/www.clinicaalthea.com\\\/farmacia\\\/cs\\\/apt\\\/levicose\\\/\",\"name\":\"Levicose - Clinica Althea\",\"isPartOf\":{\"@id\":\"https:\\\/\\\/www.clinicaalthea.com\\\/farmacia\\\/#website\"},\"primaryImageOfPage\":{\"@id\":\"https:\\\/\\\/www.clinicaalthea.com\\\/farmacia\\\/cs\\\/apt\\\/levicose\\\/#primaryimage\"},\"image\":{\"@id\":\"https:\\\/\\\/www.clinicaalthea.com\\\/farmacia\\\/cs\\\/apt\\\/levicose\\\/#primaryimage\"},\"thumbnailUrl\":\"https:\\\/\\\/www.clinicaalthea.com\\\/farmacia\\\/wp-content\\\/uploads\\\/2024\\\/07\\\/LEVICOSE.jpg\",\"datePublished\":\"2024-07-18T20:17:10+00:00\",\"dateModified\":\"2024-07-18T20:18:04+00:00\",\"breadcrumb\":{\"@id\":\"https:\\\/\\\/www.clinicaalthea.com\\\/farmacia\\\/cs\\\/apt\\\/levicose\\\/#breadcrumb\"},\"inLanguage\":\"pl-PL\",\"potentialAction\":[{\"@type\":\"ReadAction\",\"target\":[\"https:\\\/\\\/www.clinicaalthea.com\\\/farmacia\\\/cs\\\/apt\\\/levicose\\\/\"]}]},{\"@type\":\"ImageObject\",\"inLanguage\":\"pl-PL\",\"@id\":\"https:\\\/\\\/www.clinicaalthea.com\\\/farmacia\\\/cs\\\/apt\\\/levicose\\\/#primaryimage\",\"url\":\"https:\\\/\\\/www.clinicaalthea.com\\\/farmacia\\\/wp-content\\\/uploads\\\/2024\\\/07\\\/LEVICOSE.jpg\",\"contentUrl\":\"https:\\\/\\\/www.clinicaalthea.com\\\/farmacia\\\/wp-content\\\/uploads\\\/2024\\\/07\\\/LEVICOSE.jpg\",\"width\":768,\"height\":768,\"caption\":\"Levicose\"},{\"@type\":\"BreadcrumbList\",\"@id\":\"https:\\\/\\\/www.clinicaalthea.com\\\/farmacia\\\/cs\\\/apt\\\/levicose\\\/#breadcrumb\",\"itemListElement\":[{\"@type\":\"ListItem\",\"position\":1,\"name\":\"Strona g\u0142\u00f3wna\",\"item\":\"https:\\\/\\\/www.clinicaalthea.com\\\/farmacia\\\/\"},{\"@type\":\"ListItem\",\"position\":2,\"name\":\"Produkty\",\"item\":\"https:\\\/\\\/www.clinicaalthea.com\\\/farmacia\\\/\"},{\"@type\":\"ListItem\",\"position\":3,\"name\":\"Levicose\"}]},{\"@type\":\"WebSite\",\"@id\":\"https:\\\/\\\/www.clinicaalthea.com\\\/farmacia\\\/#website\",\"url\":\"https:\\\/\\\/www.clinicaalthea.com\\\/farmacia\\\/\",\"name\":\"Clinica Althea\",\"description\":\"\",\"publisher\":{\"@id\":\"https:\\\/\\\/www.clinicaalthea.com\\\/farmacia\\\/#organization\"},\"potentialAction\":[{\"@type\":\"SearchAction\",\"target\":{\"@type\":\"EntryPoint\",\"urlTemplate\":\"https:\\\/\\\/www.clinicaalthea.com\\\/farmacia\\\/?s={search_term_string}\"},\"query-input\":{\"@type\":\"PropertyValueSpecification\",\"valueRequired\":true,\"valueName\":\"search_term_string\"}}],\"inLanguage\":\"pl-PL\"},{\"@type\":\"Organization\",\"@id\":\"https:\\\/\\\/www.clinicaalthea.com\\\/farmacia\\\/#organization\",\"name\":\"Clinica Althea\",\"url\":\"https:\\\/\\\/www.clinicaalthea.com\\\/farmacia\\\/\",\"logo\":{\"@type\":\"ImageObject\",\"inLanguage\":\"pl-PL\",\"@id\":\"https:\\\/\\\/www.clinicaalthea.com\\\/farmacia\\\/#\\\/schema\\\/logo\\\/image\\\/\",\"url\":\"https:\\\/\\\/www.clinicaalthea.com\\\/farmacia\\\/wp-content\\\/uploads\\\/2023\\\/12\\\/Jak-diagnozuje-sie-FAS_-objawy-kryteria-diagnostyczne-i-metody-diagnozowania-154162903.jpg\",\"contentUrl\":\"https:\\\/\\\/www.clinicaalthea.com\\\/farmacia\\\/wp-content\\\/uploads\\\/2023\\\/12\\\/Jak-diagnozuje-sie-FAS_-objawy-kryteria-diagnostyczne-i-metody-diagnozowania-154162903.jpg\",\"width\":1216,\"height\":832,\"caption\":\"Clinica Althea\"},\"image\":{\"@id\":\"https:\\\/\\\/www.clinicaalthea.com\\\/farmacia\\\/#\\\/schema\\\/logo\\\/image\\\/\"}}]}<\/script>\n<!-- \/ Yoast SEO plugin. -->","yoast_head_json":{"title":"Levicose - Clinica Althea","robots":{"index":"index","follow":"follow","max-snippet":"max-snippet:-1","max-image-preview":"max-image-preview:large","max-video-preview":"max-video-preview:-1"},"canonical":"https:\/\/www.clinicaalthea.com\/farmacia\/cs\/apt\/levicose\/","og_locale":"pl_PL","og_type":"article","og_title":"Levicose - Clinica Althea","og_description":"890.00 K\u010d 1780.00 K\u010d","og_url":"https:\/\/www.clinicaalthea.com\/farmacia\/cs\/apt\/levicose\/","og_site_name":"Clinica Althea","article_modified_time":"2024-07-18T20:18:04+00:00","og_image":[{"width":768,"height":768,"url":"https:\/\/www.clinicaalthea.com\/farmacia\/wp-content\/uploads\/2024\/07\/LEVICOSE.jpg","type":"image\/jpeg"}],"twitter_card":"summary_large_image","twitter_misc":{"Szacowany czas czytania":"8 minut"},"schema":{"@context":"https:\/\/schema.org","@graph":[{"@type":"WebPage","@id":"https:\/\/www.clinicaalthea.com\/farmacia\/cs\/apt\/levicose\/","url":"https:\/\/www.clinicaalthea.com\/farmacia\/cs\/apt\/levicose\/","name":"Levicose - Clinica Althea","isPartOf":{"@id":"https:\/\/www.clinicaalthea.com\/farmacia\/#website"},"primaryImageOfPage":{"@id":"https:\/\/www.clinicaalthea.com\/farmacia\/cs\/apt\/levicose\/#primaryimage"},"image":{"@id":"https:\/\/www.clinicaalthea.com\/farmacia\/cs\/apt\/levicose\/#primaryimage"},"thumbnailUrl":"https:\/\/www.clinicaalthea.com\/farmacia\/wp-content\/uploads\/2024\/07\/LEVICOSE.jpg","datePublished":"2024-07-18T20:17:10+00:00","dateModified":"2024-07-18T20:18:04+00:00","breadcrumb":{"@id":"https:\/\/www.clinicaalthea.com\/farmacia\/cs\/apt\/levicose\/#breadcrumb"},"inLanguage":"pl-PL","potentialAction":[{"@type":"ReadAction","target":["https:\/\/www.clinicaalthea.com\/farmacia\/cs\/apt\/levicose\/"]}]},{"@type":"ImageObject","inLanguage":"pl-PL","@id":"https:\/\/www.clinicaalthea.com\/farmacia\/cs\/apt\/levicose\/#primaryimage","url":"https:\/\/www.clinicaalthea.com\/farmacia\/wp-content\/uploads\/2024\/07\/LEVICOSE.jpg","contentUrl":"https:\/\/www.clinicaalthea.com\/farmacia\/wp-content\/uploads\/2024\/07\/LEVICOSE.jpg","width":768,"height":768,"caption":"Levicose"},{"@type":"BreadcrumbList","@id":"https:\/\/www.clinicaalthea.com\/farmacia\/cs\/apt\/levicose\/#breadcrumb","itemListElement":[{"@type":"ListItem","position":1,"name":"Strona g\u0142\u00f3wna","item":"https:\/\/www.clinicaalthea.com\/farmacia\/"},{"@type":"ListItem","position":2,"name":"Produkty","item":"https:\/\/www.clinicaalthea.com\/farmacia\/"},{"@type":"ListItem","position":3,"name":"Levicose"}]},{"@type":"WebSite","@id":"https:\/\/www.clinicaalthea.com\/farmacia\/#website","url":"https:\/\/www.clinicaalthea.com\/farmacia\/","name":"Clinica Althea","description":"","publisher":{"@id":"https:\/\/www.clinicaalthea.com\/farmacia\/#organization"},"potentialAction":[{"@type":"SearchAction","target":{"@type":"EntryPoint","urlTemplate":"https:\/\/www.clinicaalthea.com\/farmacia\/?s={search_term_string}"},"query-input":{"@type":"PropertyValueSpecification","valueRequired":true,"valueName":"search_term_string"}}],"inLanguage":"pl-PL"},{"@type":"Organization","@id":"https:\/\/www.clinicaalthea.com\/farmacia\/#organization","name":"Clinica Althea","url":"https:\/\/www.clinicaalthea.com\/farmacia\/","logo":{"@type":"ImageObject","inLanguage":"pl-PL","@id":"https:\/\/www.clinicaalthea.com\/farmacia\/#\/schema\/logo\/image\/","url":"https:\/\/www.clinicaalthea.com\/farmacia\/wp-content\/uploads\/2023\/12\/Jak-diagnozuje-sie-FAS_-objawy-kryteria-diagnostyczne-i-metody-diagnozowania-154162903.jpg","contentUrl":"https:\/\/www.clinicaalthea.com\/farmacia\/wp-content\/uploads\/2023\/12\/Jak-diagnozuje-sie-FAS_-objawy-kryteria-diagnostyczne-i-metody-diagnozowania-154162903.jpg","width":1216,"height":832,"caption":"Clinica Althea"},"image":{"@id":"https:\/\/www.clinicaalthea.com\/farmacia\/#\/schema\/logo\/image\/"}}]}},"lang":"cs","translations":{"cs":7593,"pl":7565,"bg":7568,"hu":7570,"de":7572,"el":7574,"es":7576,"it":7578,"lt":7581,"pt":7583,"ro":7585,"sk":7587,"sl":7589,"fr":7591,"nl":7595},"pll_sync_post":[],"_links":{"self":[{"href":"https:\/\/www.clinicaalthea.com\/farmacia\/wp-json\/wp\/v2\/product\/7593","targetHints":{"allow":["GET"]}}],"collection":[{"href":"https:\/\/www.clinicaalthea.com\/farmacia\/wp-json\/wp\/v2\/product"}],"about":[{"href":"https:\/\/www.clinicaalthea.com\/farmacia\/wp-json\/wp\/v2\/types\/product"}],"replies":[{"embeddable":true,"href":"https:\/\/www.clinicaalthea.com\/farmacia\/wp-json\/wp\/v2\/comments?post=7593"}],"wp:featuredmedia":[{"embeddable":true,"href":"https:\/\/www.clinicaalthea.com\/farmacia\/wp-json\/wp\/v2\/media\/7566"}],"wp:attachment":[{"href":"https:\/\/www.clinicaalthea.com\/farmacia\/wp-json\/wp\/v2\/media?parent=7593"}],"wp:term":[{"taxonomy":"product_brand","embeddable":true,"href":"https:\/\/www.clinicaalthea.com\/farmacia\/wp-json\/wp\/v2\/product_brand?post=7593"},{"taxonomy":"product_cat","embeddable":true,"href":"https:\/\/www.clinicaalthea.com\/farmacia\/wp-json\/wp\/v2\/product_cat?post=7593"},{"taxonomy":"product_tag","embeddable":true,"href":"https:\/\/www.clinicaalthea.com\/farmacia\/wp-json\/wp\/v2\/product_tag?post=7593"}],"curies":[{"name":"wp","href":"https:\/\/api.w.org\/{rel}","templated":true}]}}