{"id":7576,"date":"2024-07-18T20:56:19","date_gmt":"2024-07-18T19:56:19","guid":{"rendered":"https:\/\/mayoguide.org\/produkty\/?post_type=product&#038;p=7576"},"modified":"2024-07-18T21:18:04","modified_gmt":"2024-07-18T20:18:04","slug":"levicose","status":"publish","type":"product","link":"https:\/\/www.clinicaalthea.com\/farmacia\/es\/apt\/levicose\/","title":{"rendered":"Levicose"},"content":{"rendered":"\n<h2 class=\"wp-block-heading\">\u00bfQu\u00e9 es Levicose y c\u00f3mo funciona?<\/h2>\n\n\n\n<p>Levicose es un gel para las piernas dise\u00f1ado para favorecer la salud de las venas. Su <b>composici\u00f3n<\/b> \u00fanica contiene troxerutina, licopeno, \u00e1rnica, mentol, extracto de manzana y miel. La troxerutina favorece el buen funcionamiento de los vasos sangu\u00edneos, el licopeno tiene un efecto antioxidante, el \u00e1rnica tiene un efecto tonificante sobre la piel, el mentol proporciona una sensaci\u00f3n refrescante, el extracto de manzana hidrata la piel y la miel tiene un efecto calmante y suavizante. Gracias a esta combinaci\u00f3n de ingredientes, Levicose act\u00faa a muchos niveles: alisa y tonifica la piel, mejora la circulaci\u00f3n sangu\u00ednea y reduce la sensaci\u00f3n de piernas cansadas.<\/p>\n\n\n\n<h2 class=\"wp-block-heading\">Beneficios de la Levicose &#8211; Efectos<\/h2>\n\n\n\n<p>La salud de nuestras piernas y venas es extremadamente importante para el bienestar y la comodidad general. El <b>uso<\/b> prolongado de Levicose, un gel de \u00faltima generaci\u00f3n para las piernas, puede tener muchos <b>beneficios<\/b> para la salud de las venas. Estos son algunos de los efectos que se pueden conseguir con el uso regular de Levicose:<\/p>\n\n\n\n<ol class=\"wp-block-list\">\n<li><em>Preservar la elasticidad de los vasos sangu\u00edneos:<\/em> Levicose contiene ingredientes como la troxerutina y el licopeno, que favorecen el buen funcionamiento de los vasos sangu\u00edneos. El <b>uso<\/b> prolongado del gel puede ayudar a mantener la elasticidad vascular, que es crucial para la salud de las venas.<\/li>\n\n\n\n<li><em>Reducir la<\/em> visibilidad de las varices: Las varices visibles pueden ser un problema est\u00e9tico para muchas personas. Levicose puede ayudar a reducir la visibilidad de las varices y mejorar su aspecto, lo que se traduce en una mayor confianza en la vida cotidiana.<\/li>\n\n\n\n<li><em>Reducir el dolor y la hinchaz\u00f3n de las piernas:<\/em> Si sufre dolor o hinchaz\u00f3n en las piernas, Levicose puede ser la soluci\u00f3n adecuada. Los ingredientes del gel, como el \u00e1rnica y el mentol, tienen un efecto calmante y refrescante que alivia y reduce las molestias.<\/li>\n\n\n\n<li><em>Aliviar la sensaci\u00f3n de pesadez y fatiga:<\/em> Estar de pie o sentado durante largos periodos de tiempo, los entrenamientos intensos o los viajes largos suelen ir acompa\u00f1ados de una sensaci\u00f3n de pesadez y fatiga en las piernas. Levicose puede ayudar a aliviar estas molestias proporcionando una sensaci\u00f3n de piernas m\u00e1s ligeras y frescas.<\/li>\n\n\n\n<li><em>Mejorar la circulaci\u00f3n sangu\u00ednea:<\/em> Una circulaci\u00f3n sangu\u00ednea sana es vital para mantener una buena salud de las piernas. Levicose, gracias a su composici\u00f3n \u00fanica, puede ayudar a mejorar la circulaci\u00f3n sangu\u00ednea, lo que se traduce en una mejor funci\u00f3n vascular y un mayor confort f\u00edsico.<\/li>\n\n\n\n<li><em>Recuperaci\u00f3n m\u00e1s r\u00e1pida despu\u00e9s de un entrenamiento intenso:<\/em> Si llevas un estilo de vida activo y entrenas con regularidad, Levicose puede ser \u00fatil en el proceso de recuperaci\u00f3n despu\u00e9s del entrenamiento. Con su efecto hidratante y calmante sobre la piel, el gel puede acelerar la recuperaci\u00f3n muscular y aportar una sensaci\u00f3n de relajaci\u00f3n.<\/li>\n<\/ol>\n\n\n\n<p>El <b>uso<\/b> regular <b>de<\/b> Levicose puede aportar muchos <b>beneficios<\/b> a sus piernas y venas. La <b>acci\u00f3n<\/b> del gel sobre la piel y los vasos sangu\u00edneos hace que se sienta mejor y m\u00e1s c\u00f3modo en su cuerpo. Tenga en cuenta, no obstante, que los resultados personales pueden variar en funci\u00f3n de las condiciones individuales y las reacciones corporales, por lo que merece la pena que pruebe Levicose usted mismo y experimente sus efectos.<\/p>\n\n\n\n<h2 class=\"wp-block-heading\">C\u00f3mo utilizar Levicose &#8211; Instrucciones de uso y dosificaci\u00f3n<\/h2>\n\n\n\n<p>Para obtener los mejores <b>resultados<\/b>, es importante seguir las instrucciones correctas de uso y dosificaci\u00f3n de Levicose. A continuaci\u00f3n encontrar\u00e1 <b>instrucciones<\/b> que le ayudar\u00e1n a utilizar el gel correctamente.<\/p>\n\n\n\n<ol class=\"wp-block-list\">\n<li>Aseg\u00farese de que la piel de las piernas est\u00e1 limpia y seca antes de empezar a tomar Levicose.<\/li>\n\n\n\n<li>Aplique una peque\u00f1a cantidad de gel en la zona de las piernas que desee cuidar. Recuerde extenderlo uniformemente sobre la piel.<\/li>\n\n\n\n<li>Masajear suavemente el gel sobre la piel con movimientos circulares. El masaje ayuda a que la piel absorba mejor los ingredientes activos.<\/li>\n\n\n\n<li>Masajear hasta que el gel se absorba por completo. Esto puede tardar unos minutos, as\u00ed que sea paciente.<\/li>\n\n\n\n<li>Se recomienda utilizar Levicose 2-3 veces al d\u00eda para obtener mejores resultados. Puede aplicarlo por la ma\u00f1ana y por la noche o en cualquier otro momento conveniente del d\u00eda.<\/li>\n<\/ol>\n\n\n\n<p>Antes de utilizar el gel, conviene comprobar si su piel presenta una posible reacci\u00f3n al\u00e9rgica. Puede aplicar una peque\u00f1a cantidad de gel en una zona peque\u00f1a de la piel y observar la reacci\u00f3n durante 24 horas. Si transcurrido este tiempo no aparecen reacciones al\u00e9rgicas, puede utilizar el gel con seguridad. Evite el contacto del gel con los ojos y las heridas abiertas para evitar irritaciones.<\/p>\n\n\n\n<p>Sin embargo, hay varios grupos de personas que deben abstenerse de utilizar Levicose. No utilice el gel si est\u00e1 embarazada, en per\u00edodo de lactancia, si es al\u00e9rgica a alguno de los ingredientes, si es menor de 3 a\u00f1os o si tiene heridas abiertas en la piel. Si experimenta cualquier efecto secundario adverso o reacci\u00f3n al\u00e9rgica, interrumpa inmediatamente el uso del gel y consulte a su m\u00e9dico.<\/p>\n\n\n\n<h3 class=\"wp-block-heading\">Resumen de instrucciones de uso y dosificaci\u00f3n de Levicose:<\/h3>\n\n\n\n<p>Para obtener los mejores resultados de Levicose, recuerde seguir correctamente las instrucciones de aplicaci\u00f3n y dosificaci\u00f3n. Debe:<br>&#8211; Aplicar el gel sobre la piel limpia y seca de las piernas.<br>&#8211; Aplique una peque\u00f1a cantidad de gel y masajee suavemente hasta su completa absorci\u00f3n.<br>&#8211; Aplicar el gel 2-3 veces al d\u00eda.<br>&#8211; Evitar el contacto del gel con los ojos.<br>&#8211; No utilizar el gel en mujeres embarazadas o en per\u00edodo de lactancia, ni\u00f1os menores de 3 a\u00f1os y personas con intolerancia individual a los ingredientes o sobre heridas abiertas.<\/p>\n\n\n\n<figure class=\"wp-block-table\"><table><tbody><tr><th>Composici\u00f3n de Levicose<\/th><th>Descripci\u00f3n<\/th><\/tr><tr><td>Troxerutina<\/td><td>Un ingrediente que favorece el buen funcionamiento de los vasos sangu\u00edneos.<\/td><\/tr><tr><td>Licopeno<\/td><td>Tiene efecto antioxidante, contrarrestando los efectos da\u00f1inos de los radicales libres.<\/td><\/tr><tr><td>\u00c1rnica<\/td><td>Tiene propiedades t\u00f3nicas sobre la piel de las piernas.<\/td><\/tr><tr><td>Mentol<\/td><td>Proporciona una sensaci\u00f3n refrescante y tiene un efecto calmante sobre la piel.<\/td><\/tr><tr><td>Extracto de manzana<\/td><td>Hidrata la piel y la ayuda a regenerarse.<\/td><\/tr><tr><td>Miel<\/td><td>Tiene un efecto calmante y suavizante sobre la piel de las piernas.<\/td><\/tr><\/tbody><\/table><\/figure>\n\n\n\n<h2 class=\"wp-block-heading\">Cr\u00edticas y opiniones sobre Levicose<\/h2>\n\n\n\n<p>Levicose es un producto que ha recibido <b>cr\u00edticas<\/b> y <b>comentarios<\/b> positivos de los usuarios. Muchas personas elogian el <b>efecto<\/b> del gel para reducir el dolor, el cansancio y la hinchaz\u00f3n de las piernas. Los usuarios tambi\u00e9n notan una mejora de la circulaci\u00f3n sangu\u00ednea y una sensaci\u00f3n de frescor y relajaci\u00f3n despu\u00e9s de utilizar Levicose. Algunos tambi\u00e9n han notado una reducci\u00f3n del aspecto de las varices. No obstante, conviene tener en cuenta que los <b>efectos<\/b> del gel pueden variar en funci\u00f3n de las condiciones individuales y de la respuesta del organismo.<\/p>\n\n\n\n<h2 class=\"wp-block-heading\">Levicose &#8211; Composici\u00f3n<\/h2>\n\n\n\n<p>La <b>composici\u00f3n<\/b> de Levicose incluye troxerutina, licopeno, \u00e1rnica, mentol, extracto de manzana y miel. Cada uno de estos ingredientes tiene sus propias propiedades y efectos sobre la salud de las piernas.<\/p>\n\n\n\n<p>La troxerutina es una sustancia con propiedades vasodilatadoras, que mejora la circulaci\u00f3n sangu\u00ednea en las piernas. Por su parte, el licopeno tiene un efecto antioxidante que protege las c\u00e9lulas de los efectos nocivos de los radicales libres.<\/p>\n\n\n\n<p>El \u00e1rnica tiene un efecto tonificante sobre la piel de las piernas, mejorando su elasticidad. El mentol, por su parte, proporciona una sensaci\u00f3n refrescante y relajante, aliviando la fatiga de las piernas. El extracto de manzana tiene un efecto hidratante, reduciendo la sequedad de la piel, mientras que la miel tiene un efecto calmante y suavizante, ayudando a aliviar cualquier molestia.<\/p>\n\n\n\n<p>Con una combinaci\u00f3n equilibrada de estos ingredientes, Levicose ofrece un cuidado integral de las piernas, mejorando la circulaci\u00f3n sangu\u00ednea, hidratando la piel y calmando las irritaciones.<\/p>\n\n\n\n<figure class=\"wp-block-table\"><table><tbody><tr><th>Ingredientes<\/th><th>Propiedades<\/th><\/tr><tr><td>Troxerutina<\/td><td>Mejora la circulaci\u00f3n sangu\u00ednea en las piernas<\/td><\/tr><tr><td>Licopeno<\/td><td>Efecto antioxidante<\/td><\/tr><tr><td>\u00c1rnica<\/td><td>Tiene un efecto tonificante sobre la piel de las piernas<\/td><\/tr><tr><td>Mentol<\/td><td>Proporciona una sensaci\u00f3n refrescante<\/td><\/tr><tr><td>Extracto de manzana<\/td><td>Hidrata la piel<\/td><\/tr><tr><td>Miel<\/td><td>Tiene un efecto calmante<\/td><\/tr><\/tbody><\/table><\/figure>\n\n\n\n<h2 class=\"wp-block-heading\">D\u00f3nde comprar Levicose &#8211; precio<\/h2>\n\n\n\n<p>Levicose puede adquirirse en el sitio web oficial del fabricante. Merece la pena optar por comprar a trav\u00e9s del canal de distribuci\u00f3n oficial para asegurarse de que est\u00e1 adquiriendo el producto original. El <b>precio<\/b> de Levicose puede variar en funci\u00f3n de la promoci\u00f3n y el envase.<\/p>\n\n\n\n<p>Para comprar Levicose, visite el sitio web oficial del fabricante y haga su pedido. En el sitio web del fabricante encontrar\u00e1 informaci\u00f3n detallada sobre el producto, instrucciones de uso y promociones vigentes que pueden afectar al precio.<\/p>\n\n\n\n<p>Sin duda merece la pena elegir un canal de distribuci\u00f3n oficial por la garant\u00eda de recibir un producto original y de alta calidad. Evite comprar en fuentes no fiables para evitar falsificaciones, que pueden ser ineficaces o incluso perjudiciales para la salud.<\/p>\n\n\n\n<h2 class=\"wp-block-heading\">Posibles efectos secundarios y contraindicaciones de Levicose<\/h2>\n\n\n\n<p>Antes de utilizar <strong>Levicose<\/strong>, conviene familiarizarse con los posibles efectos secundarios y contraindicaciones. En caso de reacci\u00f3n al\u00e9rgica o de efectos secundarios no deseados, interrumpa el uso del gel y consulte a su m\u00e9dico.<\/p>\n\n\n\n<p><strong>Levicose<\/strong> gel no debe utilizarse en mujeres embarazadas o en per\u00edodo de lactancia, en ni\u00f1os menores de 3 a\u00f1os ni en personas con intolerancia individual a los ingredientes, ni tampoco en heridas abiertas. Evite cuidadosamente el contacto del gel con los ojos para evitar irritaciones.<\/p>\n\n\n\n<p>Para garantizar la seguridad y evitar efectos secundarios, es aconsejable comprobar los ingredientes del gel y realizar una prueba de alergia antes de empezar a utilizarlo regularmente. Recuerde que la salud y la seguridad son primordiales, as\u00ed que consulte siempre a su m\u00e9dico o farmac\u00e9utico en caso de duda.<\/p>\n","protected":false},"excerpt":{"rendered":"<p><strong>39.00 \u20ac<\/strong><\/p>\n<p><del>78.00 \u20ac<\/del><\/p>\n<p><strong>[date_countdown]<\/strong><\/p>\n","protected":false},"featured_media":7566,"comment_status":"open","ping_status":"closed","template":"","meta":{"neve_meta_sidebar":"","neve_meta_container":"","neve_meta_enable_content_width":"","neve_meta_content_width":0,"neve_meta_title_alignment":"","neve_meta_author_avatar":"","neve_post_elements_order":"","neve_meta_disable_header":"","neve_meta_disable_footer":"","neve_meta_disable_title":"","neve_meta_reading_time":""},"product_brand":[],"product_cat":[73],"product_tag":[],"class_list":{"0":"post-7576","1":"product","2":"type-product","3":"status-publish","4":"has-post-thumbnail","6":"product_cat-salud","8":"first","9":"instock","10":"shipping-taxable","11":"product-type-external"},"yoast_head":"<!-- This site is optimized with the Yoast SEO plugin v27.4 - https:\/\/yoast.com\/product\/yoast-seo-wordpress\/ -->\n<title>Levicose - Clinica Althea<\/title>\n<meta name=\"robots\" content=\"index, follow, max-snippet:-1, max-image-preview:large, max-video-preview:-1\" \/>\n<link rel=\"canonical\" href=\"https:\/\/www.clinicaalthea.com\/farmacia\/es\/apt\/levicose\/\" \/>\n<meta property=\"og:locale\" content=\"pl_PL\" \/>\n<meta property=\"og:type\" content=\"article\" \/>\n<meta property=\"og:title\" content=\"Levicose - Clinica Althea\" \/>\n<meta property=\"og:description\" content=\"39.00 \u20ac 78.00 \u20ac\" \/>\n<meta property=\"og:url\" content=\"https:\/\/www.clinicaalthea.com\/farmacia\/es\/apt\/levicose\/\" \/>\n<meta property=\"og:site_name\" content=\"Clinica Althea\" \/>\n<meta property=\"article:modified_time\" content=\"2024-07-18T20:18:04+00:00\" \/>\n<meta property=\"og:image\" content=\"https:\/\/www.clinicaalthea.com\/farmacia\/wp-content\/uploads\/2024\/07\/LEVICOSE.jpg\" \/>\n\t<meta property=\"og:image:width\" content=\"768\" \/>\n\t<meta property=\"og:image:height\" content=\"768\" \/>\n\t<meta property=\"og:image:type\" content=\"image\/jpeg\" \/>\n<meta name=\"twitter:card\" content=\"summary_large_image\" \/>\n<meta name=\"twitter:label1\" content=\"Szacowany czas czytania\" \/>\n\t<meta name=\"twitter:data1\" content=\"10 minut\" \/>\n<script type=\"application\/ld+json\" class=\"yoast-schema-graph\">{\"@context\":\"https:\\\/\\\/schema.org\",\"@graph\":[{\"@type\":\"WebPage\",\"@id\":\"https:\\\/\\\/www.clinicaalthea.com\\\/farmacia\\\/es\\\/apt\\\/levicose\\\/\",\"url\":\"https:\\\/\\\/www.clinicaalthea.com\\\/farmacia\\\/es\\\/apt\\\/levicose\\\/\",\"name\":\"Levicose - Clinica Althea\",\"isPartOf\":{\"@id\":\"https:\\\/\\\/www.clinicaalthea.com\\\/farmacia\\\/#website\"},\"primaryImageOfPage\":{\"@id\":\"https:\\\/\\\/www.clinicaalthea.com\\\/farmacia\\\/es\\\/apt\\\/levicose\\\/#primaryimage\"},\"image\":{\"@id\":\"https:\\\/\\\/www.clinicaalthea.com\\\/farmacia\\\/es\\\/apt\\\/levicose\\\/#primaryimage\"},\"thumbnailUrl\":\"https:\\\/\\\/www.clinicaalthea.com\\\/farmacia\\\/wp-content\\\/uploads\\\/2024\\\/07\\\/LEVICOSE.jpg\",\"datePublished\":\"2024-07-18T19:56:19+00:00\",\"dateModified\":\"2024-07-18T20:18:04+00:00\",\"breadcrumb\":{\"@id\":\"https:\\\/\\\/www.clinicaalthea.com\\\/farmacia\\\/es\\\/apt\\\/levicose\\\/#breadcrumb\"},\"inLanguage\":\"pl-PL\",\"potentialAction\":[{\"@type\":\"ReadAction\",\"target\":[\"https:\\\/\\\/www.clinicaalthea.com\\\/farmacia\\\/es\\\/apt\\\/levicose\\\/\"]}]},{\"@type\":\"ImageObject\",\"inLanguage\":\"pl-PL\",\"@id\":\"https:\\\/\\\/www.clinicaalthea.com\\\/farmacia\\\/es\\\/apt\\\/levicose\\\/#primaryimage\",\"url\":\"https:\\\/\\\/www.clinicaalthea.com\\\/farmacia\\\/wp-content\\\/uploads\\\/2024\\\/07\\\/LEVICOSE.jpg\",\"contentUrl\":\"https:\\\/\\\/www.clinicaalthea.com\\\/farmacia\\\/wp-content\\\/uploads\\\/2024\\\/07\\\/LEVICOSE.jpg\",\"width\":768,\"height\":768,\"caption\":\"Levicose\"},{\"@type\":\"BreadcrumbList\",\"@id\":\"https:\\\/\\\/www.clinicaalthea.com\\\/farmacia\\\/es\\\/apt\\\/levicose\\\/#breadcrumb\",\"itemListElement\":[{\"@type\":\"ListItem\",\"position\":1,\"name\":\"Strona g\u0142\u00f3wna\",\"item\":\"https:\\\/\\\/www.clinicaalthea.com\\\/farmacia\\\/\"},{\"@type\":\"ListItem\",\"position\":2,\"name\":\"Produkty\",\"item\":\"https:\\\/\\\/www.clinicaalthea.com\\\/farmacia\\\/\"},{\"@type\":\"ListItem\",\"position\":3,\"name\":\"Levicose\"}]},{\"@type\":\"WebSite\",\"@id\":\"https:\\\/\\\/www.clinicaalthea.com\\\/farmacia\\\/#website\",\"url\":\"https:\\\/\\\/www.clinicaalthea.com\\\/farmacia\\\/\",\"name\":\"Clinica Althea\",\"description\":\"\",\"publisher\":{\"@id\":\"https:\\\/\\\/www.clinicaalthea.com\\\/farmacia\\\/#organization\"},\"potentialAction\":[{\"@type\":\"SearchAction\",\"target\":{\"@type\":\"EntryPoint\",\"urlTemplate\":\"https:\\\/\\\/www.clinicaalthea.com\\\/farmacia\\\/?s={search_term_string}\"},\"query-input\":{\"@type\":\"PropertyValueSpecification\",\"valueRequired\":true,\"valueName\":\"search_term_string\"}}],\"inLanguage\":\"pl-PL\"},{\"@type\":\"Organization\",\"@id\":\"https:\\\/\\\/www.clinicaalthea.com\\\/farmacia\\\/#organization\",\"name\":\"Clinica Althea\",\"url\":\"https:\\\/\\\/www.clinicaalthea.com\\\/farmacia\\\/\",\"logo\":{\"@type\":\"ImageObject\",\"inLanguage\":\"pl-PL\",\"@id\":\"https:\\\/\\\/www.clinicaalthea.com\\\/farmacia\\\/#\\\/schema\\\/logo\\\/image\\\/\",\"url\":\"https:\\\/\\\/www.clinicaalthea.com\\\/farmacia\\\/wp-content\\\/uploads\\\/2023\\\/12\\\/Jak-diagnozuje-sie-FAS_-objawy-kryteria-diagnostyczne-i-metody-diagnozowania-154162903.jpg\",\"contentUrl\":\"https:\\\/\\\/www.clinicaalthea.com\\\/farmacia\\\/wp-content\\\/uploads\\\/2023\\\/12\\\/Jak-diagnozuje-sie-FAS_-objawy-kryteria-diagnostyczne-i-metody-diagnozowania-154162903.jpg\",\"width\":1216,\"height\":832,\"caption\":\"Clinica Althea\"},\"image\":{\"@id\":\"https:\\\/\\\/www.clinicaalthea.com\\\/farmacia\\\/#\\\/schema\\\/logo\\\/image\\\/\"}}]}<\/script>\n<!-- \/ Yoast SEO plugin. -->","yoast_head_json":{"title":"Levicose - Clinica Althea","robots":{"index":"index","follow":"follow","max-snippet":"max-snippet:-1","max-image-preview":"max-image-preview:large","max-video-preview":"max-video-preview:-1"},"canonical":"https:\/\/www.clinicaalthea.com\/farmacia\/es\/apt\/levicose\/","og_locale":"pl_PL","og_type":"article","og_title":"Levicose - Clinica Althea","og_description":"39.00 \u20ac 78.00 \u20ac","og_url":"https:\/\/www.clinicaalthea.com\/farmacia\/es\/apt\/levicose\/","og_site_name":"Clinica Althea","article_modified_time":"2024-07-18T20:18:04+00:00","og_image":[{"width":768,"height":768,"url":"https:\/\/www.clinicaalthea.com\/farmacia\/wp-content\/uploads\/2024\/07\/LEVICOSE.jpg","type":"image\/jpeg"}],"twitter_card":"summary_large_image","twitter_misc":{"Szacowany czas czytania":"10 minut"},"schema":{"@context":"https:\/\/schema.org","@graph":[{"@type":"WebPage","@id":"https:\/\/www.clinicaalthea.com\/farmacia\/es\/apt\/levicose\/","url":"https:\/\/www.clinicaalthea.com\/farmacia\/es\/apt\/levicose\/","name":"Levicose - Clinica Althea","isPartOf":{"@id":"https:\/\/www.clinicaalthea.com\/farmacia\/#website"},"primaryImageOfPage":{"@id":"https:\/\/www.clinicaalthea.com\/farmacia\/es\/apt\/levicose\/#primaryimage"},"image":{"@id":"https:\/\/www.clinicaalthea.com\/farmacia\/es\/apt\/levicose\/#primaryimage"},"thumbnailUrl":"https:\/\/www.clinicaalthea.com\/farmacia\/wp-content\/uploads\/2024\/07\/LEVICOSE.jpg","datePublished":"2024-07-18T19:56:19+00:00","dateModified":"2024-07-18T20:18:04+00:00","breadcrumb":{"@id":"https:\/\/www.clinicaalthea.com\/farmacia\/es\/apt\/levicose\/#breadcrumb"},"inLanguage":"pl-PL","potentialAction":[{"@type":"ReadAction","target":["https:\/\/www.clinicaalthea.com\/farmacia\/es\/apt\/levicose\/"]}]},{"@type":"ImageObject","inLanguage":"pl-PL","@id":"https:\/\/www.clinicaalthea.com\/farmacia\/es\/apt\/levicose\/#primaryimage","url":"https:\/\/www.clinicaalthea.com\/farmacia\/wp-content\/uploads\/2024\/07\/LEVICOSE.jpg","contentUrl":"https:\/\/www.clinicaalthea.com\/farmacia\/wp-content\/uploads\/2024\/07\/LEVICOSE.jpg","width":768,"height":768,"caption":"Levicose"},{"@type":"BreadcrumbList","@id":"https:\/\/www.clinicaalthea.com\/farmacia\/es\/apt\/levicose\/#breadcrumb","itemListElement":[{"@type":"ListItem","position":1,"name":"Strona g\u0142\u00f3wna","item":"https:\/\/www.clinicaalthea.com\/farmacia\/"},{"@type":"ListItem","position":2,"name":"Produkty","item":"https:\/\/www.clinicaalthea.com\/farmacia\/"},{"@type":"ListItem","position":3,"name":"Levicose"}]},{"@type":"WebSite","@id":"https:\/\/www.clinicaalthea.com\/farmacia\/#website","url":"https:\/\/www.clinicaalthea.com\/farmacia\/","name":"Clinica Althea","description":"","publisher":{"@id":"https:\/\/www.clinicaalthea.com\/farmacia\/#organization"},"potentialAction":[{"@type":"SearchAction","target":{"@type":"EntryPoint","urlTemplate":"https:\/\/www.clinicaalthea.com\/farmacia\/?s={search_term_string}"},"query-input":{"@type":"PropertyValueSpecification","valueRequired":true,"valueName":"search_term_string"}}],"inLanguage":"pl-PL"},{"@type":"Organization","@id":"https:\/\/www.clinicaalthea.com\/farmacia\/#organization","name":"Clinica Althea","url":"https:\/\/www.clinicaalthea.com\/farmacia\/","logo":{"@type":"ImageObject","inLanguage":"pl-PL","@id":"https:\/\/www.clinicaalthea.com\/farmacia\/#\/schema\/logo\/image\/","url":"https:\/\/www.clinicaalthea.com\/farmacia\/wp-content\/uploads\/2023\/12\/Jak-diagnozuje-sie-FAS_-objawy-kryteria-diagnostyczne-i-metody-diagnozowania-154162903.jpg","contentUrl":"https:\/\/www.clinicaalthea.com\/farmacia\/wp-content\/uploads\/2023\/12\/Jak-diagnozuje-sie-FAS_-objawy-kryteria-diagnostyczne-i-metody-diagnozowania-154162903.jpg","width":1216,"height":832,"caption":"Clinica Althea"},"image":{"@id":"https:\/\/www.clinicaalthea.com\/farmacia\/#\/schema\/logo\/image\/"}}]}},"lang":"es","translations":{"es":7576,"pl":7565,"bg":7568,"hu":7570,"de":7572,"el":7574,"it":7578,"lt":7581,"pt":7583,"ro":7585,"sk":7587,"sl":7589,"fr":7591,"cs":7593,"nl":7595},"pll_sync_post":[],"_links":{"self":[{"href":"https:\/\/www.clinicaalthea.com\/farmacia\/wp-json\/wp\/v2\/product\/7576","targetHints":{"allow":["GET"]}}],"collection":[{"href":"https:\/\/www.clinicaalthea.com\/farmacia\/wp-json\/wp\/v2\/product"}],"about":[{"href":"https:\/\/www.clinicaalthea.com\/farmacia\/wp-json\/wp\/v2\/types\/product"}],"replies":[{"embeddable":true,"href":"https:\/\/www.clinicaalthea.com\/farmacia\/wp-json\/wp\/v2\/comments?post=7576"}],"wp:featuredmedia":[{"embeddable":true,"href":"https:\/\/www.clinicaalthea.com\/farmacia\/wp-json\/wp\/v2\/media\/7566"}],"wp:attachment":[{"href":"https:\/\/www.clinicaalthea.com\/farmacia\/wp-json\/wp\/v2\/media?parent=7576"}],"wp:term":[{"taxonomy":"product_brand","embeddable":true,"href":"https:\/\/www.clinicaalthea.com\/farmacia\/wp-json\/wp\/v2\/product_brand?post=7576"},{"taxonomy":"product_cat","embeddable":true,"href":"https:\/\/www.clinicaalthea.com\/farmacia\/wp-json\/wp\/v2\/product_cat?post=7576"},{"taxonomy":"product_tag","embeddable":true,"href":"https:\/\/www.clinicaalthea.com\/farmacia\/wp-json\/wp\/v2\/product_tag?post=7576"}],"curies":[{"name":"wp","href":"https:\/\/api.w.org\/{rel}","templated":true}]}}