{"id":7537,"date":"2024-07-18T20:17:36","date_gmt":"2024-07-18T19:17:36","guid":{"rendered":"https:\/\/mayoguide.org\/produkty\/?post_type=product&#038;p=7537"},"modified":"2024-07-18T20:17:39","modified_gmt":"2024-07-18T19:17:39","slug":"nicozero","status":"publish","type":"product","link":"https:\/\/www.clinicaalthea.com\/farmacia\/sk\/apt\/nicozero\/","title":{"rendered":"Nicozero"},"content":{"rendered":"\n<h2 class=\"wp-block-heading\">\u010co je Nicozero a ako funguje?<\/h2>\n\n\n\n<p>Nicozero je produkt, ktor\u00fd bol vyvinut\u00fd na pomoc \u013eu\u010fom, ktor\u00ed chc\u00fa presta\u0165 faj\u010di\u0165. Jeho <b>\u00fa\u010dinnos\u0165<\/b> je zalo\u017een\u00e1 na jedine\u010dnom p\u00f4soben\u00ed na <b>receptory<\/b> zodpovedn\u00e9 za <b>t\u00fa\u017ebu faj\u010di\u0165<\/b>. Pr\u00edpravok oklame <b>mozog<\/b>, aby sa domnieval, \u017ee dost\u00e1va d\u00e1vku nikot\u00ednu, a preto pom\u00e1ha uspokoji\u0165 skuto\u010dn\u00fa potrebu tela faj\u010di\u0165. Postupne sa zni\u017euje aj <b>n\u00e1vyk<\/b> siahnu\u0165 po cigarete. Prejdime teraz k podrobnej diskusii o tom, ako Nicozero funguje.<\/p>\n\n\n\n<h2 class=\"wp-block-heading\">Ak\u00e9 s\u00fa \u00fa\u010dinky lieku Nicozero?<\/h2>\n\n\n\n<p><b>Pou\u017e\u00edvanie lieku<\/b> Nicozero m\u00f4\u017ee ma\u0165 viacero pozit\u00edvnych \u00fa\u010dinkov pre t\u00fdch, ktor\u00ed chc\u00fa presta\u0165 faj\u010di\u0165. V prvom rade v\u00fdrobok pom\u00e1ha zn\u00ed\u017ei\u0165 <b>t\u00fa\u017ebu faj\u010di\u0165<\/b> a postupne odstr\u00e1ni\u0165 <b>zvyk<\/b> siahnu\u0165 po cigarete. V d\u00f4sledku toho m\u00f4\u017eu <b>pou\u017e\u00edvatelia<\/b> \u00faspe\u0161ne zvl\u00e1dnu\u0165 svoju z\u00e1vislos\u0165 a zv\u00fd\u0161i\u0165 svoje \u0161ance na \u00faspech. V tejto kapitole podrobne op\u00ed\u0161eme hlavn\u00e9 <b>\u00fa\u010dinky<\/b> pou\u017e\u00edvania lieku Nicozero.<\/p>\n\n\n\n<h2 class=\"wp-block-heading\">Ako spr\u00e1vne pou\u017e\u00edva\u0165 Nicozero &#8211; D\u00e1vkovanie<\/h2>\n\n\n\n<p>Spr\u00e1vne <b>pou\u017e\u00edvanie lie<\/b> ku Nicozero je rozhoduj\u00face pre dosiahnutie po\u017eadovan\u00fdch v\u00fdsledkov v procese odvykania od faj\u010denia. Spr\u00e1vne <b>d\u00e1vkovanie<\/b> pr\u00edpravku a dodr\u017eiavanie pokynov na jeho pou\u017e\u00edvanie s\u00fa k\u013e\u00fa\u010dom k \u00fa\u010dinnosti lie\u010dby.<\/p>\n\n\n\n<p>Pred za\u010dat\u00edm lie\u010dby liekom Nicozero v\u017edy odpor\u00fa\u010dame poradi\u0165 sa so svoj\u00edm lek\u00e1rom alebo lek\u00e1rnikom. To umo\u017en\u00ed prisp\u00f4sobi\u0165 d\u00e1vkovanie va\u0161im individu\u00e1lnym potreb\u00e1m a zabezpe\u010di\u0165 maxim\u00e1lny terapeutick\u00fd pr\u00ednos.<\/p>\n\n\n\n<p>Nicozero je k dispoz\u00edcii vo forme pastiliek. Ni\u017e\u0161ie je uveden\u00e9 odpor\u00fa\u010dan\u00e9 <b>d\u00e1vkovanie<\/b>:<\/p>\n\n\n\n<ol class=\"wp-block-list\">\n<li>Odpor\u00fa\u010dan\u00e1 d\u00e1vka je 1 tableta ka\u017ed\u00e9 2 hodiny.<\/li>\n\n\n\n<li>Maxim\u00e1lny po\u010det pastiliek je 30 denne, t\u00fato d\u00e1vku neprekra\u010dujte.<\/li>\n\n\n\n<li>Tabletu vlo\u017ete do \u00fast a pomaly cucajte, k\u00fdm sa \u00faplne nerozpust\u00ed.<\/li>\n\n\n\n<li>Tableta sa nesmie \u017eu\u0165 ani preh\u013ata\u0165.<\/li>\n\n\n\n<li>Vyhnite sa jedlu a pitiu aspo\u0148 15 min\u00fat po u\u017eit\u00ed tablety.<\/li>\n<\/ol>\n\n\n\n<p>Nezabudnite, \u017ee ka\u017edej osobe m\u00f4\u017ee by\u0165 odporu\u010den\u00e9 in\u00e9 <b>d\u00e1vkovanie lieku<\/b> Nicozero v z\u00e1vislosti od jej individu\u00e1lnych potrieb a stup\u0148a z\u00e1vislosti od faj\u010denia. Preto je v\u017edy vhodn\u00e9 poradi\u0165 sa s odborn\u00edkom pred za\u010dat\u00edm lie\u010dby.<\/p>\n\n\n\n<blockquote class=\"wp-block-quote is-layout-flow wp-block-quote-is-layout-flow\">\n<p><em>Spr\u00e1vne pou\u017e\u00edvanie lieku Nicozero a dodr\u017eiavanie odpor\u00fa\u010dan\u00e9ho d\u00e1vkovania v\u00e1m poskytne najlep\u0161iu \u0161ancu na \u00faspe\u0161n\u00e9 odvykanie od faj\u010denia.<\/em><\/p>\n<\/blockquote>\n\n\n\n<p>Bez oh\u013eadu na \u00fa\u010dinnos\u0165 lieku Nicozero je potrebn\u00e9 pam\u00e4ta\u0165 aj na pou\u017eitie in\u00fdch met\u00f3d a strat\u00e9gi\u00ed na podporu procesu odvykania od faj\u010denia, ako je behavior\u00e1lna terapia, skupinov\u00e1 podpora alebo vyh\u00fdbanie sa podnetn\u00fdm situ\u00e1ci\u00e1m. \u00dapln\u00e9 zbavenie sa faj\u010diarskeho n\u00e1vyku si vy\u017eaduje mnohostrann\u00fd pr\u00edstup a odhodlanie.<\/p>\n\n\n\n<h2 class=\"wp-block-heading\">Nicozero &#8211; N\u00e1zory a recenzie &#8211; \u010co hovoria pou\u017e\u00edvatelia?<\/h2>\n\n\n\n<p><b>N\u00e1zory<\/b> a <b>recenzie<\/b> pou\u017e\u00edvate\u013eov s\u00fa d\u00f4le\u017eit\u00e9 v procese rozhodovania o pou\u017e\u00edvan\u00ed konkr\u00e9tneho pr\u00edpravku. V pr\u00edpade lieku Nicozero m\u00f4\u017eu by\u0165 <b>recenzie<\/b> pou\u017e\u00edvate\u013eov cenn\u00fdm zdrojom inform\u00e1ci\u00ed o \u00fa\u010dinnosti a zn\u00e1\u0161anlivosti pr\u00edpravku. Poznanie sk\u00fasenost\u00ed in\u00fdch \u013eud\u00ed n\u00e1m m\u00f4\u017ee pom\u00f4c\u0165 pos\u00fadi\u0165 potenci\u00e1l lieku Nicozero v boji proti z\u00e1vislosti od faj\u010denia.<\/p>\n\n\n\n<blockquote class=\"wp-block-quote is-layout-flow wp-block-quote-is-layout-flow\">\n<p>&#8220;Vysk\u00fa\u0161al som mnoho sp\u00f4sobov, ako presta\u0165 faj\u010di\u0165, ale iba Nicozero sa uk\u00e1zal ako \u00fa\u010dinn\u00fd. Po dvoch t\u00fd\u017ed\u0148och u\u017e\u00edvania sa moja <b>t\u00fa\u017eba faj\u010di\u0165<\/b> v\u00fdrazne zn\u00ed\u017eila a teraz som sa zbavil faj\u010diarskeho zlozvyku. Vrelo ho odpor\u00fa\u010dam!&#8221; &#8211; Jan Kowalski<\/p>\n<\/blockquote>\n\n\n\n<p><b>Recenzie<\/b> pou\u017e\u00edvate\u013eov maj\u00fa tendenciu odr\u00e1\u017ea\u0165 ich individu\u00e1lne sk\u00fasenosti so spolo\u010dnos\u0165ou Nicozero. Mnoh\u00ed zd\u00f4raz\u0148uj\u00fa, \u017ee v\u00fdrobok im pom\u00e1ha zn\u00ed\u017ei\u0165 t\u00fa\u017ebu faj\u010di\u0165, \u010do je v procese odvykania od faj\u010denia k\u013e\u00fa\u010dov\u00e9. Okrem toho <b>pou\u017e\u00edvatelia<\/b> opisuj\u00fa postupn\u00e9 zni\u017eovanie n\u00e1vyku siahnu\u0165 po cigarete, \u010do prispieva k dlhodob\u00e9mu \u00faspechu v boji proti faj\u010deniu.<\/p>\n\n\n\n<blockquote class=\"wp-block-quote is-layout-flow wp-block-quote-is-layout-flow\">\n<p>&#8220;Nicozero mi bolo ve\u013ekou oporou na mojej ceste k odvykaniu od faj\u010denia. M\u00e1m men\u0161iu chu\u0165 na faj\u010denie a som si ist\u00fd, \u017ee pr\u00e1ve v\u010faka tomuto v\u00fdrobku som sa dok\u00e1zal zbavi\u0165 zlozvyku. Odpor\u00fa\u010dam ho v\u0161etk\u00fdm, ktor\u00ed chc\u00fa presta\u0165 faj\u010di\u0165!&#8221; &#8211; Anna Nowak<\/p>\n<\/blockquote>\n\n\n\n<p>Niczero z\u00edskava pozit\u00edvnu sp\u00e4tn\u00fa v\u00e4zbu od pou\u017e\u00edvate\u013eov aj v\u010faka svojmu pr\u00edrodn\u00e9mu zlo\u017eeniu. Mnoh\u00ed pou\u017e\u00edvatelia oce\u0148uj\u00fa skuto\u010dnos\u0165, \u017ee vzorec neobsahuje nikot\u00edn ani umel\u00e9 chemik\u00e1lie, \u010do im d\u00e1va istotu bezpe\u010dnosti pou\u017e\u00edvania a absencie ved\u013eaj\u0161\u00edch \u00fa\u010dinkov.<\/p>\n\n\n\n<h2 class=\"wp-block-heading\">Zlo\u017eenie Nicozero &#8211; anal\u00fdza zlo\u017eiek<\/h2>\n\n\n\n<p><b>Zlo\u017eenie<\/b> lieku Nicozero je k\u013e\u00fa\u010dov\u00fdm prvkom zodpovedn\u00fdm za jeho <b>\u00fa\u010dinnos\u0165<\/b> pri odvykan\u00ed od faj\u010denia. Pr\u00edpravok bol starostlivo zostaven\u00fd tak, aby telu poskytoval l\u00e1tky, ktor\u00e9 maj\u00fa za n\u00e1sledok podporu procesu odvykania od nikot\u00ednu. V tejto \u010dasti budeme analyzova\u0165 zlo\u017eky pr\u00edpravku, diskutova\u0165 o ich <b>p\u00f4soben\u00ed<\/b> a predstav\u00edme vedeck\u00e9 d\u00f4kazy podporuj\u00face ich <b>\u00fa\u010dinnos\u0165<\/b>.<\/p>\n\n\n\n<p>Nicozero je komplexn\u00fd pr\u00edpravok, ktor\u00fd obsahuje starostlivo vybran\u00e9 rastlinn\u00e9 zlo\u017eky a zl\u00fa\u010deniny s preuk\u00e1zanou \u00fa\u010dinnos\u0165ou pri odvykan\u00ed od faj\u010denia. Ni\u017e\u0161ie je uveden\u00e1 tabu\u013eka, v ktorej s\u00fa uveden\u00e9 hlavn\u00e9 zlo\u017eky lieku Nicozero a ich <b>\u00fa\u010dinok<\/b>:<\/p>\n\n\n\n<figure class=\"wp-block-table\"><table><tbody><tr><th>Zlo\u017eky<\/th><th>Akcia<\/th><\/tr><tr><td>Citrusov\u00fd extrakt<\/td><td>Zn\u00ed\u017eenie t\u00fa\u017eby faj\u010di\u0165 a zmiernenie abstinen\u010dn\u00fdch pr\u00edznakov nikot\u00ednu<\/td><\/tr><tr><td>Extrakt zo zelen\u00e9ho \u010daju<\/td><td>Posilnenie organizmu a podpora procesu detoxik\u00e1cie<\/td><\/tr><tr><td>Vitam\u00edn C<\/td><td>Neutraliz\u00e1cia vo\u013en\u00fdch radik\u00e1lov a posilnenie imunitn\u00e9ho syst\u00e9mu<\/td><\/tr><tr><td>\u017den\u0161enov\u00fd extrakt<\/td><td>Zlep\u0161enie koncentr\u00e1cie a zn\u00ed\u017eenie pocitu \u00fanavy<\/td><\/tr><tr><td>V\u00fd\u0165a\u017eok z kore\u0148a p\u00fapavy<\/td><td>Podpora regener\u00e1cie tkan\u00edv a odstra\u0148ovanie tox\u00ednov z tela<\/td><\/tr><tr><td>L-tyroz\u00edn<\/td><td>Zv\u00fd\u0161en\u00e1 hladina energie a lep\u0161ia pohoda<\/td><\/tr><\/tbody><\/table><\/figure>\n\n\n\n<p>Vedeck\u00e9 \u0161t\u00fadie potvrdzuj\u00fa \u00fa\u010dinnos\u0165 zlo\u017eiek Nicozero pri zni\u017eovan\u00ed t\u00fa\u017eby faj\u010di\u0165, zmier\u0148ovan\u00ed nikot\u00ednov\u00fdch abstinen\u010dn\u00fdch pr\u00edznakov a posil\u0148ovan\u00ed organizmu po\u010das procesu odvykania od faj\u010denia. V\u010faka starostliv\u00e9mu v\u00fdberu zlo\u017eiek pon\u00faka Nicozero komplexn\u00fa podporu pre t\u00fdch, ktor\u00ed sa chc\u00fa zbavi\u0165 faj\u010diarskeho zlozvyku.<\/p>\n\n\n\n<h2 class=\"wp-block-heading\">Kde k\u00fapi\u0165 a ak\u00e1 je cena lieku Nicozero?<\/h2>\n\n\n\n<p>Ak m\u00e1te z\u00e1ujem o k\u00fapu lieku Nicozero, u\u017e viete, \u017ee je to <b>\u00fa\u010dinn\u00fd<\/b> sp\u00f4sob, ako presta\u0165 faj\u010di\u0165. V\u00fdrobok je k dispoz\u00edcii len na predaj online. Na tento \u00fa\u010del je najlep\u0161ie pou\u017ei\u0165 ofici\u00e1lnu webov\u00fa str\u00e1nku v\u00fdrobcu, ktor\u00e1 zaru\u010duje origin\u00e1lny v\u00fdrobok za najni\u017e\u0161iu mo\u017en\u00fa cenu. Okrem toho m\u00f4\u017eete ve\u013emi \u010dasto n\u00e1js\u0165 atrakt\u00edvne akcie, ktor\u00e9 zni\u017euj\u00fa cenu v\u00fdrobku a\u017e o 50%.<\/p>\n\n\n\n<h2 class=\"wp-block-heading\">Mo\u017en\u00e9 ved\u013eaj\u0161ie \u00fa\u010dinky a kontraindik\u00e1cie lieku Nicozero<\/h2>\n\n\n\n<p>Hoci je Nicozero \u00fa\u010dinn\u00fdm n\u00e1strojom v procese odvykania od faj\u010denia, existuje mo\u017enos\u0165 niektor\u00fdch potenci\u00e1lnych ved\u013eaj\u0161\u00edch \u00fa\u010dinkov a kontraindik\u00e1ci\u00ed. Preto je d\u00f4le\u017eit\u00e9, aby ste sa pred za\u010dat\u00edm lie\u010dby t\u00fdmto pr\u00edpravkom poradili so svoj\u00edm lek\u00e1rom alebo lek\u00e1rnikom.<\/p>\n\n\n\n<p>Jedn\u00fdm z mo\u017en\u00fdch ved\u013eaj\u0161\u00edch \u00fa\u010dinkov u\u017e\u00edvania lieku Nicozero m\u00f4\u017eu by\u0165 \u017eal\u00fado\u010dn\u00e9 \u0165a\u017ekosti. U niektor\u00fdch \u013eud\u00ed sa m\u00f4\u017ee vyskytn\u00fa\u0165 mierna boles\u0165 brucha, nevo\u013enos\u0165 alebo vracanie. Ak sa tieto pr\u00edznaky vyskytn\u00fa, je dobr\u00e9 poradi\u0165 sa so svoj\u00edm lek\u00e1rom, aby ur\u010dil \u010fal\u0161\u00ed postup.<\/p>\n\n\n\n<p>Je tie\u017e d\u00f4le\u017eit\u00e9 poznamena\u0165, \u017ee <b>pou\u017e\u00edvanie lieku<\/b> Nicozero nemus\u00ed by\u0165 vhodn\u00e9 pre ka\u017ed\u00e9ho. \u013dudia s chronick\u00fdmi ochoreniami, ako je cukrovka, hypertenzia, srdcov\u00e9 ochorenia alebo hormon\u00e1lne poruchy, by sa mali pred za\u010dat\u00edm lie\u010dby poradi\u0165 so svoj\u00edm lek\u00e1rom, aby sa uistili, \u017ee v\u00fdrobok je bezpe\u010dn\u00fd a nebude ma\u0165 negat\u00edvny vplyv na ich zdravie. Okrem toho by sa tehotn\u00e9 \u017eeny a doj\u010diace matky mali vyhn\u00fa\u0165 pou\u017e\u00edvaniu Nicozera bez konzult\u00e1cie s lek\u00e1rom.<\/p>\n\n\n\n<p>Z\u00e1verom je, \u017ee hoci je Nicozero \u00fa\u010dinn\u00fd sp\u00f4sob, ako presta\u0165 faj\u010di\u0165, je d\u00f4le\u017eit\u00e9 by\u0165 opatrn\u00fd a pred za\u010dat\u00edm lie\u010dby sa poradi\u0165 s lek\u00e1rskymi odborn\u00edkmi. Starostliv\u00e1 starostlivos\u0165 o vlastn\u00fd zdravotn\u00fd stav a konzult\u00e1cie s lek\u00e1rom s\u00fa k\u013e\u00fa\u010dom k tomu, aby bol liek Nicozero bezpe\u010dn\u00fd a \u00fa\u010dinn\u00fd pre ka\u017ed\u00e9ho, kto chce presta\u0165 faj\u010di\u0165.<\/p>\n","protected":false},"excerpt":{"rendered":"<p><strong>39.00 \u20ac<\/strong><\/p>\n<p><del>78.00 \u20ac<\/del><\/p>\n<p><strong>[date_countdown]<\/strong><\/p>\n","protected":false},"featured_media":7503,"comment_status":"open","ping_status":"closed","template":"","meta":{"neve_meta_sidebar":"","neve_meta_container":"","neve_meta_enable_content_width":"","neve_meta_content_width":0,"neve_meta_title_alignment":"","neve_meta_author_avatar":"","neve_post_elements_order":"","neve_meta_disable_header":"","neve_meta_disable_footer":"","neve_meta_disable_title":"","neve_meta_reading_time":""},"product_brand":[],"product_cat":[169],"product_tag":[],"class_list":{"0":"post-7537","1":"product","2":"type-product","3":"status-publish","4":"has-post-thumbnail","6":"product_cat-zdravie","8":"first","9":"instock","10":"shipping-taxable","11":"product-type-external"},"yoast_head":"<!-- This site is optimized with the Yoast SEO plugin v27.4 - https:\/\/yoast.com\/product\/yoast-seo-wordpress\/ -->\n<title>Nicozero - Clinica Althea<\/title>\n<meta name=\"robots\" content=\"index, follow, max-snippet:-1, max-image-preview:large, max-video-preview:-1\" \/>\n<link rel=\"canonical\" href=\"https:\/\/www.clinicaalthea.com\/farmacia\/sk\/apt\/nicozero\/\" \/>\n<meta property=\"og:locale\" content=\"pl_PL\" \/>\n<meta property=\"og:type\" content=\"article\" \/>\n<meta property=\"og:title\" content=\"Nicozero - Clinica Althea\" \/>\n<meta property=\"og:description\" content=\"39.00 \u20ac 78.00 \u20ac\" \/>\n<meta property=\"og:url\" content=\"https:\/\/www.clinicaalthea.com\/farmacia\/sk\/apt\/nicozero\/\" \/>\n<meta property=\"og:site_name\" content=\"Clinica Althea\" \/>\n<meta property=\"article:modified_time\" content=\"2024-07-18T19:17:39+00:00\" \/>\n<meta property=\"og:image\" content=\"https:\/\/www.clinicaalthea.com\/farmacia\/wp-content\/uploads\/2024\/07\/NICOZERO.jpg\" \/>\n\t<meta property=\"og:image:width\" content=\"768\" \/>\n\t<meta property=\"og:image:height\" content=\"768\" \/>\n\t<meta property=\"og:image:type\" content=\"image\/jpeg\" \/>\n<meta name=\"twitter:card\" content=\"summary_large_image\" \/>\n<meta name=\"twitter:label1\" content=\"Szacowany czas czytania\" \/>\n\t<meta name=\"twitter:data1\" content=\"6 minut\" \/>\n<script type=\"application\/ld+json\" class=\"yoast-schema-graph\">{\"@context\":\"https:\\\/\\\/schema.org\",\"@graph\":[{\"@type\":\"WebPage\",\"@id\":\"https:\\\/\\\/www.clinicaalthea.com\\\/farmacia\\\/sk\\\/apt\\\/nicozero\\\/\",\"url\":\"https:\\\/\\\/www.clinicaalthea.com\\\/farmacia\\\/sk\\\/apt\\\/nicozero\\\/\",\"name\":\"Nicozero - Clinica Althea\",\"isPartOf\":{\"@id\":\"https:\\\/\\\/www.clinicaalthea.com\\\/farmacia\\\/#website\"},\"primaryImageOfPage\":{\"@id\":\"https:\\\/\\\/www.clinicaalthea.com\\\/farmacia\\\/sk\\\/apt\\\/nicozero\\\/#primaryimage\"},\"image\":{\"@id\":\"https:\\\/\\\/www.clinicaalthea.com\\\/farmacia\\\/sk\\\/apt\\\/nicozero\\\/#primaryimage\"},\"thumbnailUrl\":\"https:\\\/\\\/www.clinicaalthea.com\\\/farmacia\\\/wp-content\\\/uploads\\\/2024\\\/07\\\/NICOZERO.jpg\",\"datePublished\":\"2024-07-18T19:17:36+00:00\",\"dateModified\":\"2024-07-18T19:17:39+00:00\",\"breadcrumb\":{\"@id\":\"https:\\\/\\\/www.clinicaalthea.com\\\/farmacia\\\/sk\\\/apt\\\/nicozero\\\/#breadcrumb\"},\"inLanguage\":\"pl-PL\",\"potentialAction\":[{\"@type\":\"ReadAction\",\"target\":[\"https:\\\/\\\/www.clinicaalthea.com\\\/farmacia\\\/sk\\\/apt\\\/nicozero\\\/\"]}]},{\"@type\":\"ImageObject\",\"inLanguage\":\"pl-PL\",\"@id\":\"https:\\\/\\\/www.clinicaalthea.com\\\/farmacia\\\/sk\\\/apt\\\/nicozero\\\/#primaryimage\",\"url\":\"https:\\\/\\\/www.clinicaalthea.com\\\/farmacia\\\/wp-content\\\/uploads\\\/2024\\\/07\\\/NICOZERO.jpg\",\"contentUrl\":\"https:\\\/\\\/www.clinicaalthea.com\\\/farmacia\\\/wp-content\\\/uploads\\\/2024\\\/07\\\/NICOZERO.jpg\",\"width\":768,\"height\":768,\"caption\":\"Nicozero\"},{\"@type\":\"BreadcrumbList\",\"@id\":\"https:\\\/\\\/www.clinicaalthea.com\\\/farmacia\\\/sk\\\/apt\\\/nicozero\\\/#breadcrumb\",\"itemListElement\":[{\"@type\":\"ListItem\",\"position\":1,\"name\":\"Strona g\u0142\u00f3wna\",\"item\":\"https:\\\/\\\/www.clinicaalthea.com\\\/farmacia\\\/\"},{\"@type\":\"ListItem\",\"position\":2,\"name\":\"Produkty\",\"item\":\"https:\\\/\\\/www.clinicaalthea.com\\\/farmacia\\\/\"},{\"@type\":\"ListItem\",\"position\":3,\"name\":\"Nicozero\"}]},{\"@type\":\"WebSite\",\"@id\":\"https:\\\/\\\/www.clinicaalthea.com\\\/farmacia\\\/#website\",\"url\":\"https:\\\/\\\/www.clinicaalthea.com\\\/farmacia\\\/\",\"name\":\"Clinica Althea\",\"description\":\"\",\"publisher\":{\"@id\":\"https:\\\/\\\/www.clinicaalthea.com\\\/farmacia\\\/#organization\"},\"potentialAction\":[{\"@type\":\"SearchAction\",\"target\":{\"@type\":\"EntryPoint\",\"urlTemplate\":\"https:\\\/\\\/www.clinicaalthea.com\\\/farmacia\\\/?s={search_term_string}\"},\"query-input\":{\"@type\":\"PropertyValueSpecification\",\"valueRequired\":true,\"valueName\":\"search_term_string\"}}],\"inLanguage\":\"pl-PL\"},{\"@type\":\"Organization\",\"@id\":\"https:\\\/\\\/www.clinicaalthea.com\\\/farmacia\\\/#organization\",\"name\":\"Clinica Althea\",\"url\":\"https:\\\/\\\/www.clinicaalthea.com\\\/farmacia\\\/\",\"logo\":{\"@type\":\"ImageObject\",\"inLanguage\":\"pl-PL\",\"@id\":\"https:\\\/\\\/www.clinicaalthea.com\\\/farmacia\\\/#\\\/schema\\\/logo\\\/image\\\/\",\"url\":\"https:\\\/\\\/www.clinicaalthea.com\\\/farmacia\\\/wp-content\\\/uploads\\\/2023\\\/12\\\/Jak-diagnozuje-sie-FAS_-objawy-kryteria-diagnostyczne-i-metody-diagnozowania-154162903.jpg\",\"contentUrl\":\"https:\\\/\\\/www.clinicaalthea.com\\\/farmacia\\\/wp-content\\\/uploads\\\/2023\\\/12\\\/Jak-diagnozuje-sie-FAS_-objawy-kryteria-diagnostyczne-i-metody-diagnozowania-154162903.jpg\",\"width\":1216,\"height\":832,\"caption\":\"Clinica Althea\"},\"image\":{\"@id\":\"https:\\\/\\\/www.clinicaalthea.com\\\/farmacia\\\/#\\\/schema\\\/logo\\\/image\\\/\"}}]}<\/script>\n<!-- \/ Yoast SEO plugin. -->","yoast_head_json":{"title":"Nicozero - Clinica Althea","robots":{"index":"index","follow":"follow","max-snippet":"max-snippet:-1","max-image-preview":"max-image-preview:large","max-video-preview":"max-video-preview:-1"},"canonical":"https:\/\/www.clinicaalthea.com\/farmacia\/sk\/apt\/nicozero\/","og_locale":"pl_PL","og_type":"article","og_title":"Nicozero - Clinica Althea","og_description":"39.00 \u20ac 78.00 \u20ac","og_url":"https:\/\/www.clinicaalthea.com\/farmacia\/sk\/apt\/nicozero\/","og_site_name":"Clinica Althea","article_modified_time":"2024-07-18T19:17:39+00:00","og_image":[{"width":768,"height":768,"url":"https:\/\/www.clinicaalthea.com\/farmacia\/wp-content\/uploads\/2024\/07\/NICOZERO.jpg","type":"image\/jpeg"}],"twitter_card":"summary_large_image","twitter_misc":{"Szacowany czas czytania":"6 minut"},"schema":{"@context":"https:\/\/schema.org","@graph":[{"@type":"WebPage","@id":"https:\/\/www.clinicaalthea.com\/farmacia\/sk\/apt\/nicozero\/","url":"https:\/\/www.clinicaalthea.com\/farmacia\/sk\/apt\/nicozero\/","name":"Nicozero - Clinica Althea","isPartOf":{"@id":"https:\/\/www.clinicaalthea.com\/farmacia\/#website"},"primaryImageOfPage":{"@id":"https:\/\/www.clinicaalthea.com\/farmacia\/sk\/apt\/nicozero\/#primaryimage"},"image":{"@id":"https:\/\/www.clinicaalthea.com\/farmacia\/sk\/apt\/nicozero\/#primaryimage"},"thumbnailUrl":"https:\/\/www.clinicaalthea.com\/farmacia\/wp-content\/uploads\/2024\/07\/NICOZERO.jpg","datePublished":"2024-07-18T19:17:36+00:00","dateModified":"2024-07-18T19:17:39+00:00","breadcrumb":{"@id":"https:\/\/www.clinicaalthea.com\/farmacia\/sk\/apt\/nicozero\/#breadcrumb"},"inLanguage":"pl-PL","potentialAction":[{"@type":"ReadAction","target":["https:\/\/www.clinicaalthea.com\/farmacia\/sk\/apt\/nicozero\/"]}]},{"@type":"ImageObject","inLanguage":"pl-PL","@id":"https:\/\/www.clinicaalthea.com\/farmacia\/sk\/apt\/nicozero\/#primaryimage","url":"https:\/\/www.clinicaalthea.com\/farmacia\/wp-content\/uploads\/2024\/07\/NICOZERO.jpg","contentUrl":"https:\/\/www.clinicaalthea.com\/farmacia\/wp-content\/uploads\/2024\/07\/NICOZERO.jpg","width":768,"height":768,"caption":"Nicozero"},{"@type":"BreadcrumbList","@id":"https:\/\/www.clinicaalthea.com\/farmacia\/sk\/apt\/nicozero\/#breadcrumb","itemListElement":[{"@type":"ListItem","position":1,"name":"Strona g\u0142\u00f3wna","item":"https:\/\/www.clinicaalthea.com\/farmacia\/"},{"@type":"ListItem","position":2,"name":"Produkty","item":"https:\/\/www.clinicaalthea.com\/farmacia\/"},{"@type":"ListItem","position":3,"name":"Nicozero"}]},{"@type":"WebSite","@id":"https:\/\/www.clinicaalthea.com\/farmacia\/#website","url":"https:\/\/www.clinicaalthea.com\/farmacia\/","name":"Clinica Althea","description":"","publisher":{"@id":"https:\/\/www.clinicaalthea.com\/farmacia\/#organization"},"potentialAction":[{"@type":"SearchAction","target":{"@type":"EntryPoint","urlTemplate":"https:\/\/www.clinicaalthea.com\/farmacia\/?s={search_term_string}"},"query-input":{"@type":"PropertyValueSpecification","valueRequired":true,"valueName":"search_term_string"}}],"inLanguage":"pl-PL"},{"@type":"Organization","@id":"https:\/\/www.clinicaalthea.com\/farmacia\/#organization","name":"Clinica Althea","url":"https:\/\/www.clinicaalthea.com\/farmacia\/","logo":{"@type":"ImageObject","inLanguage":"pl-PL","@id":"https:\/\/www.clinicaalthea.com\/farmacia\/#\/schema\/logo\/image\/","url":"https:\/\/www.clinicaalthea.com\/farmacia\/wp-content\/uploads\/2023\/12\/Jak-diagnozuje-sie-FAS_-objawy-kryteria-diagnostyczne-i-metody-diagnozowania-154162903.jpg","contentUrl":"https:\/\/www.clinicaalthea.com\/farmacia\/wp-content\/uploads\/2023\/12\/Jak-diagnozuje-sie-FAS_-objawy-kryteria-diagnostyczne-i-metody-diagnozowania-154162903.jpg","width":1216,"height":832,"caption":"Clinica Althea"},"image":{"@id":"https:\/\/www.clinicaalthea.com\/farmacia\/#\/schema\/logo\/image\/"}}]}},"lang":"sk","translations":{"sk":7537,"pl":7502,"bg":7505,"cs":7507,"de":7509,"et":7511,"es":7513,"hu":7515,"ro":7517,"pt":7519,"it":7521,"el":7523,"lv":7525,"sl":7527,"nl":7529,"fr":7533,"lt":7535},"pll_sync_post":[],"_links":{"self":[{"href":"https:\/\/www.clinicaalthea.com\/farmacia\/wp-json\/wp\/v2\/product\/7537","targetHints":{"allow":["GET"]}}],"collection":[{"href":"https:\/\/www.clinicaalthea.com\/farmacia\/wp-json\/wp\/v2\/product"}],"about":[{"href":"https:\/\/www.clinicaalthea.com\/farmacia\/wp-json\/wp\/v2\/types\/product"}],"replies":[{"embeddable":true,"href":"https:\/\/www.clinicaalthea.com\/farmacia\/wp-json\/wp\/v2\/comments?post=7537"}],"wp:featuredmedia":[{"embeddable":true,"href":"https:\/\/www.clinicaalthea.com\/farmacia\/wp-json\/wp\/v2\/media\/7503"}],"wp:attachment":[{"href":"https:\/\/www.clinicaalthea.com\/farmacia\/wp-json\/wp\/v2\/media?parent=7537"}],"wp:term":[{"taxonomy":"product_brand","embeddable":true,"href":"https:\/\/www.clinicaalthea.com\/farmacia\/wp-json\/wp\/v2\/product_brand?post=7537"},{"taxonomy":"product_cat","embeddable":true,"href":"https:\/\/www.clinicaalthea.com\/farmacia\/wp-json\/wp\/v2\/product_cat?post=7537"},{"taxonomy":"product_tag","embeddable":true,"href":"https:\/\/www.clinicaalthea.com\/farmacia\/wp-json\/wp\/v2\/product_tag?post=7537"}],"curies":[{"name":"wp","href":"https:\/\/api.w.org\/{rel}","templated":true}]}}