{"id":7280,"date":"2024-07-18T11:19:18","date_gmt":"2024-07-18T10:19:18","guid":{"rendered":"https:\/\/mayoguide.org\/produkty\/?post_type=product&#038;p=7280"},"modified":"2024-07-18T11:25:16","modified_gmt":"2024-07-18T10:25:16","slug":"hondrolife","status":"publish","type":"product","link":"https:\/\/www.clinicaalthea.com\/farmacia\/sk\/apt\/hondrolife\/","title":{"rendered":"Hondrolife"},"content":{"rendered":"\n<h2 class=\"wp-block-heading\">\u010co je Hondrolife a ako funguje?<\/h2>\n\n\n\n<p><b>Hondrolife<\/b> je inovat\u00edvny sprej ur\u010den\u00fd na podporu zdravia k\u013abov. Pozost\u00e1va z jedine\u010dn\u00e9ho zlo\u017eenia pr\u00edrodn\u00fdch zlo\u017eiek, ktor\u00e9 synergicky p\u00f4sobia na \u00fa\u013eavu od bolesti k\u013abov a podporuj\u00fa regener\u00e1ciu k\u013abovej chrupavky. V\u010faka svojmu \u00fa\u010dinku sa <b>Hondrolife<\/b> odli\u0161uje od ostatn\u00fdch doplnkov v\u00fd\u017eivy na trhu.<\/p>\n\n\n\n<h2 class=\"wp-block-heading\">V\u00fdhody Hondrolife &#8211; \u00da\u010dinky<\/h2>\n\n\n\n<p>Pou\u017e\u00edvanie doplnku stravy <b>Hondrolife<\/b> <b>prin\u00e1\u0161a<\/b> mnoh\u00e9 <b>v\u00fdhody pre<\/b> zdravie k\u013abov, podporuje proces regener\u00e1cie a zni\u017euje nepr\u00edjemn\u00e9 pocity. V\u010faka pr\u00edrodn\u00fdm zlo\u017ek\u00e1m a ich synergick\u00e9mu p\u00f4sobeniu je Hondrolife \u00fa\u010dinnou podporou pre \u013eud\u00ed, ktor\u00ed bojuj\u00fa s probl\u00e9mami s k\u013abmi.<\/p>\n\n\n\n<ul class=\"wp-block-list\">\n<li><strong>Regul\u00e1cia bolesti k\u013abov:<\/strong> Hondrolife pom\u00e1ha zmier\u0148ova\u0165 boles\u0165 k\u013abov t\u00fdm, \u017ee p\u00f4sob\u00ed ako pr\u00edrodn\u00fd liek proti bolesti. Pravideln\u00e9 u\u017e\u00edvanie doplnku m\u00f4\u017ee poskytn\u00fa\u0165 \u00fa\u013eavu t\u00fdm, ktor\u00ed trpia chronick\u00fdmi k\u013abov\u00fdmi \u0165a\u017ekos\u0165ami.<\/li>\n\n\n\n<li><strong>Zn\u00ed\u017eenie z\u00e1palu:<\/strong> Hondrolife m\u00f4\u017ee v\u010faka svojim protiz\u00e1palov\u00fdm zlo\u017ek\u00e1m pom\u00f4c\u0165 zn\u00ed\u017ei\u0165 z\u00e1pal k\u013abov. To je d\u00f4le\u017eit\u00e9 pre \u013eud\u00ed s ochoreniami, ako je artrit\u00edda alebo artr\u00f3za.<\/li>\n\n\n\n<li><strong>Regener\u00e1cia k\u013abovej chrupavky:<\/strong> Zlo\u017eky v Hondrolife podporuj\u00fa obnovu a regener\u00e1ciu k\u013abovej chrupavky, ktor\u00e1 je k\u013e\u00fa\u010dom k udr\u017eaniu zdrav\u00fdch a pru\u017en\u00fdch k\u013abov.<\/li>\n\n\n\n<li><strong>Zlep\u0161enie flexibility k\u013abov:<\/strong> Pravideln\u00e9 pou\u017e\u00edvanie Hondrolife m\u00f4\u017ee pom\u00f4c\u0165 zv\u00fd\u0161i\u0165 flexibilitu k\u013abov a zlep\u0161i\u0165 rozsah pohybu k\u013abov. To m\u00f4\u017ee by\u0165 obzvl\u00e1\u0161\u0165 prospe\u0161n\u00e9 pre star\u0161\u00edch \u013eud\u00ed alebo pre t\u00fdch, ktor\u00ed s\u00fa fyzicky akt\u00edvni.<\/li>\n<\/ul>\n\n\n\n<p>V\u010faka svojim priazniv\u00fdm \u00fa\u010dinkom m\u00f4\u017ee by\u0165 Hondrolife \u00fa\u010dinnou podporou pre \u013eud\u00ed, ktor\u00ed bojuj\u00fa s boles\u0165ami a probl\u00e9mami k\u013abov, umo\u017e\u0148uje im vies\u0165 akt\u00edvny \u017eivotn\u00fd \u0161t\u00fdl a te\u0161i\u0165 sa zo zdrav\u00fdch a funk\u010dn\u00fdch k\u013abov.<\/p>\n\n\n\n<h2 class=\"wp-block-heading\">Ako pou\u017e\u00edva\u0165 Hondrolife &#8211; n\u00e1vod na pou\u017eitie a d\u00e1vkovanie<\/h2>\n\n\n\n<p>K\u013e\u00fa\u010dom k dosiahnutiu maxim\u00e1lnych <b>v\u00fdhod<\/b> je spr\u00e1vne pou\u017e\u00edvanie pr\u00edpravku Hondrolife. Na efekt\u00edvne a bezpe\u010dn\u00e9 pou\u017e\u00edvanie tohto doplnku je d\u00f4le\u017eit\u00e9 dodr\u017eiava\u0165 spr\u00e1vne pokyny na aplik\u00e1ciu a d\u00e1vkovanie.<\/p>\n\n\n\n<p>Pred prv\u00fdm pou\u017eit\u00edm lieku Hondrolife sa odpor\u00fa\u010da predov\u0161etk\u00fdm pozorne si pre\u010d\u00edta\u0165 pr\u00edbalov\u00fd let\u00e1k. Pr\u00edbalov\u00fd let\u00e1k obsahuje d\u00f4le\u017eit\u00e9 inform\u00e1cie o sp\u00f4sobe aplik\u00e1cie, odpor\u00fa\u010danom d\u00e1vkovan\u00ed a mo\u017en\u00fdch kontraindik\u00e1ci\u00e1ch.<\/p>\n\n\n\n<p>Ak chcete spr\u00e1vne pou\u017e\u00edva\u0165 Hondrolife, postupujte pod\u013ea ni\u017e\u0161ie uveden\u00fdch pokynov:<\/p>\n\n\n\n<ol class=\"wp-block-list\">\n<li>Pred aplik\u00e1ciou Hondrolife sa uistite, \u017ee poko\u017eka v oblasti postihnutej boles\u0165ou k\u013abov je \u010dist\u00e1 a such\u00e1.<\/li>\n\n\n\n<li>Nastriekajte priamo na poko\u017eku v postihnutej oblasti. Uistite sa, \u017ee je sprej rovnomerne rozpt\u00fdlen\u00fd po poko\u017eke.<\/li>\n\n\n\n<li>Sprej jemne vmas\u00edrujte do poko\u017eky. Mas\u00edrujte kr\u00fa\u017eiv\u00fdmi pohybmi, k\u00fdm sa pr\u00edpravok \u00faplne nevstrebe.<\/li>\n\n\n\n<li>Po aplik\u00e1cii pr\u00edpravku Hondrolife sa odpor\u00fa\u010da, aby sa miesto, kde bol sprej aplikovan\u00fd, pribli\u017ene 1-2 hodiny nenam\u00e1\u010dalo.<\/li>\n\n\n\n<li><b>D\u00e1vkovanie lie<\/b> ku Hondrolife sa m\u00f4\u017ee l\u00ed\u0161i\u0165 v z\u00e1vislosti od individu\u00e1lnych potrieb. V\u017edy sa odpor\u00fa\u010da poradi\u0165 sa so svoj\u00edm lek\u00e1rom, aby ur\u010dil optim\u00e1lne mno\u017estvo a frekvenciu u\u017e\u00edvania.<\/li>\n<\/ol>\n\n\n\n<p>Dodr\u017eiavan\u00edm n\u00e1vodu na pou\u017eitie lieku Hondrolife dosiahnete maxim\u00e1lne <b>v\u00fdsledky<\/b> pri zmier\u0148ovan\u00ed bolesti k\u013abov a podpore zdravia k\u013abov. D\u00f4le\u017eit\u00e9 je tie\u017e pou\u017e\u00edva\u0165 v\u00fdrobok pravidelne, ako je uveden\u00e9.<\/p>\n\n\n\n<h2 class=\"wp-block-heading\">Hondrolife recenzie &#8211; \u010co hovoria pou\u017e\u00edvatelia na f\u00f3rach?<\/h2>\n\n\n\n<p><b>Recenzie pou\u017e\u00edvate\u013eov<\/b> Hondrolife s\u00fa d\u00f4le\u017eit\u00fdm zdrojom inform\u00e1ci\u00ed pre potenci\u00e1lnych z\u00e1kazn\u00edkov. Mnoh\u00ed \u013eudia uverej\u0148uj\u00fa pozit\u00edvne koment\u00e1re na zdravotn\u00fdch f\u00f3rach, v ktor\u00fdch zd\u00f4raz\u0148uj\u00fa \u00fa\u010dinnos\u0165 Hondrolife pri zmier\u0148ovan\u00ed bolesti k\u013abov a zlep\u0161ovan\u00ed ich pru\u017enosti. Pre\u010d\u00edtajte si recenzie na f\u00f3rach, aby ste sa dozvedeli viac o sk\u00fasenostiach in\u00fdch pou\u017e\u00edvate\u013eov s pou\u017e\u00edvan\u00edm Hondrolife.<\/p>\n\n\n\n<blockquote class=\"wp-block-quote is-layout-flow wp-block-quote-is-layout-flow\">\n<p>Hondrolife je naozaj skvel\u00fd doplnok pre k\u013aby. Pou\u017e\u00edvam ho u\u017e nieko\u013eko mesiacov a zaznamenal som obrovsk\u00e9 zlep\u0161enie zdravia k\u013abov. Boles\u0165 je ove\u013ea men\u0161ia a k\u013aby s\u00fa pru\u017enej\u0161ie. Odpor\u00fa\u010dam ho ka\u017ed\u00e9mu, kto bojuje s t\u00fdmto ochoren\u00edm! &#8211; Anna123, forumzdrowia.pl<\/p>\n<\/blockquote>\n\n\n\n<p>Pozit\u00edvne recenzie Hondrolife potvrdzuj\u00fa \u00fa\u010dinnos\u0165 tohto doplnku pri zmier\u0148ovan\u00ed bolesti a zlep\u0161ovan\u00ed zdravia k\u013abov. Pred za\u010dat\u00edm u\u017e\u00edvania doplnku je v\u0161ak v\u017edy vhodn\u00e9 poradi\u0165 sa s lek\u00e1rom, aby upravil <b>d\u00e1vkovanie<\/b> a potvrdil jeho bezpe\u010dnos\u0165 pre individu\u00e1lne zdravotn\u00e9 potreby.<\/p>\n\n\n\n<figure class=\"wp-block-table\"><table><tbody><tr><th>N\u00e1zory<\/th><th>Hodnotenie<\/th><\/tr><tr><td>Hondrolife je senza\u010dn\u00fd doplnok, ktor\u00fd mi pomohol s boles\u0165ou k\u013abov. Vrelo ho odpor\u00fa\u010dam!<\/td><td>5\/5<\/td><\/tr><tr><td>Pozit\u00edvne <b>\u00fa\u010dinky<\/b> som zaznamenal po nieko\u013ek\u00fdch t\u00fd\u017ed\u0148och pou\u017e\u00edvania Hondrolife. Moje k\u013aby s\u00fa pru\u017enej\u0161ie a m\u00e1m ove\u013ea menej bolesti.<\/td><td>4\/5<\/td><\/tr><tr><td>Odkedy som za\u010dal pou\u017e\u00edva\u0165 Hondrolife, prestali ma bolie\u0165 k\u013aby. S v\u00fdsledkami som spokojn\u00fd.<\/td><td>5\/5<\/td><\/tr><\/tbody><\/table><\/figure>\n\n\n\n<h2 class=\"wp-block-heading\">Zlo\u017eenie Hondrolife &#8211; anal\u00fdza zlo\u017eiek<\/h2>\n\n\n\n<p>Hondrolife je <b>doplnok na zdravie k\u013abov<\/b>, ktor\u00fd obsahuje starostlivo vybran\u00e9 pr\u00edrodn\u00e9 zlo\u017eky. Jeho zlo\u017eenie je zalo\u017een\u00e9 na jedine\u010dnej kombin\u00e1cii glukozam\u00ednu, chondroit\u00ednu, v\u00fd\u0165a\u017eku z kurkumy a \u010dajovn\u00edkov\u00e9ho oleja. Tieto <b>pr\u00edrodn\u00e9 zlo\u017eky<\/b> p\u00f4sobia synergicky, aby poskytli \u00fa\u013eavu od bolesti k\u013abov a podporili proces regener\u00e1cie k\u013abovej chrupavky.<\/p>\n\n\n\n<figure class=\"wp-block-table\"><table><tbody><tr><th>Zlo\u017eky<\/th><th>V\u00fdhody<\/th><\/tr><tr><td>Glukosam\u00edn<\/td><td>Pom\u00e1ha obnovi\u0165 k\u013abov\u00fa chrupavku<\/td><\/tr><tr><td>Chondroit\u00edn<\/td><td>Podporuje flexibilitu k\u013abov<\/td><\/tr><tr><td>V\u00fd\u0165a\u017eok z kurkumy<\/td><td>Zni\u017euje z\u00e1pal a zmier\u0148uje boles\u0165 k\u013abov<\/td><\/tr><tr><td>\u010cajovn\u00edkov\u00fd olej<\/td><td>M\u00e1 protiz\u00e1palov\u00e9 a antiseptick\u00e9 \u00fa\u010dinky<\/td><\/tr><\/tbody><\/table><\/figure>\n\n\n\n<p>V\u010faka tejto vyv\u00e1\u017eenej kombin\u00e1cii zlo\u017eiek je Hondrolife \u00fa\u010dinnou podporou zdravia k\u013abov. <b>Zlo\u017eenie<\/b> doplnku bolo starostlivo navrhnut\u00e9 tak, aby poskytovalo maxim\u00e1lny <b>\u00fa\u017eitok<\/b> a \u00fa\u010dinnos\u0165 pri zmier\u0148ovan\u00ed bolesti k\u013abov a podporovalo ich regener\u00e1ciu.<\/p>\n\n\n\n<h2 class=\"wp-block-heading\">Hondrolife cena &#8211; Kde nak\u00fapi\u0165?<\/h2>\n\n\n\n<p>Ak si chcete k\u00fapi\u0165 Hondrolife, najlep\u0161ie je \u00eds\u0165 priamo na ofici\u00e1lnu webov\u00fa str\u00e1nku v\u00fdrobcu. Tam n\u00e1jdete autentick\u00fd v\u00fdrobok a budete ma\u0165 tie\u017e pr\u00edstup k r\u00f4znym akci\u00e1m a propaga\u010dn\u00fdm bal\u00edkom. Ke\u010f si k\u00fapite Hondrolife z ofici\u00e1lnej webovej str\u00e1nky, m\u00f4\u017eete si by\u0165 ist\u00ed, \u017ee dostanete origin\u00e1lny v\u00fdrobok, ktor\u00fd sp\u013a\u0148a najvy\u0161\u0161ie \u0161tandardy kvality. Okrem toho ofici\u00e1lna <b>webov\u00e1 str\u00e1nka v\u00fdrobcu<\/b> poskytuje bezpe\u010dn\u00e9 sp\u00f4soby platby, tak\u017ee v\u00e1\u0161 n\u00e1kup je \u00faplne bezpe\u010dn\u00fd a d\u00f4vern\u00fd.<\/p>\n\n\n\n<h2 class=\"wp-block-heading\">Mo\u017en\u00e9 ved\u013eaj\u0161ie \u00fa\u010dinky a kontraindik\u00e1cie lieku Hondrolife<\/h2>\n\n\n\n<p>Hoci je Hondrolife zalo\u017een\u00fd na pr\u00edrodn\u00fdch zlo\u017ek\u00e1ch, existuje potenci\u00e1lne riziko ved\u013eaj\u0161\u00edch \u00fa\u010dinkov alebo kontraindik\u00e1ci\u00ed. Je potrebn\u00e9 poznamena\u0165, \u017ee <b>ved\u013eaj\u0161ie \u00fa\u010dinky<\/b> Hondrolife s\u00fa zriedkav\u00e9 a postihuj\u00fa najm\u00e4 \u013eud\u00ed s citlivou poko\u017ekou. M\u00f4\u017ee sa vyskytn\u00fa\u0165 podr\u00e1\u017edenie ko\u017ee v mieste aplik\u00e1cie.<\/p>\n\n\n\n<p>Aby sa predi\u0161lo ne\u017eiaducim reakci\u00e1m, pred za\u010dat\u00edm u\u017e\u00edvania lieku Hondrolife sa v\u017edy odpor\u00fa\u010da poradi\u0165 sa s lek\u00e1rom, najm\u00e4 v pr\u00edpade alergikov alebo tehotn\u00fdch \u017eien. V\u00e1\u0161 lek\u00e1r bude schopn\u00fd presne pos\u00fadi\u0165, \u010di je doplnok pre v\u00e1s vhodn\u00fd a bezpe\u010dn\u00fd.<\/p>\n\n\n\n<p>Nezabudnite, \u017ee doplnky stravy nie s\u00fa pre ka\u017ed\u00e9ho a ka\u017ed\u00fd organizmus m\u00f4\u017ee reagova\u0165 inak. Bez oh\u013eadu na to, \u010di m\u00e1te ved\u013eaj\u0161ie \u00fa\u010dinky alebo nie, je v\u017edy d\u00f4le\u017eit\u00e9 dodr\u017eiava\u0165 odpor\u00fa\u010dania t\u00fdkaj\u00face sa d\u00e1vkovania a pokyny na pou\u017e\u00edvanie Hondrolife.<\/p>\n","protected":false},"excerpt":{"rendered":"<p><strong>159.00 z\u0142<\/strong><del>318.00 z\u0142<\/del><strong>[date_countdown]<\/strong>.<\/p>\n","protected":false},"featured_media":7253,"comment_status":"open","ping_status":"closed","template":"","meta":{"neve_meta_sidebar":"","neve_meta_container":"","neve_meta_enable_content_width":"","neve_meta_content_width":0,"neve_meta_title_alignment":"","neve_meta_author_avatar":"","neve_post_elements_order":"","neve_meta_disable_header":"","neve_meta_disable_footer":"","neve_meta_disable_title":"","neve_meta_reading_time":""},"product_brand":[],"product_cat":[169],"product_tag":[],"class_list":{"0":"post-7280","1":"product","2":"type-product","3":"status-publish","4":"has-post-thumbnail","6":"product_cat-zdravie","8":"first","9":"instock","10":"shipping-taxable","11":"product-type-external"},"yoast_head":"<!-- This site is optimized with the Yoast SEO plugin v27.4 - https:\/\/yoast.com\/product\/yoast-seo-wordpress\/ -->\n<title>Hondrolife - Clinica Althea<\/title>\n<meta name=\"robots\" content=\"index, follow, max-snippet:-1, max-image-preview:large, max-video-preview:-1\" \/>\n<link rel=\"canonical\" href=\"https:\/\/www.clinicaalthea.com\/farmacia\/sk\/apt\/hondrolife\/\" \/>\n<meta property=\"og:locale\" content=\"pl_PL\" \/>\n<meta property=\"og:type\" content=\"article\" \/>\n<meta property=\"og:title\" content=\"Hondrolife - Clinica Althea\" \/>\n<meta property=\"og:description\" content=\"159.00 z\u0142318.00 z\u0142.\" \/>\n<meta property=\"og:url\" content=\"https:\/\/www.clinicaalthea.com\/farmacia\/sk\/apt\/hondrolife\/\" \/>\n<meta property=\"og:site_name\" content=\"Clinica Althea\" \/>\n<meta property=\"article:modified_time\" content=\"2024-07-18T10:25:16+00:00\" \/>\n<meta property=\"og:image\" content=\"https:\/\/www.clinicaalthea.com\/farmacia\/wp-content\/uploads\/2024\/07\/HONDROLIFE.jpg\" \/>\n\t<meta property=\"og:image:width\" content=\"768\" \/>\n\t<meta property=\"og:image:height\" content=\"768\" \/>\n\t<meta property=\"og:image:type\" content=\"image\/jpeg\" \/>\n<meta name=\"twitter:card\" content=\"summary_large_image\" \/>\n<meta name=\"twitter:label1\" content=\"Szacowany czas czytania\" \/>\n\t<meta name=\"twitter:data1\" content=\"6 minut\" \/>\n<script type=\"application\/ld+json\" class=\"yoast-schema-graph\">{\"@context\":\"https:\\\/\\\/schema.org\",\"@graph\":[{\"@type\":\"WebPage\",\"@id\":\"https:\\\/\\\/www.clinicaalthea.com\\\/farmacia\\\/sk\\\/apt\\\/hondrolife\\\/\",\"url\":\"https:\\\/\\\/www.clinicaalthea.com\\\/farmacia\\\/sk\\\/apt\\\/hondrolife\\\/\",\"name\":\"Hondrolife - Clinica Althea\",\"isPartOf\":{\"@id\":\"https:\\\/\\\/www.clinicaalthea.com\\\/farmacia\\\/#website\"},\"primaryImageOfPage\":{\"@id\":\"https:\\\/\\\/www.clinicaalthea.com\\\/farmacia\\\/sk\\\/apt\\\/hondrolife\\\/#primaryimage\"},\"image\":{\"@id\":\"https:\\\/\\\/www.clinicaalthea.com\\\/farmacia\\\/sk\\\/apt\\\/hondrolife\\\/#primaryimage\"},\"thumbnailUrl\":\"https:\\\/\\\/www.clinicaalthea.com\\\/farmacia\\\/wp-content\\\/uploads\\\/2024\\\/07\\\/HONDROLIFE.jpg\",\"datePublished\":\"2024-07-18T10:19:18+00:00\",\"dateModified\":\"2024-07-18T10:25:16+00:00\",\"breadcrumb\":{\"@id\":\"https:\\\/\\\/www.clinicaalthea.com\\\/farmacia\\\/sk\\\/apt\\\/hondrolife\\\/#breadcrumb\"},\"inLanguage\":\"pl-PL\",\"potentialAction\":[{\"@type\":\"ReadAction\",\"target\":[\"https:\\\/\\\/www.clinicaalthea.com\\\/farmacia\\\/sk\\\/apt\\\/hondrolife\\\/\"]}]},{\"@type\":\"ImageObject\",\"inLanguage\":\"pl-PL\",\"@id\":\"https:\\\/\\\/www.clinicaalthea.com\\\/farmacia\\\/sk\\\/apt\\\/hondrolife\\\/#primaryimage\",\"url\":\"https:\\\/\\\/www.clinicaalthea.com\\\/farmacia\\\/wp-content\\\/uploads\\\/2024\\\/07\\\/HONDROLIFE.jpg\",\"contentUrl\":\"https:\\\/\\\/www.clinicaalthea.com\\\/farmacia\\\/wp-content\\\/uploads\\\/2024\\\/07\\\/HONDROLIFE.jpg\",\"width\":768,\"height\":768,\"caption\":\"Hondrolife\"},{\"@type\":\"BreadcrumbList\",\"@id\":\"https:\\\/\\\/www.clinicaalthea.com\\\/farmacia\\\/sk\\\/apt\\\/hondrolife\\\/#breadcrumb\",\"itemListElement\":[{\"@type\":\"ListItem\",\"position\":1,\"name\":\"Strona g\u0142\u00f3wna\",\"item\":\"https:\\\/\\\/www.clinicaalthea.com\\\/farmacia\\\/\"},{\"@type\":\"ListItem\",\"position\":2,\"name\":\"Produkty\",\"item\":\"https:\\\/\\\/www.clinicaalthea.com\\\/farmacia\\\/\"},{\"@type\":\"ListItem\",\"position\":3,\"name\":\"Hondrolife\"}]},{\"@type\":\"WebSite\",\"@id\":\"https:\\\/\\\/www.clinicaalthea.com\\\/farmacia\\\/#website\",\"url\":\"https:\\\/\\\/www.clinicaalthea.com\\\/farmacia\\\/\",\"name\":\"Clinica Althea\",\"description\":\"\",\"publisher\":{\"@id\":\"https:\\\/\\\/www.clinicaalthea.com\\\/farmacia\\\/#organization\"},\"potentialAction\":[{\"@type\":\"SearchAction\",\"target\":{\"@type\":\"EntryPoint\",\"urlTemplate\":\"https:\\\/\\\/www.clinicaalthea.com\\\/farmacia\\\/?s={search_term_string}\"},\"query-input\":{\"@type\":\"PropertyValueSpecification\",\"valueRequired\":true,\"valueName\":\"search_term_string\"}}],\"inLanguage\":\"pl-PL\"},{\"@type\":\"Organization\",\"@id\":\"https:\\\/\\\/www.clinicaalthea.com\\\/farmacia\\\/#organization\",\"name\":\"Clinica Althea\",\"url\":\"https:\\\/\\\/www.clinicaalthea.com\\\/farmacia\\\/\",\"logo\":{\"@type\":\"ImageObject\",\"inLanguage\":\"pl-PL\",\"@id\":\"https:\\\/\\\/www.clinicaalthea.com\\\/farmacia\\\/#\\\/schema\\\/logo\\\/image\\\/\",\"url\":\"https:\\\/\\\/www.clinicaalthea.com\\\/farmacia\\\/wp-content\\\/uploads\\\/2023\\\/12\\\/Jak-diagnozuje-sie-FAS_-objawy-kryteria-diagnostyczne-i-metody-diagnozowania-154162903.jpg\",\"contentUrl\":\"https:\\\/\\\/www.clinicaalthea.com\\\/farmacia\\\/wp-content\\\/uploads\\\/2023\\\/12\\\/Jak-diagnozuje-sie-FAS_-objawy-kryteria-diagnostyczne-i-metody-diagnozowania-154162903.jpg\",\"width\":1216,\"height\":832,\"caption\":\"Clinica Althea\"},\"image\":{\"@id\":\"https:\\\/\\\/www.clinicaalthea.com\\\/farmacia\\\/#\\\/schema\\\/logo\\\/image\\\/\"}}]}<\/script>\n<!-- \/ Yoast SEO plugin. -->","yoast_head_json":{"title":"Hondrolife - Clinica Althea","robots":{"index":"index","follow":"follow","max-snippet":"max-snippet:-1","max-image-preview":"max-image-preview:large","max-video-preview":"max-video-preview:-1"},"canonical":"https:\/\/www.clinicaalthea.com\/farmacia\/sk\/apt\/hondrolife\/","og_locale":"pl_PL","og_type":"article","og_title":"Hondrolife - Clinica Althea","og_description":"159.00 z\u0142318.00 z\u0142.","og_url":"https:\/\/www.clinicaalthea.com\/farmacia\/sk\/apt\/hondrolife\/","og_site_name":"Clinica Althea","article_modified_time":"2024-07-18T10:25:16+00:00","og_image":[{"width":768,"height":768,"url":"https:\/\/www.clinicaalthea.com\/farmacia\/wp-content\/uploads\/2024\/07\/HONDROLIFE.jpg","type":"image\/jpeg"}],"twitter_card":"summary_large_image","twitter_misc":{"Szacowany czas czytania":"6 minut"},"schema":{"@context":"https:\/\/schema.org","@graph":[{"@type":"WebPage","@id":"https:\/\/www.clinicaalthea.com\/farmacia\/sk\/apt\/hondrolife\/","url":"https:\/\/www.clinicaalthea.com\/farmacia\/sk\/apt\/hondrolife\/","name":"Hondrolife - Clinica Althea","isPartOf":{"@id":"https:\/\/www.clinicaalthea.com\/farmacia\/#website"},"primaryImageOfPage":{"@id":"https:\/\/www.clinicaalthea.com\/farmacia\/sk\/apt\/hondrolife\/#primaryimage"},"image":{"@id":"https:\/\/www.clinicaalthea.com\/farmacia\/sk\/apt\/hondrolife\/#primaryimage"},"thumbnailUrl":"https:\/\/www.clinicaalthea.com\/farmacia\/wp-content\/uploads\/2024\/07\/HONDROLIFE.jpg","datePublished":"2024-07-18T10:19:18+00:00","dateModified":"2024-07-18T10:25:16+00:00","breadcrumb":{"@id":"https:\/\/www.clinicaalthea.com\/farmacia\/sk\/apt\/hondrolife\/#breadcrumb"},"inLanguage":"pl-PL","potentialAction":[{"@type":"ReadAction","target":["https:\/\/www.clinicaalthea.com\/farmacia\/sk\/apt\/hondrolife\/"]}]},{"@type":"ImageObject","inLanguage":"pl-PL","@id":"https:\/\/www.clinicaalthea.com\/farmacia\/sk\/apt\/hondrolife\/#primaryimage","url":"https:\/\/www.clinicaalthea.com\/farmacia\/wp-content\/uploads\/2024\/07\/HONDROLIFE.jpg","contentUrl":"https:\/\/www.clinicaalthea.com\/farmacia\/wp-content\/uploads\/2024\/07\/HONDROLIFE.jpg","width":768,"height":768,"caption":"Hondrolife"},{"@type":"BreadcrumbList","@id":"https:\/\/www.clinicaalthea.com\/farmacia\/sk\/apt\/hondrolife\/#breadcrumb","itemListElement":[{"@type":"ListItem","position":1,"name":"Strona g\u0142\u00f3wna","item":"https:\/\/www.clinicaalthea.com\/farmacia\/"},{"@type":"ListItem","position":2,"name":"Produkty","item":"https:\/\/www.clinicaalthea.com\/farmacia\/"},{"@type":"ListItem","position":3,"name":"Hondrolife"}]},{"@type":"WebSite","@id":"https:\/\/www.clinicaalthea.com\/farmacia\/#website","url":"https:\/\/www.clinicaalthea.com\/farmacia\/","name":"Clinica Althea","description":"","publisher":{"@id":"https:\/\/www.clinicaalthea.com\/farmacia\/#organization"},"potentialAction":[{"@type":"SearchAction","target":{"@type":"EntryPoint","urlTemplate":"https:\/\/www.clinicaalthea.com\/farmacia\/?s={search_term_string}"},"query-input":{"@type":"PropertyValueSpecification","valueRequired":true,"valueName":"search_term_string"}}],"inLanguage":"pl-PL"},{"@type":"Organization","@id":"https:\/\/www.clinicaalthea.com\/farmacia\/#organization","name":"Clinica Althea","url":"https:\/\/www.clinicaalthea.com\/farmacia\/","logo":{"@type":"ImageObject","inLanguage":"pl-PL","@id":"https:\/\/www.clinicaalthea.com\/farmacia\/#\/schema\/logo\/image\/","url":"https:\/\/www.clinicaalthea.com\/farmacia\/wp-content\/uploads\/2023\/12\/Jak-diagnozuje-sie-FAS_-objawy-kryteria-diagnostyczne-i-metody-diagnozowania-154162903.jpg","contentUrl":"https:\/\/www.clinicaalthea.com\/farmacia\/wp-content\/uploads\/2023\/12\/Jak-diagnozuje-sie-FAS_-objawy-kryteria-diagnostyczne-i-metody-diagnozowania-154162903.jpg","width":1216,"height":832,"caption":"Clinica Althea"},"image":{"@id":"https:\/\/www.clinicaalthea.com\/farmacia\/#\/schema\/logo\/image\/"}}]}},"lang":"sk","translations":{"sk":7280,"pl":7251,"hu":7262,"ro":7266,"cs":7272,"bg":7276,"es":7284,"de":7290,"it":7292,"fr":7298,"el":7300,"pt":7303,"sl":7306},"pll_sync_post":[],"_links":{"self":[{"href":"https:\/\/www.clinicaalthea.com\/farmacia\/wp-json\/wp\/v2\/product\/7280","targetHints":{"allow":["GET"]}}],"collection":[{"href":"https:\/\/www.clinicaalthea.com\/farmacia\/wp-json\/wp\/v2\/product"}],"about":[{"href":"https:\/\/www.clinicaalthea.com\/farmacia\/wp-json\/wp\/v2\/types\/product"}],"replies":[{"embeddable":true,"href":"https:\/\/www.clinicaalthea.com\/farmacia\/wp-json\/wp\/v2\/comments?post=7280"}],"wp:featuredmedia":[{"embeddable":true,"href":"https:\/\/www.clinicaalthea.com\/farmacia\/wp-json\/wp\/v2\/media\/7253"}],"wp:attachment":[{"href":"https:\/\/www.clinicaalthea.com\/farmacia\/wp-json\/wp\/v2\/media?parent=7280"}],"wp:term":[{"taxonomy":"product_brand","embeddable":true,"href":"https:\/\/www.clinicaalthea.com\/farmacia\/wp-json\/wp\/v2\/product_brand?post=7280"},{"taxonomy":"product_cat","embeddable":true,"href":"https:\/\/www.clinicaalthea.com\/farmacia\/wp-json\/wp\/v2\/product_cat?post=7280"},{"taxonomy":"product_tag","embeddable":true,"href":"https:\/\/www.clinicaalthea.com\/farmacia\/wp-json\/wp\/v2\/product_tag?post=7280"}],"curies":[{"name":"wp","href":"https:\/\/api.w.org\/{rel}","templated":true}]}}