{"id":7188,"date":"2024-07-18T10:58:19","date_gmt":"2024-07-18T09:58:19","guid":{"rendered":"https:\/\/mayoguide.org\/produkty\/?post_type=product&#038;p=7188"},"modified":"2024-07-18T11:13:24","modified_gmt":"2024-07-18T10:13:24","slug":"hondrofrost","status":"publish","type":"product","link":"https:\/\/www.clinicaalthea.com\/farmacia\/hu\/apt\/hondrofrost\/","title":{"rendered":"Hondrofrost"},"content":{"rendered":"\n<h2 class=\"wp-block-heading\">Milyen t\u00edpus\u00fa gy\u00f3gyszer a Hondrofrost \u00e9s hogyan fejti ki hat\u00e1s\u00e1t?<\/h2>\n\n\n\n<p>A <b>Hondrofrost<\/b> egy innovat\u00edv <em>\u00edz\u00fcleti kr\u00e9m<\/em>, amelyet \u00edz\u00fcleti panaszokkal k\u00fczd\u0151 emberek sz\u00e1m\u00e1ra fejlesztettek ki. Az anyagcsere serkent\u00e9s\u00e9vel hat, ami hozz\u00e1j\u00e1rul a f\u00e1jdalom gyors enyh\u00fcl\u00e9s\u00e9hez, kellemes h\u0171s\u00edt\u0151 \u00e9s pihentet\u0151 \u00e9rz\u00e9st biztos\u00edt.<\/p>\n\n\n\n<p>A <em>Hondrofrost<\/em> <b>hat\u00e9konys\u00e1ga<\/b> m\u00e1r r\u00f6vid haszn\u00e1lati id\u0151 ut\u00e1n nyilv\u00e1nval\u00f3, <b>\u00e9s<\/b> olyan term\u00e9szetes \u00f6sszetev\u0151k\u00f6n alapul, amelyek t\u00e1mogatj\u00e1k az \u00edz\u00fcletek \u00e9s a csontok eg\u00e9szs\u00e9g\u00e9t. A felhaszn\u00e1lt \u00f6sszetev\u0151k j\u00f3l \u00e1tgondolt \u00f6sszet\u00e9tel\u00e9nek k\u00f6sz\u00f6nhet\u0151en a <em>Hondrofrost<\/em> seg\u00edt cs\u00f6kkenteni az \u00edz\u00fcleti f\u00e1jdalmakat, jav\u00edtva az \u00edz\u00fcleti probl\u00e9m\u00e1kkal k\u00fczd\u0151 emberek komfort\u00e9rzet\u00e9t \u00e9s \u00e9letmin\u0151s\u00e9g\u00e9t.<\/p>\n\n\n\n<p>A <em>Hondrofrost<\/em> rendszeres <b>haszn\u00e1lata<\/b> enyh\u00fcl\u00e9st biztos\u00edthat, t\u00e1mogathatja az \u00edz\u00fcletek \u00e9s a csontok regener\u00e1l\u00f3d\u00e1s\u00e1t, \u00e9s n\u00f6velheti az \u00edz\u00fcletek mobilit\u00e1s\u00e1t. A kr\u00e9m <b>hat\u00e1sa<\/b> l\u00e1that\u00f3 \u00e9s \u00e9rezhet\u0151, ez\u00e9rt n\u00e9pszer\u0171 v\u00e1laszt\u00e1s azok k\u00f6r\u00e9ben, akik term\u00e9szetes ter\u00e1pi\u00e1t \u00e9s t\u00e1mogat\u00e1st keresnek az \u00edz\u00fcleti f\u00e1jdalmak enyh\u00edt\u00e9s\u00e9re.<\/p>\n\n\n\n<h2 class=\"wp-block-heading\">Hondrofrost &#8211; az alkalmaz\u00e1s hat\u00e1sai<\/h2>\n\n\n\n<p>A Hondrofrost kr\u00e9m <b>haszn\u00e1lata<\/b> sz\u00e1mos j\u00f3t\u00e9kony hat\u00e1ssal lehet az \u00edz\u00fcleti probl\u00e9m\u00e1kkal k\u00fczd\u0151 emberek sz\u00e1m\u00e1ra. Term\u00e9szetes \u00f6sszetev\u0151inek \u00e9s innovat\u00edv formul\u00e1j\u00e1nak k\u00f6sz\u00f6nhet\u0151en a Hondrofrost enyh\u00edti az \u00edz\u00fcleti f\u00e1jdalmakat \u00e9s jav\u00edtja az \u00edz\u00fcletek mozg\u00e9konys\u00e1g\u00e1t, hozz\u00e1j\u00e1rulva az \u00e1ltal\u00e1nos \u00e9letmin\u0151s\u00e9g javul\u00e1s\u00e1hoz.<\/p>\n\n\n\n<p>A Hondrofrost j\u00f3t\u00e9kony <b>hat\u00e1sai<\/b> a k\u00f6vetkez\u0151k:<\/p>\n\n\n\n<ul class=\"wp-block-list\">\n<li>\u00cdz\u00fcleti f\u00e1jdalmak enyh\u00edt\u00e9se<\/li>\n\n\n\n<li>Az \u00edz\u00fcletek mobilit\u00e1s\u00e1nak jav\u00edt\u00e1sa<\/li>\n\n\n\n<li>A f\u00e1jdalom cs\u00f6kkent\u00e9se<\/li>\n\n\n\n<li>Az \u00edz\u00fcleti probl\u00e9m\u00e1kkal k\u00fczd\u0151 emberek k\u00e9nyelm\u00e9nek \u00e9s \u00e9letmin\u0151s\u00e9g\u00e9nek n\u00f6vel\u00e9se<\/li>\n<\/ul>\n\n\n\n<p>A Hondrofrost egy biztons\u00e1gos term\u00e9k, amelyet a legt\u00f6bb ember j\u00f3l toler\u00e1l. Azonban, mint minden term\u00e9k eset\u00e9ben, itt is el\u0151fordulhat, hogy a kr\u00e9m b\u00e1rmelyik \u00f6sszetev\u0151j\u00e9re allergi\u00e1s reakci\u00f3 l\u00e9p fel. Ha a Hondrofrost haszn\u00e1lata ut\u00e1n b\u00e1rmilyen nemk\u00edv\u00e1natos t\u00fcnet jelentkezik, hagyja abba a kr\u00e9m <b>haszn\u00e1lat\u00e1t<\/b>, \u00e9s forduljon orvos\u00e1hoz.<\/p>\n\n\n\n<p>Fontos tov\u00e1bb\u00e1, hogy k\u00f6vesse a Hondrofrost haszn\u00e1lat\u00e1nak ellenjavallatait. A kr\u00e9m b\u00e1rmely \u00f6sszetev\u0151j\u00e9vel szembeni t\u00fal\u00e9rz\u00e9kenys\u00e9gben szenved\u0151knek ker\u00fclni\u00fck kell a kr\u00e9m haszn\u00e1lat\u00e1t. Ezenk\u00edv\u00fcl a Hondrofrost nem haszn\u00e1lhat\u00f3 s\u00e9r\u00fclt b\u0151r\u00f6n. A Hondrofrost haszn\u00e1lata el\u0151tt mindig tan\u00e1csos konzult\u00e1lni kezel\u0151orvos\u00e1val, k\u00fcl\u00f6n\u00f6sen, ha b\u00e1rmilyen aggodalma van az eg\u00e9szs\u00e9g\u00e9vel kapcsolatban.<\/p>\n\n\n\n<figure class=\"wp-block-table\"><table><tbody><tr><th>A Hondrofrost hat\u00e1sai<\/th><th>A Hondrofrost mell\u00e9khat\u00e1sai<\/th><th>A Hondrofrost ellenjavallatai<\/th><\/tr><tr><td>\u00cdz\u00fcleti f\u00e1jdalmak enyh\u00edt\u00e9se<\/td><td>A kr\u00e9m \u00f6sszetev\u0151ire val\u00f3 allergia lehet\u0151s\u00e9ge<\/td><td>T\u00fal\u00e9rz\u00e9kenys\u00e9g a kr\u00e9m b\u00e1rmely \u00f6sszetev\u0151j\u00e9vel szemben<\/td><\/tr><tr><td>Az \u00edz\u00fcletek mobilit\u00e1s\u00e1nak jav\u00edt\u00e1sa<\/td><td>&nbsp;<\/td><td>S\u00e9r\u00fclt b\u0151r<\/td><\/tr><tr><td>A f\u00e1jdalom cs\u00f6kkent\u00e9se<\/td><td>&nbsp;<\/td><td>&nbsp;<\/td><\/tr><tr><td>Az \u00edz\u00fcleti probl\u00e9m\u00e1kkal k\u00fczd\u0151 emberek k\u00e9nyelm\u00e9nek \u00e9s \u00e9letmin\u0151s\u00e9g\u00e9nek n\u00f6vel\u00e9se<\/td><td>&nbsp;<\/td><td>&nbsp;<\/td><\/tr><\/tbody><\/table><\/figure>\n\n\n\n<h2 class=\"wp-block-heading\">A Hondrofrost adagol\u00e1sa &#8211; Hogyan kell haszn\u00e1lni?<\/h2>\n\n\n\n<p>A Hondrofrostot helyileg kell alkalmazni az \u00edz\u00fcleti f\u00e1jdalommal j\u00e1r\u00f3 ter\u00fcletekre. Az optim\u00e1lis <b>eredm\u00e9ny<\/b> \u00e9rdek\u00e9ben k\u00f6vesse az al\u00e1bbi adagol\u00e1si \u00e9s alkalmaz\u00e1si utas\u00edt\u00e1sokat:<\/p>\n\n\n\n<ol class=\"wp-block-list\">\n<li>Vigyen fel egy kis mennyis\u00e9g\u0171 kr\u00e9met a tenyer\u00e9re.<\/li>\n\n\n\n<li>Gyeng\u00e9d, massz\u00edroz\u00f3 mozdulatokkal massz\u00edrozza a kr\u00e9met az \u00edz\u00fcleti f\u00e1jdalommal \u00e9rintett ter\u00fclet b\u0151r\u00e9re.<\/li>\n\n\n\n<li>A Hondrofrostot naponta 3-szor aj\u00e1nlott haszn\u00e1lni.<\/li>\n<\/ol>\n\n\n\n<p>A legjobb eredm\u00e9ny el\u00e9r\u00e9se \u00e9rdek\u00e9ben a kr\u00e9met rendszeresen alkalmazza az aj\u00e1nlott adagol\u00e1snak megfelel\u0151en. Ker\u00fclje a t\u00fal sok kr\u00e9m alkalmaz\u00e1s\u00e1t, mivel ez nem n\u00f6veli a term\u00e9k hat\u00e9konys\u00e1g\u00e1t. Fontos, hogy tov\u00e1bbi \u00fatmutat\u00e1s\u00e9rt \u00e9s r\u00e9szletes haszn\u00e1lati utas\u00edt\u00e1s\u00e9rt gondosan olvassa el \u00e9s k\u00f6vesse a Hondrofrost betegt\u00e1j\u00e9koztat\u00f3ban tal\u00e1lhat\u00f3 inform\u00e1ci\u00f3kat.<\/p>\n\n\n\n<p>Ne feledje, hogy az eredm\u00e9nyek az \u00d6n egy\u00e9ni ig\u00e9nyeit\u0151l \u00e9s a szervezet reakci\u00f3it\u00f3l f\u00fcgg\u0151en v\u00e1ltozhatnak. Ha b\u00e1rmilyen k\u00e9ts\u00e9ge vagy k\u00e9rd\u00e9se van a Hondrofrost adagol\u00e1s\u00e1val vagy alkalmaz\u00e1s\u00e1val kapcsolatban, mindig forduljon kezel\u0151orvos\u00e1hoz vagy gy\u00f3gyszer\u00e9sz\u00e9hez.<\/p>\n\n\n\n<h2 class=\"wp-block-heading\">Hondrofrost &#8211; Felhaszn\u00e1l\u00f3i v\u00e9lem\u00e9nyek, f\u00f3rum &#8211; Mit mondanak a felhaszn\u00e1l\u00f3k?<\/h2>\n\n\n\n<p>A Hondrofrost egy olyan term\u00e9k, amely pozit\u00edv <b>visszajelz\u00e9seket<\/b> kapott <b>a felhaszn\u00e1l\u00f3kt\u00f3l<\/b>, k\u00fcl\u00f6n\u00f6sen azokt\u00f3l, akik \u00edz\u00fcleti panaszokkal k\u00fczd\u00f6ttek. Sok felhaszn\u00e1l\u00f3 a Hondrofrost rendszeres haszn\u00e1lata ut\u00e1n jelent\u0151s javul\u00e1st \u00e9szlelt a k\u00f6z\u00e9rzet\u00e9ben. Az \u00edz\u00fcleti f\u00e1jdalmak cs\u00f6kkentek, \u00e9s az \u00edz\u00fcleti mobilit\u00e1s jelent\u0151sen javult.<\/p>\n\n\n\n<p>Az egyik hely, ahol a Hondrofrost <b>\u00e9rt\u00e9kel\u00e9s\u00e9t<\/b> megtal\u00e1lhatja, egy online <b>f\u00f3rum<\/b> az \u00edz\u00fcleti probl\u00e9m\u00e1kkal k\u00fczd\u0151 emberek sz\u00e1m\u00e1ra. Sokan megosztott\u00e1k a Hondrofrosttal kapcsolatos tapasztalataikat \u00e9s a term\u00e9k \u00e9rt\u00e9kel\u00e9s\u00e9t. Fontos elolvasni m\u00e1s felhaszn\u00e1l\u00f3k v\u00e9lem\u00e9ny\u00e9t, hogy nagyobb betekint\u00e9st nyerj\u00fcnk a Hondrofrost <b>hat\u00e9konys\u00e1g\u00e1ba<\/b> \u00e9s az \u00edz\u00fcleti f\u00e1jdalmakkal k\u00fczd\u0151 emberek \u00e9letmin\u0151s\u00e9g\u00e9re gyakorolt hat\u00e1s\u00e1ba.<\/p>\n\n\n\n<blockquote class=\"wp-block-quote is-layout-flow wp-block-quote-is-layout-flow\">\n<p>&#8220;A Hondrofrost t\u00f6bb hetes haszn\u00e1lat\u00e1val jelent\u0151s javul\u00e1st tapasztaltam a k\u00f6z\u00e9rzetemben. Az \u00edz\u00fcleti f\u00e1jdalmak enyh\u00fcltek, \u00e9s az \u00edz\u00fcletek mozg\u00e9konys\u00e1ga jelent\u0151sen javult. Aj\u00e1nlom ezt a kr\u00e9met mindenkinek, akinek \u00edz\u00fcleti panaszai vannak.&#8221; &#8211; Jan K.<\/p>\n<\/blockquote>\n\n\n\n<blockquote class=\"wp-block-quote is-layout-flow wp-block-quote-is-layout-flow\">\n<p>&#8220;El vagyok \u00e1mulva a Hondrofrost hat\u00e9konys\u00e1g\u00e1t\u00f3l. N\u00e9h\u00e1ny hetes haszn\u00e1lat ut\u00e1n az \u00edz\u00fcleti f\u00e1jdalmaim megsz\u0171ntek, \u00e9s \u00fajra teljes mobilit\u00e1st \u00e9lvezhetek. Ez t\u00e9nyleg egy nagyszer\u0171 term\u00e9k!&#8221; &#8211; Anna S.<\/p>\n<\/blockquote>\n\n\n\n<p>A felhaszn\u00e1l\u00f3i v\u00e9lem\u00e9nyek szerint a Hondrofrost egy hat\u00e9kony \u00edz\u00fcleti kr\u00e9m, amely enyh\u00fcl\u00e9st biztos\u00edthat \u00e9s jav\u00edthatja az \u00edz\u00fcleti panaszokkal k\u00fczd\u0151 emberek \u00e9letmin\u0151s\u00e9g\u00e9t. \u00c9rdemes elolvasni m\u00e1s felhaszn\u00e1l\u00f3k v\u00e9lem\u00e9ny\u00e9t, hogy megtudja a term\u00e9kkel kapcsolatos tapasztalataikat \u00e9s \u00e9rt\u00e9kel\u00e9seiket.<\/p>\n\n\n\n<h2 class=\"wp-block-heading\">Hondrofrost &#8211; \u00d6sszet\u00e9tel<\/h2>\n\n\n\n<p>A Hondrofrost olyan term\u00e9szetes \u00f6sszetev\u0151k\u00f6n alapul\u00f3 term\u00e9k, amelyek pozit\u00edv hat\u00e1ssal vannak az \u00edz\u00fcletek eg\u00e9szs\u00e9g\u00e9re. A Hondrofrost <b>\u00f6sszet\u00e9tele<\/b> olyan n\u00f6v\u00e9nyekb\u0151l sz\u00e1rmaz\u00f3 kivonatokat tartalmaz, mint a l\u00f3 gesztenye, lucerna, paprika \u00e9s d\u00e9li k\u00e9k gum\u00f3. Ezen \u00f6sszetev\u0151k mindegyike saj\u00e1tos <b>hat\u00e1ssal<\/b> rendelkezik, amely t\u00e1mogatja az \u00edz\u00fcletek eg\u00e9szs\u00e9g\u00e9t \u00e9s hozz\u00e1j\u00e1rul a f\u00e1jdalom cs\u00f6kkent\u00e9s\u00e9hez.<\/p>\n\n\n\n<figure class=\"wp-block-table\"><table><tbody><tr><th>\u00d6sszet\u00e9tel<\/th><th>Akci\u00f3<\/th><\/tr><tr><td>Gesztenyefa<\/td><td>El\u0151seg\u00edti a v\u00e9rkering\u00e9st az \u00edz\u00fcletek k\u00f6r\u00fcl, enyh\u00edti a f\u00e1jdalmat \u00e9s a gyullad\u00e1st.<\/td><\/tr><tr><td>Luzern<\/td><td>Sok \u00e9rt\u00e9kes t\u00e1panyagot tartalmaz, t\u00e1mogatja az \u00edz\u00fcleti sz\u00f6vetek regener\u00e1l\u00f3d\u00e1s\u00e1t.<\/td><\/tr><tr><td>Paprika<\/td><td>F\u00e1jdalomcsillap\u00edt\u00f3 \u00e9s gyullad\u00e1scs\u00f6kkent\u0151 hat\u00e1s\u00fa, jav\u00edtja az \u00edz\u00fcleti f\u00e1jdalmakkal k\u00fczd\u0151k \u00e9letmin\u0151s\u00e9g\u00e9t.<\/td><\/tr><tr><td>D\u00e9li k\u00e9k gumi<\/td><td>H\u0171s\u00edt\u0151 \u00e9s pihentet\u0151 hat\u00e1s\u00fa, enyh\u00edti az \u00edz\u00fcleti f\u00e1jdalmakat.<\/td><\/tr><\/tbody><\/table><\/figure>\n\n\n\n<h2 class=\"wp-block-heading\">Hol lehet megv\u00e1s\u00e1rolni \u00e9s mennyibe ker\u00fcl a Hondrofrost &#8211; \u00e1r<\/h2>\n\n\n\n<p>A Hondrofrost v\u00e9ny n\u00e9lk\u00fcl megv\u00e1s\u00e1rolhat\u00f3, de aj\u00e1nlott a gy\u00e1rt\u00f3 hivatalos weboldal\u00e1r\u00f3l v\u00e1s\u00e1rolni, hogy biztos legyen a term\u00e9k eredetis\u00e9g\u00e9ben. A Hondrofrost <b>\u00e1ra<\/b> att\u00f3l f\u00fcgg\u0151en v\u00e1ltozhat, hogy hol v\u00e1s\u00e1rolj\u00e1k meg, de nem adunk meg konkr\u00e9t \u00e1rat. Javasoljuk, hogy az aktu\u00e1lis \u00e1rat a gy\u00e1rt\u00f3 hivatalos weboldal\u00e1n ellen\u0151rizze.<\/p>\n\n\n\n<h2 class=\"wp-block-heading\">A Hondrofrost lehets\u00e9ges mell\u00e9khat\u00e1sai \u00e9s ellenjavallatai<\/h2>\n\n\n\n<p>A Hondrofrost viszonylag biztons\u00e1gos term\u00e9k, azonban el\u0151fordulhat, hogy a kr\u00e9m \u00f6sszetev\u0151i allergi\u00e1sak lehetnek. A Hondrofrost b\u00e1rmely \u00f6sszetev\u0151j\u00e9re t\u00fal\u00e9rz\u00e9keny embereknek ker\u00fclni\u00fck kell a haszn\u00e1lat\u00e1t. Ha b\u00e1rmilyen nemk\u00edv\u00e1natos t\u00fcnet, p\u00e9ld\u00e1ul b\u0151rp\u00edr, ki\u00fct\u00e9s, viszket\u00e9s vagy duzzanat jelentkezik, a Hondrofrost alkalmaz\u00e1s\u00e1t abba kell hagyni, \u00e9s orvoshoz kell fordulni.<\/p>\n\n\n\n<p>A Hondrofrost szint\u00e9n nem alkalmazhat\u00f3 s\u00e9r\u00fclt b\u0151r\u00f6n, ny\u00edlt sebeken vagy fek\u00e9lyeken. A Hondrofrost alkalmaz\u00e1sa el\u0151tt mindig figyelmesen olvassa el a betegt\u00e1j\u00e9koztat\u00f3t, hogy megfelel\u0151en t\u00e1j\u00e9koz\u00f3djon az esetleges ellenjavallatokr\u00f3l \u00e9s a kr\u00e9m alkalmaz\u00e1s\u00e1nak m\u00f3dj\u00e1r\u00f3l.<\/p>\n\n\n\n<p>Ha b\u00e1rmilyen k\u00e9ts\u00e9ge vagy k\u00e9rd\u00e9se van a Hondrofrost alkalmaz\u00e1s\u00e1val kapcsolatban, mindig javasoljuk, hogy forduljon orvos\u00e1hoz. Ez az\u00e9rt fontos, hogy szakmai v\u00e9lem\u00e9nyt kapjon, \u00e9s megbizonyosodjon arr\u00f3l, hogy az <b>\u00edz\u00fcleti kr\u00e9m<\/b> alkalmas az \u00d6n egyedi eset\u00e9re.<\/p>\n","protected":false},"excerpt":{"rendered":"<p><strong>11900.00 Ft<\/strong><\/p>\n<p><del>23800.00 Ft<\/del><\/p>\n<p><strong>[date_countdown]<\/strong><\/p>\n","protected":false},"featured_media":7180,"comment_status":"open","ping_status":"closed","template":"","meta":{"neve_meta_sidebar":"","neve_meta_container":"","neve_meta_enable_content_width":"","neve_meta_content_width":0,"neve_meta_title_alignment":"","neve_meta_author_avatar":"","neve_post_elements_order":"","neve_meta_disable_header":"","neve_meta_disable_footer":"","neve_meta_disable_title":"","neve_meta_reading_time":""},"product_brand":[],"product_cat":[105],"product_tag":[],"class_list":{"0":"post-7188","1":"product","2":"type-product","3":"status-publish","4":"has-post-thumbnail","6":"product_cat-egeszseg","8":"first","9":"instock","10":"shipping-taxable","11":"product-type-external"},"yoast_head":"<!-- This site is optimized with the Yoast SEO plugin v27.4 - https:\/\/yoast.com\/product\/yoast-seo-wordpress\/ -->\n<title>Hondrofrost - Clinica Althea<\/title>\n<meta name=\"robots\" content=\"index, follow, max-snippet:-1, max-image-preview:large, max-video-preview:-1\" \/>\n<link rel=\"canonical\" href=\"https:\/\/www.clinicaalthea.com\/farmacia\/hu\/apt\/hondrofrost\/\" \/>\n<meta property=\"og:locale\" content=\"pl_PL\" \/>\n<meta property=\"og:type\" content=\"article\" \/>\n<meta property=\"og:title\" content=\"Hondrofrost - Clinica Althea\" \/>\n<meta property=\"og:description\" content=\"11900.00 Ft 23800.00 Ft\" \/>\n<meta property=\"og:url\" content=\"https:\/\/www.clinicaalthea.com\/farmacia\/hu\/apt\/hondrofrost\/\" \/>\n<meta property=\"og:site_name\" content=\"Clinica Althea\" \/>\n<meta property=\"article:modified_time\" content=\"2024-07-18T10:13:24+00:00\" \/>\n<meta property=\"og:image\" content=\"https:\/\/www.clinicaalthea.com\/farmacia\/wp-content\/uploads\/2024\/07\/HONDROFROST.jpg\" \/>\n\t<meta property=\"og:image:width\" content=\"768\" \/>\n\t<meta property=\"og:image:height\" content=\"768\" \/>\n\t<meta property=\"og:image:type\" content=\"image\/jpeg\" \/>\n<meta name=\"twitter:card\" content=\"summary_large_image\" \/>\n<meta name=\"twitter:label1\" content=\"Szacowany czas czytania\" \/>\n\t<meta name=\"twitter:data1\" content=\"6 minut\" \/>\n<script type=\"application\/ld+json\" class=\"yoast-schema-graph\">{\"@context\":\"https:\\\/\\\/schema.org\",\"@graph\":[{\"@type\":\"WebPage\",\"@id\":\"https:\\\/\\\/www.clinicaalthea.com\\\/farmacia\\\/hu\\\/apt\\\/hondrofrost\\\/\",\"url\":\"https:\\\/\\\/www.clinicaalthea.com\\\/farmacia\\\/hu\\\/apt\\\/hondrofrost\\\/\",\"name\":\"Hondrofrost - Clinica Althea\",\"isPartOf\":{\"@id\":\"https:\\\/\\\/www.clinicaalthea.com\\\/farmacia\\\/#website\"},\"primaryImageOfPage\":{\"@id\":\"https:\\\/\\\/www.clinicaalthea.com\\\/farmacia\\\/hu\\\/apt\\\/hondrofrost\\\/#primaryimage\"},\"image\":{\"@id\":\"https:\\\/\\\/www.clinicaalthea.com\\\/farmacia\\\/hu\\\/apt\\\/hondrofrost\\\/#primaryimage\"},\"thumbnailUrl\":\"https:\\\/\\\/www.clinicaalthea.com\\\/farmacia\\\/wp-content\\\/uploads\\\/2024\\\/07\\\/HONDROFROST.jpg\",\"datePublished\":\"2024-07-18T09:58:19+00:00\",\"dateModified\":\"2024-07-18T10:13:24+00:00\",\"breadcrumb\":{\"@id\":\"https:\\\/\\\/www.clinicaalthea.com\\\/farmacia\\\/hu\\\/apt\\\/hondrofrost\\\/#breadcrumb\"},\"inLanguage\":\"pl-PL\",\"potentialAction\":[{\"@type\":\"ReadAction\",\"target\":[\"https:\\\/\\\/www.clinicaalthea.com\\\/farmacia\\\/hu\\\/apt\\\/hondrofrost\\\/\"]}]},{\"@type\":\"ImageObject\",\"inLanguage\":\"pl-PL\",\"@id\":\"https:\\\/\\\/www.clinicaalthea.com\\\/farmacia\\\/hu\\\/apt\\\/hondrofrost\\\/#primaryimage\",\"url\":\"https:\\\/\\\/www.clinicaalthea.com\\\/farmacia\\\/wp-content\\\/uploads\\\/2024\\\/07\\\/HONDROFROST.jpg\",\"contentUrl\":\"https:\\\/\\\/www.clinicaalthea.com\\\/farmacia\\\/wp-content\\\/uploads\\\/2024\\\/07\\\/HONDROFROST.jpg\",\"width\":768,\"height\":768,\"caption\":\"Hondrofrost\"},{\"@type\":\"BreadcrumbList\",\"@id\":\"https:\\\/\\\/www.clinicaalthea.com\\\/farmacia\\\/hu\\\/apt\\\/hondrofrost\\\/#breadcrumb\",\"itemListElement\":[{\"@type\":\"ListItem\",\"position\":1,\"name\":\"Strona g\u0142\u00f3wna\",\"item\":\"https:\\\/\\\/www.clinicaalthea.com\\\/farmacia\\\/\"},{\"@type\":\"ListItem\",\"position\":2,\"name\":\"Produkty\",\"item\":\"https:\\\/\\\/www.clinicaalthea.com\\\/farmacia\\\/\"},{\"@type\":\"ListItem\",\"position\":3,\"name\":\"Hondrofrost\"}]},{\"@type\":\"WebSite\",\"@id\":\"https:\\\/\\\/www.clinicaalthea.com\\\/farmacia\\\/#website\",\"url\":\"https:\\\/\\\/www.clinicaalthea.com\\\/farmacia\\\/\",\"name\":\"Clinica Althea\",\"description\":\"\",\"publisher\":{\"@id\":\"https:\\\/\\\/www.clinicaalthea.com\\\/farmacia\\\/#organization\"},\"potentialAction\":[{\"@type\":\"SearchAction\",\"target\":{\"@type\":\"EntryPoint\",\"urlTemplate\":\"https:\\\/\\\/www.clinicaalthea.com\\\/farmacia\\\/?s={search_term_string}\"},\"query-input\":{\"@type\":\"PropertyValueSpecification\",\"valueRequired\":true,\"valueName\":\"search_term_string\"}}],\"inLanguage\":\"pl-PL\"},{\"@type\":\"Organization\",\"@id\":\"https:\\\/\\\/www.clinicaalthea.com\\\/farmacia\\\/#organization\",\"name\":\"Clinica Althea\",\"url\":\"https:\\\/\\\/www.clinicaalthea.com\\\/farmacia\\\/\",\"logo\":{\"@type\":\"ImageObject\",\"inLanguage\":\"pl-PL\",\"@id\":\"https:\\\/\\\/www.clinicaalthea.com\\\/farmacia\\\/#\\\/schema\\\/logo\\\/image\\\/\",\"url\":\"https:\\\/\\\/www.clinicaalthea.com\\\/farmacia\\\/wp-content\\\/uploads\\\/2023\\\/12\\\/Jak-diagnozuje-sie-FAS_-objawy-kryteria-diagnostyczne-i-metody-diagnozowania-154162903.jpg\",\"contentUrl\":\"https:\\\/\\\/www.clinicaalthea.com\\\/farmacia\\\/wp-content\\\/uploads\\\/2023\\\/12\\\/Jak-diagnozuje-sie-FAS_-objawy-kryteria-diagnostyczne-i-metody-diagnozowania-154162903.jpg\",\"width\":1216,\"height\":832,\"caption\":\"Clinica Althea\"},\"image\":{\"@id\":\"https:\\\/\\\/www.clinicaalthea.com\\\/farmacia\\\/#\\\/schema\\\/logo\\\/image\\\/\"}}]}<\/script>\n<!-- \/ Yoast SEO plugin. -->","yoast_head_json":{"title":"Hondrofrost - Clinica Althea","robots":{"index":"index","follow":"follow","max-snippet":"max-snippet:-1","max-image-preview":"max-image-preview:large","max-video-preview":"max-video-preview:-1"},"canonical":"https:\/\/www.clinicaalthea.com\/farmacia\/hu\/apt\/hondrofrost\/","og_locale":"pl_PL","og_type":"article","og_title":"Hondrofrost - Clinica Althea","og_description":"11900.00 Ft 23800.00 Ft","og_url":"https:\/\/www.clinicaalthea.com\/farmacia\/hu\/apt\/hondrofrost\/","og_site_name":"Clinica Althea","article_modified_time":"2024-07-18T10:13:24+00:00","og_image":[{"width":768,"height":768,"url":"https:\/\/www.clinicaalthea.com\/farmacia\/wp-content\/uploads\/2024\/07\/HONDROFROST.jpg","type":"image\/jpeg"}],"twitter_card":"summary_large_image","twitter_misc":{"Szacowany czas czytania":"6 minut"},"schema":{"@context":"https:\/\/schema.org","@graph":[{"@type":"WebPage","@id":"https:\/\/www.clinicaalthea.com\/farmacia\/hu\/apt\/hondrofrost\/","url":"https:\/\/www.clinicaalthea.com\/farmacia\/hu\/apt\/hondrofrost\/","name":"Hondrofrost - Clinica Althea","isPartOf":{"@id":"https:\/\/www.clinicaalthea.com\/farmacia\/#website"},"primaryImageOfPage":{"@id":"https:\/\/www.clinicaalthea.com\/farmacia\/hu\/apt\/hondrofrost\/#primaryimage"},"image":{"@id":"https:\/\/www.clinicaalthea.com\/farmacia\/hu\/apt\/hondrofrost\/#primaryimage"},"thumbnailUrl":"https:\/\/www.clinicaalthea.com\/farmacia\/wp-content\/uploads\/2024\/07\/HONDROFROST.jpg","datePublished":"2024-07-18T09:58:19+00:00","dateModified":"2024-07-18T10:13:24+00:00","breadcrumb":{"@id":"https:\/\/www.clinicaalthea.com\/farmacia\/hu\/apt\/hondrofrost\/#breadcrumb"},"inLanguage":"pl-PL","potentialAction":[{"@type":"ReadAction","target":["https:\/\/www.clinicaalthea.com\/farmacia\/hu\/apt\/hondrofrost\/"]}]},{"@type":"ImageObject","inLanguage":"pl-PL","@id":"https:\/\/www.clinicaalthea.com\/farmacia\/hu\/apt\/hondrofrost\/#primaryimage","url":"https:\/\/www.clinicaalthea.com\/farmacia\/wp-content\/uploads\/2024\/07\/HONDROFROST.jpg","contentUrl":"https:\/\/www.clinicaalthea.com\/farmacia\/wp-content\/uploads\/2024\/07\/HONDROFROST.jpg","width":768,"height":768,"caption":"Hondrofrost"},{"@type":"BreadcrumbList","@id":"https:\/\/www.clinicaalthea.com\/farmacia\/hu\/apt\/hondrofrost\/#breadcrumb","itemListElement":[{"@type":"ListItem","position":1,"name":"Strona g\u0142\u00f3wna","item":"https:\/\/www.clinicaalthea.com\/farmacia\/"},{"@type":"ListItem","position":2,"name":"Produkty","item":"https:\/\/www.clinicaalthea.com\/farmacia\/"},{"@type":"ListItem","position":3,"name":"Hondrofrost"}]},{"@type":"WebSite","@id":"https:\/\/www.clinicaalthea.com\/farmacia\/#website","url":"https:\/\/www.clinicaalthea.com\/farmacia\/","name":"Clinica Althea","description":"","publisher":{"@id":"https:\/\/www.clinicaalthea.com\/farmacia\/#organization"},"potentialAction":[{"@type":"SearchAction","target":{"@type":"EntryPoint","urlTemplate":"https:\/\/www.clinicaalthea.com\/farmacia\/?s={search_term_string}"},"query-input":{"@type":"PropertyValueSpecification","valueRequired":true,"valueName":"search_term_string"}}],"inLanguage":"pl-PL"},{"@type":"Organization","@id":"https:\/\/www.clinicaalthea.com\/farmacia\/#organization","name":"Clinica Althea","url":"https:\/\/www.clinicaalthea.com\/farmacia\/","logo":{"@type":"ImageObject","inLanguage":"pl-PL","@id":"https:\/\/www.clinicaalthea.com\/farmacia\/#\/schema\/logo\/image\/","url":"https:\/\/www.clinicaalthea.com\/farmacia\/wp-content\/uploads\/2023\/12\/Jak-diagnozuje-sie-FAS_-objawy-kryteria-diagnostyczne-i-metody-diagnozowania-154162903.jpg","contentUrl":"https:\/\/www.clinicaalthea.com\/farmacia\/wp-content\/uploads\/2023\/12\/Jak-diagnozuje-sie-FAS_-objawy-kryteria-diagnostyczne-i-metody-diagnozowania-154162903.jpg","width":1216,"height":832,"caption":"Clinica Althea"},"image":{"@id":"https:\/\/www.clinicaalthea.com\/farmacia\/#\/schema\/logo\/image\/"}}]}},"lang":"hu","translations":{"hu":7188,"pl":7177,"ro":7194,"cs":7198,"bg":7201,"fr":7210,"nl":7215,"it":7220,"de":7224,"es":7230,"sk":7232,"lv":7234,"lt":7236,"et":7239,"sl":7242,"pt":7244,"el":7248},"pll_sync_post":[],"_links":{"self":[{"href":"https:\/\/www.clinicaalthea.com\/farmacia\/wp-json\/wp\/v2\/product\/7188","targetHints":{"allow":["GET"]}}],"collection":[{"href":"https:\/\/www.clinicaalthea.com\/farmacia\/wp-json\/wp\/v2\/product"}],"about":[{"href":"https:\/\/www.clinicaalthea.com\/farmacia\/wp-json\/wp\/v2\/types\/product"}],"replies":[{"embeddable":true,"href":"https:\/\/www.clinicaalthea.com\/farmacia\/wp-json\/wp\/v2\/comments?post=7188"}],"wp:featuredmedia":[{"embeddable":true,"href":"https:\/\/www.clinicaalthea.com\/farmacia\/wp-json\/wp\/v2\/media\/7180"}],"wp:attachment":[{"href":"https:\/\/www.clinicaalthea.com\/farmacia\/wp-json\/wp\/v2\/media?parent=7188"}],"wp:term":[{"taxonomy":"product_brand","embeddable":true,"href":"https:\/\/www.clinicaalthea.com\/farmacia\/wp-json\/wp\/v2\/product_brand?post=7188"},{"taxonomy":"product_cat","embeddable":true,"href":"https:\/\/www.clinicaalthea.com\/farmacia\/wp-json\/wp\/v2\/product_cat?post=7188"},{"taxonomy":"product_tag","embeddable":true,"href":"https:\/\/www.clinicaalthea.com\/farmacia\/wp-json\/wp\/v2\/product_tag?post=7188"}],"curies":[{"name":"wp","href":"https:\/\/api.w.org\/{rel}","templated":true}]}}