{"id":7173,"date":"2024-07-18T10:52:23","date_gmt":"2024-07-18T09:52:23","guid":{"rendered":"https:\/\/mayoguide.org\/produkty\/?post_type=product&#038;p=7173"},"modified":"2024-07-18T10:53:06","modified_gmt":"2024-07-18T09:53:06","slug":"hondro-sol","status":"publish","type":"product","link":"https:\/\/www.clinicaalthea.com\/farmacia\/ro\/apt\/hondro-sol\/","title":{"rendered":"Hondro Sol"},"content":{"rendered":"\n<h2 class=\"wp-block-heading\" id=\"h-co-to-jest-hondro-sol-i-jak-dziala\">Ce este Hondro Sol \u0219i cum func\u021bioneaz\u0103?<\/h2>\n\n\n\n<p>Hondro Sol este un preparat care con\u021bine <strong>ingrediente naturale<\/strong> cu efect calmant. Principalul ingredient activ este <em>glucozamina<\/em>, care sus\u021bine regenerarea \u0219i protec\u021bia articula\u021biilor \u0219i mu\u0219chilor. \u00cen plus, Hondro Sol con\u021bine <em>colagen<\/em>, care \u00eembun\u0103t\u0103\u021be\u0219te elasticitatea \u0219i rezisten\u021ba \u021besuturilor, \u0219i <em>ulei de arnic\u0103<\/em>, care are propriet\u0103\u021bi antiinflamatorii. Ca urmare, spray-ul Hondro Sol ac\u021bioneaz\u0103 local pe zonele afectate pentru a oferi u\u0219urare \u0219i a reduce disconfortul.<\/p>\n\n\n\n<h2 class=\"wp-block-heading\">Efectele Hondro Sol<\/h2>\n\n\n\n<p><b>Utilizarea Hondro Sol<\/b> are multe efecte benefice care \u00eembun\u0103t\u0103\u021besc semnificativ confortul vie\u021bii. Propriet\u0103\u021bile preparatului ajut\u0103 la reducerea durerilor articulare \u0219i musculare, aduc\u00e2nd o u\u0219urare imediat\u0103.<\/p>\n\n\n\n<p>Cu Hondro Sol este, de asemenea, posibil s\u0103 se \u00eembun\u0103t\u0103\u021beasc\u0103 flexibilitatea articula\u021biilor, ceea ce are un efect pozitiv asupra amplitudinii mi\u0219c\u0103rilor \u0219i a condi\u021biei fizice generale. Regenerarea articula\u021biilor este promovat\u0103, evit\u00e2ndu-se astfel rigiditatea \u0219i restric\u021biile \u00een activit\u0103\u021bile zilnice.<\/p>\n\n\n\n<p>Consolidarea \u0219i refacerea mu\u0219chilor sunt alte <b>efecte ale Hondro Sol<\/b>. Datorit\u0103 acestui preparat, mu\u0219chii cap\u0103t\u0103 o rezisten\u021b\u0103 mai mare, ceea ce se traduce printr-o capacitate mai bun\u0103 de a efectua activit\u0103\u021bi solicitante din punct de vedere fizic. \u00cen plus, rezisten\u021ba \u00een timpul mi\u0219c\u0103rii este redus\u0103, ceea ce face activit\u0103\u021bile zilnice mai u\u0219oare.<\/p>\n\n\n\n<p>Unul dintre efectele importante ale Hondro Sol este <b>reducerea timpului de recuperare<\/b> dup\u0103 o accidentare sau o traum\u0103. Prin sprijinirea proceselor de regenerare ale organismului, spray-ul accelereaz\u0103 recuperarea \u0219i permite o revenire mai rapid\u0103 la activitatea fizic\u0103.<\/p>\n\n\n\n<h2 class=\"wp-block-heading\">Utilizarea \u0219i doza de Hondro Sol<\/h2>\n\n\n\n<p>Hondro Sol este disponibil sub form\u0103 de spray, ceea ce \u00eel face u\u0219or de aplicat pe zonele afectate. Doza recomandat\u0103 este de 2-3 aplica\u021bii pe zi, trebuie aplicat pe pielea curat\u0103 \u0219i uscat\u0103, mas\u00e2nd p\u00e2n\u0103 la absorb\u021bia complet\u0103. Durata <b>tratamentului<\/b> depinde de nevoile individuale \u0219i de intensitatea durerii. Este recomandabil s\u0103 citi\u021bi prospectul sau s\u0103 consulta\u021bi medicul \u00eenainte de aplicare.<\/p>\n\n\n\n<h2 class=\"wp-block-heading\">Recenzii ale utilizatorului pentru Hondro Sol<\/h2>\n\n\n\n<p><b>Recenzile despre Hondro Sol<\/b> sunt \u00een general foarte pozitive. Mul\u021bi utilizatori laud\u0103 eficacitatea acestui produs \u0219i observ\u0103 o reducere semnificativ\u0103 a durerii \u0219i o \u00eembun\u0103t\u0103\u021bire a calit\u0103\u021bii vie\u021bii. <b>Recenzile pozitive<\/b> se refer\u0103 \u00een principal la beneficiile amelior\u0103rii durerii articulare \u0219i musculare.<\/p>\n\n\n\n<p>Printre comentariile din forumurile online, utilizatorii subliniaz\u0103 adesea u\u0219urin\u021ba de aplicare a spray-ului Hondro Sol \u0219i <b>ambalajul convenabil<\/b>. Acest lucru face ca aplicarea produsului pe zonele afectate s\u0103 fie extrem de u\u0219oar\u0103 \u0219i la \u00eendem\u00e2n\u0103.<\/p>\n\n\n\n<p>Cu toate acestea, trebuie avut \u00een vedere faptul c\u0103 opiniile pot varia, deoarece fiecare organism reac\u021bioneaz\u0103 individual la o anumit\u0103 terapie. Ceea ce func\u021bioneaz\u0103 pentru o persoan\u0103 poate s\u0103 nu func\u021bioneze neap\u0103rat pentru alta.<\/p>\n\n\n\n<h2 class=\"wp-block-heading\" id=\"h-hondro-sol-sklad-co-zawiera\">Hondro Sol &#8211; Compozi\u021bie &#8211; Ce con\u021bine?<\/h2>\n\n\n\n<p>Hondro Sol este un spray care con\u021bine <strong>ingrediente naturale<\/strong> cu efecte benefice asupra articula\u021biilor \u0219i mu\u0219chilor. <strong>Compozi\u021bia<\/strong> acestei formule include trei ingrediente cheie:<\/p>\n\n\n\n<ol class=\"wp-block-list\">\n<li><strong>Glucozamina:<\/strong> Aceasta este substan\u021ba activ\u0103 responsabil\u0103 de promovarea regener\u0103rii cartilajelor \u0219i de prevenirea degrad\u0103rii cartilajelor. Are un efect protector asupra articula\u021biilor, oferind ameliorarea durerii.<\/li>\n\n\n\n<li><strong>Colagen:<\/strong> Acest ingredient este conceput pentru a \u00eent\u0103ri \u0219i reconstrui \u021besuturile conjunctive. \u00cembun\u0103t\u0103\u021be\u0219te flexibilitatea articula\u021biilor, ceea ce are un efect pozitiv asupra func\u021biei acestora.<\/li>\n\n\n\n<li><strong>Ulei de arnic\u0103:<\/strong> Acest ulei are un efect antiinflamator \u0219i analgezic. Este conceput pentru a ameliora simptomele dureroase \u0219i pentru a ajuta la reducerea inflama\u021biei articula\u021biilor \u0219i mu\u0219chilor.<\/li>\n<\/ol>\n\n\n\n<h2 class=\"wp-block-heading\">Pre\u021bul \u0219i achizi\u021bionarea Hondro Sol<\/h2>\n\n\n\n<p>Dac\u0103 inten\u021biona\u021bi s\u0103 cump\u0103ra\u021bi Hondro Sol, este important s\u0103 \u0219ti\u021bi c\u0103 pre\u021bul produsului poate varia \u00een func\u021bie de locul \u00een care \u00eel cump\u0103ra\u021bi. Cu toate acestea, cel mai bun \u0219i mai sigur loc pentru a cump\u0103ra Hondro Sol este de pe <b>site-ul oficial al produc\u0103torului<\/b>.<\/p>\n\n\n\n<p><b>Site-ul oficial al produc\u0103torului<\/b> Hondro Sol este garan\u021bia dumneavoastr\u0103 pentru un produs original care v\u0103 va satisface a\u0219tept\u0103rile. \u00cen plus, cump\u0103r\u0103turile de pe site-ul oficial vin adesea cu promo\u021bii \u0219i reduceri atractive care v\u0103 ajut\u0103 s\u0103 economisi\u021bi bani.<\/p>\n\n\n\n<p>Merit\u0103 s\u0103 re\u021bine\u021bi c\u0103 exist\u0103 riscul de a cump\u0103ra produse contraf\u0103cute, deci evita\u021bi s\u0103 cump\u0103ra\u021bi Hondro Sol de pe site-uri necunoscute sau din farmacii sta\u021bionare. Produsul Hondro Sol autentic este disponibil numai de pe site-ul oficial al produc\u0103torului.<\/p>\n\n\n\n<h2 class=\"wp-block-heading\">Efecte secundare \u0219i contraindica\u021bii ale Hondro Sol<\/h2>\n\n\n\n<p>Hondro Sol este considerat, \u00een general, un produs sigur, dar exist\u0103 posibilitatea apari\u021biei unor efecte secundare sau contraindica\u021bii la utilizarea sa. Se recomand\u0103 citirea prospectului produsului \u0219i respectarea strict\u0103 a recomand\u0103rilor produc\u0103torului \u00eenainte de a \u00eencepe tratamentul cu Hondro Sol. De asemenea, este important s\u0103 testa\u021bi produsul pe o suprafa\u021b\u0103 mic\u0103 de piele \u00eenainte de utilizarea complet\u0103. Dac\u0103 apar efecte secundare nedorite, \u00eentrerupe\u021bi utilizarea \u0219i consulta\u021bi medicul.<\/p>\n\n\n\n<h2 class=\"wp-block-heading\">Recomand\u0103ri din partea medicilor \u0219i fizioterapeu\u021bilor<\/h2>\n\n\n\n<p>Datorit\u0103 ac\u021biunii sale \u0219i compozi\u021biei sigure, Hondro Sol este recunoscut de medici \u0219i fizioterapeu\u021bi care \u00eel recomand\u0103 pacien\u021bilor lor. <b>Studiile clinice<\/b> confirm\u0103 eficacitatea Hondro Sol ca metod\u0103 eficient\u0103 de ameliorare a durerilor articulare \u0219i musculare. Prin urmare, speciali\u0219tii recomand\u0103 acest preparat pentru \u00eembun\u0103t\u0103\u021birea calit\u0103\u021bii vie\u021bii persoanelor care sufer\u0103 de afec\u021biuni reumatice \u0219i leziuni sportive.<\/p>\n\n\n\n<p>Datorit\u0103 propriet\u0103\u021bilor sale de ameliorare a durerii \u0219i de reducere a disconfortului, Hondro Sol este apreciat de medici \u0219i fizioterapeu\u021bi ca un remediu eficient pentru <b>reducerea durerilor<\/b> articulare \u0219i musculare. Formula sa sigur\u0103, bazat\u0103 pe ingrediente naturale, face ca acesta s\u0103 fie bine tolerat de organism. Datorit\u0103 studiilor clinice, \u0219tim c\u0103 Hondro Sol este o metod\u0103 eficient\u0103 \u0219i sigur\u0103 de sus\u021binere a regener\u0103rii \u0219i de ameliorare a afec\u021biunilor musculo-scheletice.<\/p>\n\n\n\n<p>Recomand\u0103rile medicilor \u0219i fizioterapeu\u021bilor sunt dovada eficacit\u0103\u021bii \u0219i siguran\u021bei ridicate a Hondro Sol. Datorit\u0103 recomand\u0103rilor acestor speciali\u0219ti, pacien\u021bii pot ajunge la un produs care este fiabil \u0219i de \u00eencredere. Hondro Sol este o metod\u0103 fiabil\u0103 de ameliorare a durerilor articulare \u0219i musculare \u0219i de \u00eembun\u0103t\u0103\u021bire a calit\u0103\u021bii vie\u021bii.<\/p>\n","protected":false},"excerpt":{"rendered":"<p><strong>159.00 lei<\/strong><\/p>\n<p><del>318.00 lei<\/del><\/p>\n<p><strong>[date_countdown]<\/strong><\/p>\n","protected":false},"featured_media":7144,"comment_status":"open","ping_status":"closed","template":"","meta":{"neve_meta_sidebar":"","neve_meta_container":"","neve_meta_enable_content_width":"","neve_meta_content_width":0,"neve_meta_title_alignment":"","neve_meta_author_avatar":"","neve_post_elements_order":"","neve_meta_disable_header":"","neve_meta_disable_footer":"","neve_meta_disable_title":"","neve_meta_reading_time":""},"product_brand":[],"product_cat":[153],"product_tag":[],"class_list":{"0":"post-7173","1":"product","2":"type-product","3":"status-publish","4":"has-post-thumbnail","6":"product_cat-sanatate","8":"first","9":"instock","10":"shipping-taxable","11":"product-type-external"},"yoast_head":"<!-- This site is optimized with the Yoast SEO plugin v27.4 - https:\/\/yoast.com\/product\/yoast-seo-wordpress\/ -->\n<title>Hondro Sol - Clinica Althea<\/title>\n<meta name=\"robots\" content=\"index, follow, max-snippet:-1, max-image-preview:large, max-video-preview:-1\" \/>\n<link rel=\"canonical\" href=\"https:\/\/www.clinicaalthea.com\/farmacia\/ro\/apt\/hondro-sol\/\" \/>\n<meta property=\"og:locale\" content=\"pl_PL\" \/>\n<meta property=\"og:type\" content=\"article\" \/>\n<meta property=\"og:title\" content=\"Hondro Sol - Clinica Althea\" \/>\n<meta property=\"og:description\" content=\"159.00 lei 318.00 lei\" \/>\n<meta property=\"og:url\" content=\"https:\/\/www.clinicaalthea.com\/farmacia\/ro\/apt\/hondro-sol\/\" \/>\n<meta property=\"og:site_name\" content=\"Clinica Althea\" \/>\n<meta property=\"article:modified_time\" content=\"2024-07-18T09:53:06+00:00\" \/>\n<meta property=\"og:image\" content=\"https:\/\/www.clinicaalthea.com\/farmacia\/wp-content\/uploads\/2024\/07\/Hondro-Sol.jpg\" \/>\n\t<meta property=\"og:image:width\" content=\"768\" \/>\n\t<meta property=\"og:image:height\" content=\"768\" \/>\n\t<meta property=\"og:image:type\" content=\"image\/jpeg\" \/>\n<meta name=\"twitter:card\" content=\"summary_large_image\" \/>\n<meta name=\"twitter:label1\" content=\"Szacowany czas czytania\" \/>\n\t<meta name=\"twitter:data1\" content=\"6 minut\" \/>\n<script type=\"application\/ld+json\" class=\"yoast-schema-graph\">{\"@context\":\"https:\\\/\\\/schema.org\",\"@graph\":[{\"@type\":\"WebPage\",\"@id\":\"https:\\\/\\\/www.clinicaalthea.com\\\/farmacia\\\/ro\\\/apt\\\/hondro-sol\\\/\",\"url\":\"https:\\\/\\\/www.clinicaalthea.com\\\/farmacia\\\/ro\\\/apt\\\/hondro-sol\\\/\",\"name\":\"Hondro Sol - Clinica Althea\",\"isPartOf\":{\"@id\":\"https:\\\/\\\/www.clinicaalthea.com\\\/farmacia\\\/#website\"},\"primaryImageOfPage\":{\"@id\":\"https:\\\/\\\/www.clinicaalthea.com\\\/farmacia\\\/ro\\\/apt\\\/hondro-sol\\\/#primaryimage\"},\"image\":{\"@id\":\"https:\\\/\\\/www.clinicaalthea.com\\\/farmacia\\\/ro\\\/apt\\\/hondro-sol\\\/#primaryimage\"},\"thumbnailUrl\":\"https:\\\/\\\/www.clinicaalthea.com\\\/farmacia\\\/wp-content\\\/uploads\\\/2024\\\/07\\\/Hondro-Sol.jpg\",\"datePublished\":\"2024-07-18T09:52:23+00:00\",\"dateModified\":\"2024-07-18T09:53:06+00:00\",\"breadcrumb\":{\"@id\":\"https:\\\/\\\/www.clinicaalthea.com\\\/farmacia\\\/ro\\\/apt\\\/hondro-sol\\\/#breadcrumb\"},\"inLanguage\":\"pl-PL\",\"potentialAction\":[{\"@type\":\"ReadAction\",\"target\":[\"https:\\\/\\\/www.clinicaalthea.com\\\/farmacia\\\/ro\\\/apt\\\/hondro-sol\\\/\"]}]},{\"@type\":\"ImageObject\",\"inLanguage\":\"pl-PL\",\"@id\":\"https:\\\/\\\/www.clinicaalthea.com\\\/farmacia\\\/ro\\\/apt\\\/hondro-sol\\\/#primaryimage\",\"url\":\"https:\\\/\\\/www.clinicaalthea.com\\\/farmacia\\\/wp-content\\\/uploads\\\/2024\\\/07\\\/Hondro-Sol.jpg\",\"contentUrl\":\"https:\\\/\\\/www.clinicaalthea.com\\\/farmacia\\\/wp-content\\\/uploads\\\/2024\\\/07\\\/Hondro-Sol.jpg\",\"width\":768,\"height\":768,\"caption\":\"Hondro Sol\"},{\"@type\":\"BreadcrumbList\",\"@id\":\"https:\\\/\\\/www.clinicaalthea.com\\\/farmacia\\\/ro\\\/apt\\\/hondro-sol\\\/#breadcrumb\",\"itemListElement\":[{\"@type\":\"ListItem\",\"position\":1,\"name\":\"Strona g\u0142\u00f3wna\",\"item\":\"https:\\\/\\\/www.clinicaalthea.com\\\/farmacia\\\/\"},{\"@type\":\"ListItem\",\"position\":2,\"name\":\"Produkty\",\"item\":\"https:\\\/\\\/www.clinicaalthea.com\\\/farmacia\\\/\"},{\"@type\":\"ListItem\",\"position\":3,\"name\":\"Hondro Sol\"}]},{\"@type\":\"WebSite\",\"@id\":\"https:\\\/\\\/www.clinicaalthea.com\\\/farmacia\\\/#website\",\"url\":\"https:\\\/\\\/www.clinicaalthea.com\\\/farmacia\\\/\",\"name\":\"Clinica Althea\",\"description\":\"\",\"publisher\":{\"@id\":\"https:\\\/\\\/www.clinicaalthea.com\\\/farmacia\\\/#organization\"},\"potentialAction\":[{\"@type\":\"SearchAction\",\"target\":{\"@type\":\"EntryPoint\",\"urlTemplate\":\"https:\\\/\\\/www.clinicaalthea.com\\\/farmacia\\\/?s={search_term_string}\"},\"query-input\":{\"@type\":\"PropertyValueSpecification\",\"valueRequired\":true,\"valueName\":\"search_term_string\"}}],\"inLanguage\":\"pl-PL\"},{\"@type\":\"Organization\",\"@id\":\"https:\\\/\\\/www.clinicaalthea.com\\\/farmacia\\\/#organization\",\"name\":\"Clinica Althea\",\"url\":\"https:\\\/\\\/www.clinicaalthea.com\\\/farmacia\\\/\",\"logo\":{\"@type\":\"ImageObject\",\"inLanguage\":\"pl-PL\",\"@id\":\"https:\\\/\\\/www.clinicaalthea.com\\\/farmacia\\\/#\\\/schema\\\/logo\\\/image\\\/\",\"url\":\"https:\\\/\\\/www.clinicaalthea.com\\\/farmacia\\\/wp-content\\\/uploads\\\/2023\\\/12\\\/Jak-diagnozuje-sie-FAS_-objawy-kryteria-diagnostyczne-i-metody-diagnozowania-154162903.jpg\",\"contentUrl\":\"https:\\\/\\\/www.clinicaalthea.com\\\/farmacia\\\/wp-content\\\/uploads\\\/2023\\\/12\\\/Jak-diagnozuje-sie-FAS_-objawy-kryteria-diagnostyczne-i-metody-diagnozowania-154162903.jpg\",\"width\":1216,\"height\":832,\"caption\":\"Clinica Althea\"},\"image\":{\"@id\":\"https:\\\/\\\/www.clinicaalthea.com\\\/farmacia\\\/#\\\/schema\\\/logo\\\/image\\\/\"}}]}<\/script>\n<!-- \/ Yoast SEO plugin. -->","yoast_head_json":{"title":"Hondro Sol - Clinica Althea","robots":{"index":"index","follow":"follow","max-snippet":"max-snippet:-1","max-image-preview":"max-image-preview:large","max-video-preview":"max-video-preview:-1"},"canonical":"https:\/\/www.clinicaalthea.com\/farmacia\/ro\/apt\/hondro-sol\/","og_locale":"pl_PL","og_type":"article","og_title":"Hondro Sol - Clinica Althea","og_description":"159.00 lei 318.00 lei","og_url":"https:\/\/www.clinicaalthea.com\/farmacia\/ro\/apt\/hondro-sol\/","og_site_name":"Clinica Althea","article_modified_time":"2024-07-18T09:53:06+00:00","og_image":[{"width":768,"height":768,"url":"https:\/\/www.clinicaalthea.com\/farmacia\/wp-content\/uploads\/2024\/07\/Hondro-Sol.jpg","type":"image\/jpeg"}],"twitter_card":"summary_large_image","twitter_misc":{"Szacowany czas czytania":"6 minut"},"schema":{"@context":"https:\/\/schema.org","@graph":[{"@type":"WebPage","@id":"https:\/\/www.clinicaalthea.com\/farmacia\/ro\/apt\/hondro-sol\/","url":"https:\/\/www.clinicaalthea.com\/farmacia\/ro\/apt\/hondro-sol\/","name":"Hondro Sol - Clinica Althea","isPartOf":{"@id":"https:\/\/www.clinicaalthea.com\/farmacia\/#website"},"primaryImageOfPage":{"@id":"https:\/\/www.clinicaalthea.com\/farmacia\/ro\/apt\/hondro-sol\/#primaryimage"},"image":{"@id":"https:\/\/www.clinicaalthea.com\/farmacia\/ro\/apt\/hondro-sol\/#primaryimage"},"thumbnailUrl":"https:\/\/www.clinicaalthea.com\/farmacia\/wp-content\/uploads\/2024\/07\/Hondro-Sol.jpg","datePublished":"2024-07-18T09:52:23+00:00","dateModified":"2024-07-18T09:53:06+00:00","breadcrumb":{"@id":"https:\/\/www.clinicaalthea.com\/farmacia\/ro\/apt\/hondro-sol\/#breadcrumb"},"inLanguage":"pl-PL","potentialAction":[{"@type":"ReadAction","target":["https:\/\/www.clinicaalthea.com\/farmacia\/ro\/apt\/hondro-sol\/"]}]},{"@type":"ImageObject","inLanguage":"pl-PL","@id":"https:\/\/www.clinicaalthea.com\/farmacia\/ro\/apt\/hondro-sol\/#primaryimage","url":"https:\/\/www.clinicaalthea.com\/farmacia\/wp-content\/uploads\/2024\/07\/Hondro-Sol.jpg","contentUrl":"https:\/\/www.clinicaalthea.com\/farmacia\/wp-content\/uploads\/2024\/07\/Hondro-Sol.jpg","width":768,"height":768,"caption":"Hondro Sol"},{"@type":"BreadcrumbList","@id":"https:\/\/www.clinicaalthea.com\/farmacia\/ro\/apt\/hondro-sol\/#breadcrumb","itemListElement":[{"@type":"ListItem","position":1,"name":"Strona g\u0142\u00f3wna","item":"https:\/\/www.clinicaalthea.com\/farmacia\/"},{"@type":"ListItem","position":2,"name":"Produkty","item":"https:\/\/www.clinicaalthea.com\/farmacia\/"},{"@type":"ListItem","position":3,"name":"Hondro Sol"}]},{"@type":"WebSite","@id":"https:\/\/www.clinicaalthea.com\/farmacia\/#website","url":"https:\/\/www.clinicaalthea.com\/farmacia\/","name":"Clinica Althea","description":"","publisher":{"@id":"https:\/\/www.clinicaalthea.com\/farmacia\/#organization"},"potentialAction":[{"@type":"SearchAction","target":{"@type":"EntryPoint","urlTemplate":"https:\/\/www.clinicaalthea.com\/farmacia\/?s={search_term_string}"},"query-input":{"@type":"PropertyValueSpecification","valueRequired":true,"valueName":"search_term_string"}}],"inLanguage":"pl-PL"},{"@type":"Organization","@id":"https:\/\/www.clinicaalthea.com\/farmacia\/#organization","name":"Clinica Althea","url":"https:\/\/www.clinicaalthea.com\/farmacia\/","logo":{"@type":"ImageObject","inLanguage":"pl-PL","@id":"https:\/\/www.clinicaalthea.com\/farmacia\/#\/schema\/logo\/image\/","url":"https:\/\/www.clinicaalthea.com\/farmacia\/wp-content\/uploads\/2023\/12\/Jak-diagnozuje-sie-FAS_-objawy-kryteria-diagnostyczne-i-metody-diagnozowania-154162903.jpg","contentUrl":"https:\/\/www.clinicaalthea.com\/farmacia\/wp-content\/uploads\/2023\/12\/Jak-diagnozuje-sie-FAS_-objawy-kryteria-diagnostyczne-i-metody-diagnozowania-154162903.jpg","width":1216,"height":832,"caption":"Clinica Althea"},"image":{"@id":"https:\/\/www.clinicaalthea.com\/farmacia\/#\/schema\/logo\/image\/"}}]}},"lang":"ro","translations":{"ro":7173,"pl":7139,"de":7148,"es":7152,"el":7156,"it":7160,"bg":7164,"cs":7168,"hu":7170,"sk":7175},"pll_sync_post":[],"_links":{"self":[{"href":"https:\/\/www.clinicaalthea.com\/farmacia\/wp-json\/wp\/v2\/product\/7173","targetHints":{"allow":["GET"]}}],"collection":[{"href":"https:\/\/www.clinicaalthea.com\/farmacia\/wp-json\/wp\/v2\/product"}],"about":[{"href":"https:\/\/www.clinicaalthea.com\/farmacia\/wp-json\/wp\/v2\/types\/product"}],"replies":[{"embeddable":true,"href":"https:\/\/www.clinicaalthea.com\/farmacia\/wp-json\/wp\/v2\/comments?post=7173"}],"wp:featuredmedia":[{"embeddable":true,"href":"https:\/\/www.clinicaalthea.com\/farmacia\/wp-json\/wp\/v2\/media\/7144"}],"wp:attachment":[{"href":"https:\/\/www.clinicaalthea.com\/farmacia\/wp-json\/wp\/v2\/media?parent=7173"}],"wp:term":[{"taxonomy":"product_brand","embeddable":true,"href":"https:\/\/www.clinicaalthea.com\/farmacia\/wp-json\/wp\/v2\/product_brand?post=7173"},{"taxonomy":"product_cat","embeddable":true,"href":"https:\/\/www.clinicaalthea.com\/farmacia\/wp-json\/wp\/v2\/product_cat?post=7173"},{"taxonomy":"product_tag","embeddable":true,"href":"https:\/\/www.clinicaalthea.com\/farmacia\/wp-json\/wp\/v2\/product_tag?post=7173"}],"curies":[{"name":"wp","href":"https:\/\/api.w.org\/{rel}","templated":true}]}}