{"id":6941,"date":"2024-07-18T09:05:38","date_gmt":"2024-07-18T08:05:38","guid":{"rendered":"https:\/\/mayoguide.org\/produkty\/?post_type=product&#038;p=6941"},"modified":"2024-07-18T09:10:42","modified_gmt":"2024-07-18T08:10:42","slug":"gelarex","status":"publish","type":"product","link":"https:\/\/www.clinicaalthea.com\/farmacia\/lt\/apt\/gelarex\/","title":{"rendered":"Gelarex"},"content":{"rendered":"\n<h2 class=\"wp-block-heading\">Kas yra &#8220;Gelarex&#8221; ir kaip jis veikia?<\/h2>\n\n\n\n<p>&#8220;<b>Gelarex&#8221;<\/b> yra naujovi\u0161kas raminamasis kremas, skirtas i\u0161oriniam hemorojaus gydymui. Jo veiksmingumas pagr\u012fstas nat\u016braliais ingredientais, tokiais kaip nyk\u0161tukin\u0117s palm\u0117s ekstraktas, sabalin\u0117s palm\u0117s ekstraktas, \u0105\u017euolo \u0161aknies ekstraktas, alavijo ekstraktas, drakono med\u017eio ekstraktas, \u010desnakas, ramun\u0117l\u0117s ir rozmarino \u017eiedai. \u0160ie kruop\u0161\u010diai atrinkti ingredientai u\u017etikrina, kad &#8220;Gelarex&#8221; visapusi\u0161kai <b>veikia<\/b> hemorojaus problemas.<\/p>\n\n\n\n<p>Kiekviena &#8220;Gelarex&#8221; sudedamoji dalis atlieka tam tikr\u0105 funkcij\u0105 ir <b>veikia<\/b> tam tikru <b>b\u016bdu<\/b>. Nyk\u0161tukin\u0117s palm\u0117s ekstraktas ir sabalin\u0117s palm\u0117s ekstraktas padeda suma\u017einti patinim\u0105 i\u0161ang\u0117s srityje ir ma\u017eina u\u017edegim\u0105. \u0104\u017euolo \u0161aknis, alavijo ekstraktas ir dracenos ekstraktas mal\u0161ina skausm\u0105 ir nie\u017eul\u012f, kartu skatindami pa\u017eeist\u0173 audini\u0173 regeneracij\u0105. Tuo tarpu \u010desnakai, ramun\u0117l\u0117s ir rozmarino \u017eiedai gerina kraujotak\u0105 ir stiprina kraujagysles i\u0161ang\u0117s srityje.<\/p>\n\n\n\n<blockquote class=\"wp-block-quote is-layout-flow wp-block-quote-is-layout-flow\">\n<p>Nyk\u0161tukin\u0117s palm\u0117s ir sabalin\u0117s palm\u0117s ekstraktas jau \u0161imtme\u010dius vertinamas d\u0117l skausm\u0105 ir u\u017edegim\u0105 ma\u017einan\u010di\u0173 savybi\u0173. Kartu su kitomis sudedamosiomis dalimis Gelarex sukuria visapusi\u0161k\u0105 formul\u0119, kuri padeda hemorojumi sergantiems pacientams.<\/p>\n<\/blockquote>\n\n\n\n<p>&#8220;Gelarex&#8221; <b>poveikis<\/b> yra skirtas skausmui mal\u0161inti, u\u017edegimui ma\u017einti, kraujotakai gerinti ir kraujagysl\u0117ms i\u0161ang\u0117s srityje stiprinti. Naudojant \u0161\u012f krem\u0105 galima veiksmingai suma\u017einti hemorojaus simptomus, tokius kaip skausmas, nie\u017eulys ir diskomfortas, atkurti pacient\u0173 komfort\u0105 ir pagerinti j\u0173 gyvenimo kokyb\u0119.<\/p>\n\n\n\n<h2 class=\"wp-block-heading\">Koks yra &#8220;Gelarex&#8221; poveikis?<\/h2>\n\n\n\n<p>&#8221; <em>Gelarex&#8221;<\/em> kremo <b>naudojimas<\/b> gali tur\u0117ti daug teigiam\u0173 pasekmi\u0173 tiems, kurie susiduria su hemorojaus problemomis. Tai apima:<\/p>\n\n\n\n<figure class=\"wp-block-table\"><table><tbody><tr><th>Gelarex poveikis<\/th><th>Apra\u0161ymas<\/th><\/tr><tr><td>Skausmo mal\u0161inimas<\/td><td>Kremas suma\u017eina su hemorojumi susijus\u012f skausmo poj\u016bt\u012f, tod\u0117l pacientams palengv\u0117ja.<\/td><\/tr><tr><td>U\u017edegimo ma\u017einimas<\/td><td>Kremo sud\u0117tyje esan\u010dios veikliosios med\u017eiagos ma\u017eina u\u017edegim\u0105, padeda suma\u017einti patinim\u0105 ir pagerinti savijaut\u0105.<\/td><\/tr><tr><td>Patinimo ma\u017einimas<\/td><td>Kremas turi prie\u0161u\u017edegimin\u012f poveik\u012f, ma\u017eina patinim\u0105 aplink i\u0161ang\u0119 ir gerina \u0161ios srities estetin\u012f vaizd\u0105.<\/td><\/tr><tr><td>Kraujotakos gerinimas<\/td><td>Kremas skatina kraujotak\u0105 ir kraujo mikrocirkuliacij\u0105, o tai padeda suma\u017einti u\u017edegim\u0105 ir palengvinti simptomus.<\/td><\/tr><tr><td>Pa\u017eeist\u0173 audini\u0173 regeneracija<\/td><td>Kremo sudedamosios dalys pagreitina pa\u017eeist\u0173 audini\u0173 gijimo proces\u0105, skatina j\u0173 regeneracij\u0105 ir atkuria sveik\u0105 b\u016bkl\u0119.<\/td><\/tr><tr><td>Atkry\u010dio rizikos ma\u017einimas<\/td><td>Reguliarus &#8220;Gelarex&#8221; kremo <b>naudojimas<\/b> padeda suma\u017einti hemorojaus pasikartojimo rizik\u0105 ir pagerina bendr\u0105 i\u0161ang\u0117s srities b\u016bkl\u0119.<\/td><\/tr><\/tbody><\/table><\/figure>\n\n\n\n<p>D\u0117l vis\u0173 \u0161i\u0173 <b>prie\u017eas\u010di\u0173<\/b> &#8221; <em>Gelarex&#8221;<\/em> yra veiksmingas kremas, palengvinantis hemorojaus simptomus ir atne\u0161antis palengv\u0117jim\u0105 su \u0161ia problema kovojantiems pacientams.<\/p>\n\n\n\n<h2 class=\"wp-block-heading\">Gelarex dozavimas &#8211; Kaip vartoti?<\/h2>\n\n\n\n<p>&#8220;Gelarex&#8221; kremo naudojimas yra paprastas ir saugus. Kaip rekomenduoja gamintojas, krem\u0105 reikia tepti reguliariai 2-3 kartus per dien\u0105, \u0161velniai \u012ftrinant j\u012f \u012f od\u0105 aplink i\u0161ang\u0119. Gydym\u0105 reikia t\u0119sti tol, kol hemorojaus simptomai visi\u0161kai i\u0161nyks.<\/p>\n\n\n\n<h2 class=\"wp-block-heading\">Gelarex atsiliepimai &#8211; K\u0105 vartotojai sako forumuose?<\/h2>\n\n\n\n<p>Vartotojai medicinos forumuose noriai dalijasi savo nuomone apie &#8220;Gelarex&#8221; krem\u0105. Daugelis j\u0173 teigia, kad kremas turi teigiamos patirties ir yra veiksmingas ma\u017einant hemorojaus simptomus. Pavyzdin\u0117s <b>ap\u017evalgos<\/b> liudija apie greit\u0105 kremo veikim\u0105, skausmo mal\u0161inim\u0105 ir pager\u0117jusi\u0105 gyvenimo kokyb\u0119.<\/p>\n\n\n\n<p>Viena naudotoja Anna ra\u0161\u0117: &#8220;Gelarex&#8221; yra nuostabus! U\u017etepus i\u0161 karto pajutau palengv\u0117jim\u0105 nuo skausmo ir nie\u017eulio. D\u0117l \u0161io kremo galiu normaliai funkcionuoti ir m\u0117gautis daug patogesniu gyvenimu. Labai rekomenduoju!&#8221;<\/p>\n\n\n\n<blockquote class=\"wp-block-quote is-layout-flow wp-block-quote-is-layout-flow\">\n<p>Kitas naudotojas Peteris taip pat dalijasi teigiamais <b>atsiliepimais apie<\/b> &#8220;Gelarex&#8221; veikim\u0105. Savo prane\u0161ime jis ra\u0161\u0117: &#8220;Gelarex&#8221; kremas man yra tikras atradimas. Vos po keli\u0173 naudojimo dien\u0173 pasteb\u0117jau, kad pager\u0117jo patinimas ir u\u017edegimas. Labai rekomenduoju!&#8221;<\/p>\n<\/blockquote>\n\n\n\n<p>Vartotoj\u0173 <b>atsiliepimai<\/b> medicinos forumuose patvirtina, kad &#8220;Gelarex&#8221; kremas veiksmingai mal\u0161ina hemorojaus simptomus. Verta prisiminti, kad \u0161ios nuomon\u0117s yra subjektyvios ir gali skirtis priklausomai nuo individualios patirties. Prie\u0161 naudojant krem\u0105 visada patartina pasitarti su gydytoju.<\/p>\n\n\n\n<figure class=\"wp-block-table\"><table><tbody><tr><th>Nuomon\u0117 apie &#8220;Gelarex<\/th><th>Autorius<\/th><\/tr><tr><td>Naudoju &#8220;Gelarex&#8221; jau dvi savaites ir pasteb\u0117jau \u017eym\u0173 pager\u0117jim\u0105. Kremas veikia greitai ir veiksmingai.<\/td><td>Marta<\/td><\/tr><tr><td>&#8220;Gelarex&#8221; pad\u0117jo man atsikratyti diskomforto ir padar\u0117 mano gyvenim\u0105 patogesn\u012f. Labai rekomenduoju!<\/td><td>Adomas<\/td><\/tr><\/tbody><\/table><\/figure>\n\n\n\n<h2 class=\"wp-block-heading\">Gelarex &#8211; Sud\u0117tis &#8211; sudedam\u0173j\u0173 dali\u0173 analiz\u0117<\/h2>\n\n\n\n<p>&#8220;Gelarex&#8221; kremas &#8211; tai kruop\u0161\u010diai atrinktas produktas, kurio <b>sud\u0117tis<\/b> pagr\u012fsta nat\u016braliais ingredientais. D\u0117l \u0161ios unikalios sud\u0117ties &#8220;Gelarex&#8221; efektyviai palengvina hemoroj\u0173 ir teigiamai veikia paciento b\u016bkl\u0119.<\/p>\n\n\n\n<p>&#8220;Gelarex&#8221; kremo sud\u0117tyje yra \u012fvairi\u0173 veikli\u0173j\u0173 med\u017eiag\u0173, pvz:<\/p>\n\n\n\n<ul class=\"wp-block-list\">\n<li><em>Nyk\u0161tukin\u0117s palm\u0117s ekstraktas<\/em> &#8211; pasi\u017eymi skausm\u0105 mal\u0161inan\u010diomis ir prie\u0161u\u017edegimin\u0117mis savyb\u0117mis, mal\u0161ina hemorojaus simptomus.<\/li>\n\n\n\n<li><em>Sabalin\u0117s palm\u0117s ekstraktas<\/em> &#8211; stiprina kraujagysles, gerina kraujotak\u0105 ir ma\u017eina patinim\u0105 i\u0161ang\u0117s srityje.<\/li>\n\n\n\n<li><em>\u0104\u017euolo \u0161aknis<\/em> &#8211; pasi\u017eymi antibakteriniu ir prie\u0161u\u017edegiminiu poveikiu, ramina odos sudirgimus ir infekcijas.<\/li>\n\n\n\n<li><em>Alavijo ekstraktas<\/em> &#8211; dr\u0117kina ir ramina od\u0105, spartina pa\u017eeist\u0173 audini\u0173 regeneracij\u0105.<\/li>\n\n\n\n<li><em>Drakono med\u017eio ekstraktas<\/em> &#8211; pasi\u017eymi antibakterin\u0117mis ir prie\u0161u\u017edegimin\u0117mis savyb\u0117mis, skatina gijim\u0105 ir odos apsaug\u0105.<\/li>\n\n\n\n<li><em>\u010cesnakas<\/em> &#8211; antibakterinis ir prie\u0161grybelinis, ma\u017eina odos sudirgim\u0105.<\/li>\n\n\n\n<li><em>Ramun\u0117l\u0117s<\/em> &#8211; mal\u0161ina u\u017edegim\u0105 ir nie\u017eul\u012f, pagreitina odos gijim\u0105.<\/li>\n\n\n\n<li><em>Rozmarino \u017eiedai<\/em> &#8211; pasi\u017eymi antibakteriniu ir prie\u0161u\u017edegiminiu poveikiu, skatina odos regeneracij\u0105.<\/li>\n<\/ul>\n\n\n\n<p>D\u0117l kruop\u0161\u010diai parinkt\u0173 ingredient\u0173 &#8220;Gelarex&#8221; kremas visapusi\u0161kai veikia hemorojaus simptomus, mal\u0161ina skausm\u0105, ma\u017eina u\u017edegim\u0105 ir skatina odos regeneracij\u0105. Saugus ir veiksmingas, Gelarex yra puikus pasirinkimas tiems, kurie kovoja su hemorojumi.<\/p>\n\n\n\n<h2 class=\"wp-block-heading\">Kur \u012fsigyti Gelarex &#8211; kaina<\/h2>\n\n\n\n<p>Nor\u0117dami \u012fsigyti Gelarex kremo, patartina naudotis oficialia gamintojo svetaine. <b>Pirkdami<\/b> gamin\u012f tiesiogiai i\u0161 gamintojo, u\u017etikrinsite, kad gausite original\u0173 ir visi\u0161kai kokybi\u0161k\u0105 produkt\u0105. Taip pat verta nepamir\u0161ti, kad Gelarex <b>kaina<\/b> gali skirtis priklausomai nuo galim\u0173 akcij\u0173 ir speciali\u0173 pasi\u016blym\u0173, tod\u0117l visada verta patikrinti esamas kainas oficialioje gamintojo svetain\u0117je.<\/p>\n\n\n\n<p>&#8220;Gelarex&#8221; kremo galima \u012fsigyti \u012fvairiose pakuot\u0117se, o <b>kaina<\/b> priklauso nuo j\u0173 dyd\u017eio. Galimas pirkimo galimybes galima patikrinti oficialioje gamintojo svetain\u0117je, kurioje galima patogiai u\u017esisakyti internetu. Galima \u012fsigyti atskiras Gelarex kremo pakuotes arba pasinaudoti akcin\u0117mis pakuot\u0117mis, kurios gali b\u016bti ekonomi\u0161kesn\u0117s.<\/p>\n\n\n\n<p>Prie\u0161 \u012fsigydami Gelarex, visada verta patikrinti oficiali\u0105 gamintojo svetain\u0119, kurioje rasite informacijos apie dabartines akcijas, nuolaidas ir turimus paketus. Taip galite sutaupyti pinig\u0173 ir gauti daugiau produkto u\u017e patraukli\u0105 kain\u0105.<\/p>\n\n\n\n<h2 class=\"wp-block-heading\">Gelarex &#8211; Galimas \u0161alutinis poveikis ir vartojimo kontraindikacijos<\/h2>\n\n\n\n<p>Gelarex yra veiksmingas kremas, palengvinantis hemorojaus simptomus ir paprastai gerai toleruojamas. Nepaisant to, yra tam tikras galimas \u0161alutinis poveikis ir kontraindikacijos.<\/p>\n\n\n\n<p>Vienas i\u0161 galim\u0173 \u0161alutini\u0173 poveiki\u0173, kuri\u0173 reikia saugotis, yra odos alergija. \u017dmon\u0117s, kurie yra alergi\u0161ki bet kuriai Gelarex sudedamajai daliai, tur\u0117t\u0173 vengti naudoti \u0161\u012f atpalaiduojant\u012f krem\u0105.<\/p>\n\n\n\n<p>Jei kyla abejoni\u0173 arba pasirei\u0161kia ne\u012fprastos odos reakcijos, visada kreipkit\u0117s \u012f gydytoj\u0105. Gydytojas gal\u0117s \u012fvertinti situacij\u0105 ir pritaikyti tolesn\u012f gydym\u0105.<\/p>\n\n\n\n<p>Prie\u0161 pradedant vartoti Gelarex, visada rekomenduojama perskaityti informacin\u012f lapel\u012f ir laikytis gamintojo nurodym\u0173. Derinant Gelarex su kitais vaistais ar papildais gali prireikti gydytojo konsultacijos, tod\u0117l svarbu gerai suprasti, kaip saugiausiai ir veiksmingiausiai naudoti \u0161\u012f <b>palengvinam\u0105j\u012f krem\u0105<\/b>.<\/p>\n","protected":false},"excerpt":{"rendered":"<p><strong>39.00 \u20ac<\/strong><\/p>\n<p><del>78.00 \u20ac<\/del><\/p>\n<p><strong>[date_countdown]<\/strong><\/p>\n","protected":false},"featured_media":6905,"comment_status":"open","ping_status":"closed","template":"","meta":{"neve_meta_sidebar":"","neve_meta_container":"","neve_meta_enable_content_width":"","neve_meta_content_width":0,"neve_meta_title_alignment":"","neve_meta_author_avatar":"","neve_post_elements_order":"","neve_meta_disable_header":"","neve_meta_disable_footer":"","neve_meta_disable_title":"","neve_meta_reading_time":""},"product_brand":[],"product_cat":[121],"product_tag":[],"class_list":{"0":"post-6941","1":"product","2":"type-product","3":"status-publish","4":"has-post-thumbnail","6":"product_cat-sveikata","8":"first","9":"instock","10":"shipping-taxable","11":"product-type-external"},"yoast_head":"<!-- This site is optimized with the Yoast SEO plugin v27.4 - https:\/\/yoast.com\/product\/yoast-seo-wordpress\/ -->\n<title>Gelarex - Clinica Althea<\/title>\n<meta name=\"robots\" content=\"index, follow, max-snippet:-1, max-image-preview:large, max-video-preview:-1\" \/>\n<link rel=\"canonical\" href=\"https:\/\/www.clinicaalthea.com\/farmacia\/lt\/apt\/gelarex\/\" \/>\n<meta property=\"og:locale\" content=\"pl_PL\" \/>\n<meta property=\"og:type\" content=\"article\" \/>\n<meta property=\"og:title\" content=\"Gelarex - Clinica Althea\" \/>\n<meta property=\"og:description\" content=\"39.00 \u20ac 78.00 \u20ac\" \/>\n<meta property=\"og:url\" content=\"https:\/\/www.clinicaalthea.com\/farmacia\/lt\/apt\/gelarex\/\" \/>\n<meta property=\"og:site_name\" content=\"Clinica Althea\" \/>\n<meta property=\"article:modified_time\" content=\"2024-07-18T08:10:42+00:00\" \/>\n<meta property=\"og:image\" content=\"https:\/\/www.clinicaalthea.com\/farmacia\/wp-content\/uploads\/2024\/07\/gelarex.jpg\" \/>\n\t<meta property=\"og:image:width\" content=\"768\" \/>\n\t<meta property=\"og:image:height\" content=\"768\" \/>\n\t<meta property=\"og:image:type\" content=\"image\/jpeg\" \/>\n<meta name=\"twitter:card\" content=\"summary_large_image\" \/>\n<meta name=\"twitter:label1\" content=\"Szacowany czas czytania\" \/>\n\t<meta name=\"twitter:data1\" content=\"6 minut\" \/>\n<script type=\"application\/ld+json\" class=\"yoast-schema-graph\">{\"@context\":\"https:\\\/\\\/schema.org\",\"@graph\":[{\"@type\":\"WebPage\",\"@id\":\"https:\\\/\\\/www.clinicaalthea.com\\\/farmacia\\\/lt\\\/apt\\\/gelarex\\\/\",\"url\":\"https:\\\/\\\/www.clinicaalthea.com\\\/farmacia\\\/lt\\\/apt\\\/gelarex\\\/\",\"name\":\"Gelarex - Clinica Althea\",\"isPartOf\":{\"@id\":\"https:\\\/\\\/www.clinicaalthea.com\\\/farmacia\\\/#website\"},\"primaryImageOfPage\":{\"@id\":\"https:\\\/\\\/www.clinicaalthea.com\\\/farmacia\\\/lt\\\/apt\\\/gelarex\\\/#primaryimage\"},\"image\":{\"@id\":\"https:\\\/\\\/www.clinicaalthea.com\\\/farmacia\\\/lt\\\/apt\\\/gelarex\\\/#primaryimage\"},\"thumbnailUrl\":\"https:\\\/\\\/www.clinicaalthea.com\\\/farmacia\\\/wp-content\\\/uploads\\\/2024\\\/07\\\/gelarex.jpg\",\"datePublished\":\"2024-07-18T08:05:38+00:00\",\"dateModified\":\"2024-07-18T08:10:42+00:00\",\"breadcrumb\":{\"@id\":\"https:\\\/\\\/www.clinicaalthea.com\\\/farmacia\\\/lt\\\/apt\\\/gelarex\\\/#breadcrumb\"},\"inLanguage\":\"pl-PL\",\"potentialAction\":[{\"@type\":\"ReadAction\",\"target\":[\"https:\\\/\\\/www.clinicaalthea.com\\\/farmacia\\\/lt\\\/apt\\\/gelarex\\\/\"]}]},{\"@type\":\"ImageObject\",\"inLanguage\":\"pl-PL\",\"@id\":\"https:\\\/\\\/www.clinicaalthea.com\\\/farmacia\\\/lt\\\/apt\\\/gelarex\\\/#primaryimage\",\"url\":\"https:\\\/\\\/www.clinicaalthea.com\\\/farmacia\\\/wp-content\\\/uploads\\\/2024\\\/07\\\/gelarex.jpg\",\"contentUrl\":\"https:\\\/\\\/www.clinicaalthea.com\\\/farmacia\\\/wp-content\\\/uploads\\\/2024\\\/07\\\/gelarex.jpg\",\"width\":768,\"height\":768,\"caption\":\"Gelarex\"},{\"@type\":\"BreadcrumbList\",\"@id\":\"https:\\\/\\\/www.clinicaalthea.com\\\/farmacia\\\/lt\\\/apt\\\/gelarex\\\/#breadcrumb\",\"itemListElement\":[{\"@type\":\"ListItem\",\"position\":1,\"name\":\"Strona g\u0142\u00f3wna\",\"item\":\"https:\\\/\\\/www.clinicaalthea.com\\\/farmacia\\\/\"},{\"@type\":\"ListItem\",\"position\":2,\"name\":\"Produkty\",\"item\":\"https:\\\/\\\/www.clinicaalthea.com\\\/farmacia\\\/\"},{\"@type\":\"ListItem\",\"position\":3,\"name\":\"Gelarex\"}]},{\"@type\":\"WebSite\",\"@id\":\"https:\\\/\\\/www.clinicaalthea.com\\\/farmacia\\\/#website\",\"url\":\"https:\\\/\\\/www.clinicaalthea.com\\\/farmacia\\\/\",\"name\":\"Clinica Althea\",\"description\":\"\",\"publisher\":{\"@id\":\"https:\\\/\\\/www.clinicaalthea.com\\\/farmacia\\\/#organization\"},\"potentialAction\":[{\"@type\":\"SearchAction\",\"target\":{\"@type\":\"EntryPoint\",\"urlTemplate\":\"https:\\\/\\\/www.clinicaalthea.com\\\/farmacia\\\/?s={search_term_string}\"},\"query-input\":{\"@type\":\"PropertyValueSpecification\",\"valueRequired\":true,\"valueName\":\"search_term_string\"}}],\"inLanguage\":\"pl-PL\"},{\"@type\":\"Organization\",\"@id\":\"https:\\\/\\\/www.clinicaalthea.com\\\/farmacia\\\/#organization\",\"name\":\"Clinica Althea\",\"url\":\"https:\\\/\\\/www.clinicaalthea.com\\\/farmacia\\\/\",\"logo\":{\"@type\":\"ImageObject\",\"inLanguage\":\"pl-PL\",\"@id\":\"https:\\\/\\\/www.clinicaalthea.com\\\/farmacia\\\/#\\\/schema\\\/logo\\\/image\\\/\",\"url\":\"https:\\\/\\\/www.clinicaalthea.com\\\/farmacia\\\/wp-content\\\/uploads\\\/2023\\\/12\\\/Jak-diagnozuje-sie-FAS_-objawy-kryteria-diagnostyczne-i-metody-diagnozowania-154162903.jpg\",\"contentUrl\":\"https:\\\/\\\/www.clinicaalthea.com\\\/farmacia\\\/wp-content\\\/uploads\\\/2023\\\/12\\\/Jak-diagnozuje-sie-FAS_-objawy-kryteria-diagnostyczne-i-metody-diagnozowania-154162903.jpg\",\"width\":1216,\"height\":832,\"caption\":\"Clinica Althea\"},\"image\":{\"@id\":\"https:\\\/\\\/www.clinicaalthea.com\\\/farmacia\\\/#\\\/schema\\\/logo\\\/image\\\/\"}}]}<\/script>\n<!-- \/ Yoast SEO plugin. -->","yoast_head_json":{"title":"Gelarex - Clinica Althea","robots":{"index":"index","follow":"follow","max-snippet":"max-snippet:-1","max-image-preview":"max-image-preview:large","max-video-preview":"max-video-preview:-1"},"canonical":"https:\/\/www.clinicaalthea.com\/farmacia\/lt\/apt\/gelarex\/","og_locale":"pl_PL","og_type":"article","og_title":"Gelarex - Clinica Althea","og_description":"39.00 \u20ac 78.00 \u20ac","og_url":"https:\/\/www.clinicaalthea.com\/farmacia\/lt\/apt\/gelarex\/","og_site_name":"Clinica Althea","article_modified_time":"2024-07-18T08:10:42+00:00","og_image":[{"width":768,"height":768,"url":"https:\/\/www.clinicaalthea.com\/farmacia\/wp-content\/uploads\/2024\/07\/gelarex.jpg","type":"image\/jpeg"}],"twitter_card":"summary_large_image","twitter_misc":{"Szacowany czas czytania":"6 minut"},"schema":{"@context":"https:\/\/schema.org","@graph":[{"@type":"WebPage","@id":"https:\/\/www.clinicaalthea.com\/farmacia\/lt\/apt\/gelarex\/","url":"https:\/\/www.clinicaalthea.com\/farmacia\/lt\/apt\/gelarex\/","name":"Gelarex - Clinica Althea","isPartOf":{"@id":"https:\/\/www.clinicaalthea.com\/farmacia\/#website"},"primaryImageOfPage":{"@id":"https:\/\/www.clinicaalthea.com\/farmacia\/lt\/apt\/gelarex\/#primaryimage"},"image":{"@id":"https:\/\/www.clinicaalthea.com\/farmacia\/lt\/apt\/gelarex\/#primaryimage"},"thumbnailUrl":"https:\/\/www.clinicaalthea.com\/farmacia\/wp-content\/uploads\/2024\/07\/gelarex.jpg","datePublished":"2024-07-18T08:05:38+00:00","dateModified":"2024-07-18T08:10:42+00:00","breadcrumb":{"@id":"https:\/\/www.clinicaalthea.com\/farmacia\/lt\/apt\/gelarex\/#breadcrumb"},"inLanguage":"pl-PL","potentialAction":[{"@type":"ReadAction","target":["https:\/\/www.clinicaalthea.com\/farmacia\/lt\/apt\/gelarex\/"]}]},{"@type":"ImageObject","inLanguage":"pl-PL","@id":"https:\/\/www.clinicaalthea.com\/farmacia\/lt\/apt\/gelarex\/#primaryimage","url":"https:\/\/www.clinicaalthea.com\/farmacia\/wp-content\/uploads\/2024\/07\/gelarex.jpg","contentUrl":"https:\/\/www.clinicaalthea.com\/farmacia\/wp-content\/uploads\/2024\/07\/gelarex.jpg","width":768,"height":768,"caption":"Gelarex"},{"@type":"BreadcrumbList","@id":"https:\/\/www.clinicaalthea.com\/farmacia\/lt\/apt\/gelarex\/#breadcrumb","itemListElement":[{"@type":"ListItem","position":1,"name":"Strona g\u0142\u00f3wna","item":"https:\/\/www.clinicaalthea.com\/farmacia\/"},{"@type":"ListItem","position":2,"name":"Produkty","item":"https:\/\/www.clinicaalthea.com\/farmacia\/"},{"@type":"ListItem","position":3,"name":"Gelarex"}]},{"@type":"WebSite","@id":"https:\/\/www.clinicaalthea.com\/farmacia\/#website","url":"https:\/\/www.clinicaalthea.com\/farmacia\/","name":"Clinica Althea","description":"","publisher":{"@id":"https:\/\/www.clinicaalthea.com\/farmacia\/#organization"},"potentialAction":[{"@type":"SearchAction","target":{"@type":"EntryPoint","urlTemplate":"https:\/\/www.clinicaalthea.com\/farmacia\/?s={search_term_string}"},"query-input":{"@type":"PropertyValueSpecification","valueRequired":true,"valueName":"search_term_string"}}],"inLanguage":"pl-PL"},{"@type":"Organization","@id":"https:\/\/www.clinicaalthea.com\/farmacia\/#organization","name":"Clinica Althea","url":"https:\/\/www.clinicaalthea.com\/farmacia\/","logo":{"@type":"ImageObject","inLanguage":"pl-PL","@id":"https:\/\/www.clinicaalthea.com\/farmacia\/#\/schema\/logo\/image\/","url":"https:\/\/www.clinicaalthea.com\/farmacia\/wp-content\/uploads\/2023\/12\/Jak-diagnozuje-sie-FAS_-objawy-kryteria-diagnostyczne-i-metody-diagnozowania-154162903.jpg","contentUrl":"https:\/\/www.clinicaalthea.com\/farmacia\/wp-content\/uploads\/2023\/12\/Jak-diagnozuje-sie-FAS_-objawy-kryteria-diagnostyczne-i-metody-diagnozowania-154162903.jpg","width":1216,"height":832,"caption":"Clinica Althea"},"image":{"@id":"https:\/\/www.clinicaalthea.com\/farmacia\/#\/schema\/logo\/image\/"}}]}},"lang":"lt","translations":{"lt":6941,"pl":6904,"bg":6921,"ro":6929,"hu":6931,"cs":6933,"de":6935,"it":6937,"nl":6939,"el":6943,"et":6945,"sl":6947,"pt":6949,"sk":6951,"es":6953,"fr":6956},"pll_sync_post":[],"_links":{"self":[{"href":"https:\/\/www.clinicaalthea.com\/farmacia\/wp-json\/wp\/v2\/product\/6941","targetHints":{"allow":["GET"]}}],"collection":[{"href":"https:\/\/www.clinicaalthea.com\/farmacia\/wp-json\/wp\/v2\/product"}],"about":[{"href":"https:\/\/www.clinicaalthea.com\/farmacia\/wp-json\/wp\/v2\/types\/product"}],"replies":[{"embeddable":true,"href":"https:\/\/www.clinicaalthea.com\/farmacia\/wp-json\/wp\/v2\/comments?post=6941"}],"wp:featuredmedia":[{"embeddable":true,"href":"https:\/\/www.clinicaalthea.com\/farmacia\/wp-json\/wp\/v2\/media\/6905"}],"wp:attachment":[{"href":"https:\/\/www.clinicaalthea.com\/farmacia\/wp-json\/wp\/v2\/media?parent=6941"}],"wp:term":[{"taxonomy":"product_brand","embeddable":true,"href":"https:\/\/www.clinicaalthea.com\/farmacia\/wp-json\/wp\/v2\/product_brand?post=6941"},{"taxonomy":"product_cat","embeddable":true,"href":"https:\/\/www.clinicaalthea.com\/farmacia\/wp-json\/wp\/v2\/product_cat?post=6941"},{"taxonomy":"product_tag","embeddable":true,"href":"https:\/\/www.clinicaalthea.com\/farmacia\/wp-json\/wp\/v2\/product_tag?post=6941"}],"curies":[{"name":"wp","href":"https:\/\/api.w.org\/{rel}","templated":true}]}}