{"id":5626,"date":"2024-05-23T15:11:40","date_gmt":"2024-05-23T14:11:40","guid":{"rendered":"https:\/\/mayoguide.org\/produkty\/?post_type=product&#038;p=5626"},"modified":"2024-05-23T15:13:26","modified_gmt":"2024-05-23T14:13:26","slug":"spirulin-plus","status":"publish","type":"product","link":"https:\/\/www.clinicaalthea.com\/farmacia\/de\/apt\/spirulin-plus\/","title":{"rendered":"Spirulin Plus"},"content":{"rendered":"\n<h2 class=\"wp-block-heading\" id=\"h-czym-jest-spirulin-plus-i-jak-dziala\">Was ist Spirulin Plus und wie wirkt es?<\/h2>\n\n\n\n<p>Spirulin Plus ist ein innovatives <strong>Nahrungserg\u00e4nzungsmittel<\/strong> mit einer einzigartigen Formulierung, die dazu beitr\u00e4gt, den K\u00f6rper zu ents\u00e4uern und das S\u00e4ure-Basen-Gleichgewicht wiederherzustellen. Das Erg\u00e4nzungsmittel basiert auf nat\u00fcrlichen Inhaltsstoffen, darunter die Mikroalgen Spirulina, Chlorella und andere pflanzliche Stoffe, die sich positiv auf den Entgiftungsprozess des K\u00f6rpers auswirken.<\/p>\n\n\n\n<p>Die Wirkung des Nahrungserg\u00e4nzungsmittels basiert auf sorgf\u00e4ltig ausgew\u00e4hlten Inhaltsstoffen, die den K\u00f6rper wirksam reinigen, das S\u00e4ure-Basen-Gleichgewicht wiederherstellen und seine nat\u00fcrlichen Funktionen unterst\u00fctzen.<\/p>\n\n\n\n<p>In Kombination mit anderen nat\u00fcrlichen Substanzen wirkt Spirulin Plus synergetisch und verst\u00e4rkt <strong>die Wirkung der<\/strong> einzelnen Inhaltsstoffe. Das Erg\u00e4nzungsmittel unterst\u00fctzt den <strong>Stoffwechsel<\/strong>, was zum Abbau von \u00fcbersch\u00fcssigem K\u00f6rperfett und zur Aufrechterhaltung eines gesunden K\u00f6rpergewichts beitr\u00e4gt. Dar\u00fcber hinaus tr\u00e4gt es zur Aufrechterhaltung des S\u00e4ure-Basen-Gleichgewichts des K\u00f6rpers bei, das f\u00fcr die Gesundheit und das Wohlbefinden entscheidend ist.<\/p>\n\n\n\n<h2 class=\"wp-block-heading\" id=\"h-spirulin-plus-efekty-stosowania\">Spirulin Plus &#8211; Auswirkungen der Anwendung<\/h2>\n\n\n\n<p>Die <b>Einnahme<\/b> des Nahrungserg\u00e4nzungsmittels Spirulin Plus kann viele <b>Vorteile<\/b> und positive Auswirkungen auf die Gesundheit haben. Bei regelm\u00e4\u00dfiger Einnahme k\u00f6nnen Verbesserungen in verschiedenen Bereichen des K\u00f6rpers sp\u00fcrbar werden.<\/p>\n\n\n\n<p>Lorem ipsum dolor sit amet, consectetur adipiscing elit. In consequat sapien quis ligula consectetur vulputate. Proin id neque et mauris vehicula posuere. Integer in risus velit. Aliquam ultrices porta orci, vel semper lacus malesuada eget. Suspendisse ultrices libero eu quam efficitur lobortis. Sed consequat, tellus quis feugiat ornare, turpis tortor aliquam ex, at tincidunt erat metus vehicula nunc. Nullam eleifend neque at odio cursus, eu mattis lorem accumsan.<\/p>\n\n\n\n<p>Hier sind einige der wichtigsten <b>Vorteile der<\/b> Verwendung von Spirulin Plus:<\/p>\n\n\n\n<ul class=\"wp-block-list\">\n<li>St\u00e4rkt das Immunsystem<\/li>\n\n\n\n<li>Steigert Energie und Ausdauer<\/li>\n\n\n\n<li>Hilft bei der Entgiftung des K\u00f6rpers<\/li>\n\n\n\n<li>Unterst\u00fctzt <b>die Gesundheit von<\/b> Haut, Haaren und N\u00e4geln<\/li>\n\n\n\n<li>Unterst\u00fctzt die Augenfunktion und verbessert die Sehsch\u00e4rfe<\/li>\n\n\n\n<li>Die in Spirulin Plus enthaltenen<b>Vitamine<\/b> und <b>Mineralstoffe<\/b> sch\u00fctzen vor Mangelerscheinungen<\/li>\n<\/ul>\n\n\n\n<p>Die Aufbewahrung von Spirulin Plus unter den richtigen Bedingungen, vor Licht und Feuchtigkeit gesch\u00fctzt, ist ebenfalls wichtig, um die Wirksamkeit des Pr\u00e4parats zu erhalten.<\/p>\n\n\n\n<h2 class=\"wp-block-heading\" id=\"h-jak-prawidlowo-stosowac-spirulin-plus-dawkowanie\">So verwenden Sie Spirulin Plus richtig &#8211; Dosierung<\/h2>\n\n\n\n<p>Die richtige <b>Anwendung<\/b> des Nahrungserg\u00e4nzungsmittels Spirulin Plus ist der Schl\u00fcssel zum Erreichen der gew\u00fcnschten Ergebnisse und gesundheitlichen Vorteile. Die richtige <b>Dosierung<\/b> und H\u00e4ufigkeit der Anwendung sind wichtig f\u00fcr die optimale Wirkung der Inhaltsstoffe des Nahrungserg\u00e4nzungsmittels. Hier sind einige Tipps f\u00fcr die richtige Anwendung von Spirulin Plus:<\/p>\n\n\n\n<ol class=\"wp-block-list\">\n<li><em>Beachten Sie die Empfehlungen des Herstellers:<\/em> Um optimale Ergebnisse zu erzielen, empfiehlt es sich, die Empfehlungen des Herstellers zur Dosierung und Anwendung von Spirulin Plus sorgf\u00e4ltig zu lesen. Die Dosierungsanweisungen sollten in der Packungsbeilage enthalten sein.<\/li>\n\n\n\n<li><em>Konsultieren Sie Ihren Arzt:<\/em> Es ist immer ratsam, Ihren Arzt zu konsultieren, bevor Sie Spirulin Plus oder ein anderes Nahrungserg\u00e4nzungsmittel einnehmen. Eine professionelle medizinische <b>Beratung<\/b> kann dabei helfen, die richtige Dosis zu bestimmen und zu \u00fcberpr\u00fcfen, ob das Erg\u00e4nzungsmittel nicht verwendet werden sollte, wenn es irgendwelche Gegenanzeigen gibt.<\/li>\n\n\n\n<li><em>Regelm\u00e4\u00dfige Einnahme:<\/em> Um die besten Ergebnisse zu erzielen, wird empfohlen, Spirulin Plus regelm\u00e4\u00dfig nach den Empfehlungen des Herstellers einzunehmen. Unterbrechungen der Einnahme k\u00f6nnen die Wirksamkeit des Nahrungserg\u00e4nzungsmittels beeintr\u00e4chtigen.<\/li>\n\n\n\n<li><em>W\u00e4hlen Sie einen g\u00fcnstigen Zeitpunkt f\u00fcr die Einnahme:<\/em> Spirulin Plus kann zu einem von Ihnen gew\u00e4hlten Zeitpunkt eingenommen werden. Wenn Sie es vorziehen, k\u00f6nnen Sie das Pr\u00e4parat morgens, abends oder zu einer Mahlzeit einnehmen.<\/li>\n<\/ol>\n\n\n\n<p>Denken Sie daran, dass jeder K\u00f6rper anders ist. Lassen Sie sich daher von einem Spezialisten beraten, um <b>die Dosierung von<\/b> Spirulin Plus auf Ihre individuellen Bed\u00fcrfnisse abzustimmen. \u00dcberschreiten Sie nicht die empfohlene Dosierung und achten Sie auf eine gesunde Lebensweise und eine ausgewogene Ern\u00e4hrung.<\/p>\n\n\n\n<h2 class=\"wp-block-heading\" id=\"h-recenzje-i-opinie-o-spirulin-plus\">Bewertungen und Meinungen zu Spirulin Plus<\/h2>\n\n\n\n<p>Sie k\u00f6nnen im Internet zahlreiche Bewertungen von Menschen lesen, denen Spirulin Plus geholfen hat. Die meisten von ihnen sind mit den Ergebnissen zufrieden, die sie nach regelm\u00e4\u00dfiger Einnahme des Nahrungserg\u00e4nzungsmittels erhalten haben. Hier sind Beispiele f\u00fcr diese:<\/p>\n\n\n\n<blockquote class=\"wp-block-quote is-layout-flow wp-block-quote-is-layout-flow\">\n<p>&#8220;Seit einigen Monaten leide ich unter st\u00e4ndiger M\u00fcdigkeit, unkontrollierbarem Appetit und f\u00fchle mich tragisch&#8230; Ich beschloss, das Produkt Spirulin Plus auszuprobieren, das den K\u00f6rper ents\u00e4uert und \u00fcbersch\u00fcssige Giftstoffe aus dem K\u00f6rper entfernt. Es ist u.a. eine Kombination aus Spirulina und Chlorella, die die Arbeit der einzelnen Systeme in unserem K\u00f6rper unterst\u00fctzt. Dank Spirulin Plus habe ich sehr schnell einen Unterschied in Form von erh\u00f6hter Immunit\u00e4t bemerkt &#8211; ich bin trotz der Herbst-\/Wintersaison nicht krank geworden, und ich habe auch mehr Vitalit\u00e4t versp\u00fcrt. Energiemangel ist nicht mehr mein Problem, ich empfehle Ihnen Spirulin Plus &#8211; ein wirksames Mittel, das die Entgiftung unterst\u00fctzt!&#8221;<\/p>\n<\/blockquote>\n\n\n\n<blockquote class=\"wp-block-quote is-layout-flow wp-block-quote-is-layout-flow\">\n<p>&#8220;Ein Freund hat mir dieses Erg\u00e4nzungsmittel empfohlen. Spirulin Plus garantiert die Beseitigung der Auswirkungen des S\u00e4ure-Basen-Ungleichgewichts und eine Steigerung der k\u00f6rpereigenen Immunit\u00e4t &#8211; zun\u00e4chst fiel es mir schwer, diese Versprechen zu glauben. Aber ich habe sehr schnell herausgefunden, dass es tats\u00e4chlich funktioniert. Spirulin Plus kombiniert Spirulina mit Inhaltsstoffen mit fantastischen entgiftungsf\u00f6rdernden Eigenschaften. Da alle Inhaltsstoffe nat\u00fcrlichen Ursprungs sind, muss ich mir keine Sorgen \u00fcber Nebenwirkungen machen. Ich wollte unbedingt meine Gewichtszunahme eind\u00e4mmen und mein Wohlbefinden verbessern, und ich wurde nicht entt\u00e4uscht!&#8221;<\/p>\n<\/blockquote>\n\n\n\n<h2 class=\"wp-block-heading\" id=\"h-spirulin-plus-sklad-analiza-skladnikow\">Spirulin Plus &#8211; Zusammensetzung &#8211; Analyse der Inhaltsstoffe<\/h2>\n\n\n\n<p>Der Hauptbestandteil von Spirulin Plus ist die Mikroalge Spirulina. Spirulina ist bekannt f\u00fcr seinen Reichtum an N\u00e4hrstoffen, die der Gesundheit und dem Wohlbefinden dienen. Sie ist eine nat\u00fcrliche Quelle von Vitaminen, Mineralien und Proteinen, die alle f\u00fcr das richtige Funktionieren des K\u00f6rpers \u00e4u\u00dferst wichtig sind.<\/p>\n\n\n\n<p>Die in Spirulin Plus enthaltenen <b>Vitamine<\/b> und <b>Mineralstoffe<\/b> tragen zum Funktionieren des Immunsystems bei, st\u00e4rken den K\u00f6rper und helfen, freie Radikale zu bek\u00e4mpfen. Der Inhaltsstoff unterst\u00fctzt auch die Entgiftung des K\u00f6rpers, beschleunigt die Regeneration und sch\u00fctzt vor oxidativem Stress.<\/p>\n\n\n\n<p>Neben den Mikroalgen enth\u00e4lt Spirulin Plus auch andere Inhaltsstoffe wie Seehecht-Extrakt, der das reibungslose Funktionieren des Verdauungssystems und die Aufnahme von N\u00e4hrstoffen unterst\u00fctzt. Weitere Inhaltsstoffe sind B-Vitamine, die die Funktion des Gehirns und des Nervensystems beeinflussen, sowie Zink, das f\u00fcr die allgemeine Gesundheit \u00e4u\u00dferst wichtig ist.<\/p>\n\n\n\n<blockquote class=\"wp-block-quote is-layout-flow wp-block-quote-is-layout-flow\">\n<p><b>Eine Analyse der<\/b> Inhaltsstoffe von Spirulin Plus zeigt, dass es sich um ein umfassendes Nahrungserg\u00e4nzungsmittel handelt, das den K\u00f6rper mit vielen wertvollen N\u00e4hrstoffen versorgt. Die Mikroalge Spirulina ist der Hauptbestandteil, der in Kombination mit anderen Stoffen zu den positiven <b>Wirkungen<\/b> und Eigenschaften des Nahrungserg\u00e4nzungsmittels beitr\u00e4gt.<\/p>\n<\/blockquote>\n\n\n\n<figure class=\"wp-block-table\"><table><tbody><tr><th>Komponente<\/th><th>Eigenschaften<\/th><\/tr><tr><td>Mikroalge Spirulina<\/td><td>Reich an N\u00e4hrstoffen, Unterst\u00fctzung der Entgiftung, Schutz vor oxidativem Stress<\/td><\/tr><tr><td>Seehecht-Extrakt<\/td><td>Unterst\u00fctzung der Funktion des Verdauungssystems, Aufnahme von N\u00e4hrstoffen<\/td><\/tr><tr><td>B-Vitamine<\/td><td>Unterst\u00fctzung f\u00fcr das Gehirn und das Nervensystem<\/td><\/tr><tr><td>Zink<\/td><td>Wichtig f\u00fcr die allgemeine Gesundheit<\/td><\/tr><\/tbody><\/table><\/figure>\n\n\n\n<h2 class=\"wp-block-heading\" id=\"h-gdzie-kupic-i-ile-kosztuje-spirulin-plus-cena\">Wo kann man Spirulin Plus kaufen und wie viel kostet es &#8211; Preis<\/h2>\n\n\n\n<p>Wenn Sie daran interessiert sind, Spirulin Plus zu kaufen, und sich fragen, wo es zu finden ist und wie viel es kostet, sind Sie hier richtig. Im Folgenden erfahren Sie mehr dar\u00fcber.<\/p>\n\n\n\n<p>Spirulin Plus k\u00f6nnen Sie am sichersten und einfachsten direkt beim offiziellen Hersteller kaufen. Wenn Sie direkt beim Hersteller kaufen, k\u00f6nnen Sie sicher sein, dass Sie ein Originalprodukt von h\u00f6chster Qualit\u00e4t erhalten. Sie k\u00f6nnen auf der offiziellen Website des Herstellers kaufen, wo Sie Ihre Bestellung einfach und bequem aufgeben k\u00f6nnen.<\/p>\n\n\n\n<p>Was den Preis von Spirulin Plus betrifft, so ist es erw\u00e4hnenswert, dass es sich um ein Nahrungserg\u00e4nzungsmittel mit au\u00dfergew\u00f6hnlichen Eigenschaften handelt, so dass wir nicht erwarten k\u00f6nnen, dass es zu einem sehr niedrigen Preis erh\u00e4ltlich ist. Dank regelm\u00e4\u00dfiger Werbeaktionen und Rabatte, die vom Hersteller angeboten werden, ist es jedoch m\u00f6glich, beim Kauf Geld zu sparen. Der endg\u00fcltige <b>Preis<\/b> h\u00e4ngt von einer Reihe von Faktoren ab, so dass es immer ratsam ist, die aktuellen Angebote auf der Website des Herstellers zu \u00fcberpr\u00fcfen oder den Kundendienst f\u00fcr genaue Informationen zu kontaktieren.<\/p>\n\n\n\n<p>Bitte beachten Sie, dass Spirulin Plus nicht in Apotheken oder traditionellen Gesch\u00e4ften erh\u00e4ltlich ist. Das Originalpr\u00e4parat kann nur beim offiziellen Hersteller erworben werden, um die Qualit\u00e4t, Wirksamkeit und Sicherheit des Produkts zu gew\u00e4hrleisten.<\/p>\n\n\n\n<h2 class=\"wp-block-heading\" id=\"h-potencialne-skutki-uboczne-i-przeciwwskazania-spirulin-plus\">M\u00f6gliche Nebenwirkungen und Kontraindikationen von Spirulin Plus<\/h2>\n\n\n\n<p>Bevor Sie Spirulin Plus als Nahrungserg\u00e4nzungsmittel einnehmen, sollten Sie einige m\u00f6gliche Nebenwirkungen und Gegenanzeigen beachten. Obwohl Spirulin Plus im Allgemeinen als sicher gilt, kann jeder K\u00f6rper etwas anders reagieren, so dass ein Risiko f\u00fcr einige Nebenwirkungen besteht.<\/p>\n\n\n\n<p>Bitte beachten Sie, dass Spirulin Plus die Mikroalge Spirulina enth\u00e4lt, die bei manchen Menschen eine allergische Reaktion hervorrufen kann. Wenn Sie zu allergischen Reaktionen neigen, ist es ratsam, Ihren Arzt zu konsultieren, bevor Sie das Erg\u00e4nzungsmittel einnehmen. Wenn Sie allergische Symptome wie Hautausschlag, Juckreiz oder Schwellungen entwickeln, stellen Sie die Einnahme sofort ein.<\/p>\n\n\n\n<p>Ein weiterer Punkt, der zu beachten ist, ist die Kontraindikation f\u00fcr schwangere und stillende Frauen. Da die Sicherheit von Spirulin Plus w\u00e4hrend dieser Zeit nicht ausreichend erforscht ist, wird die Einnahme des Pr\u00e4parats in diesen F\u00e4llen nicht empfohlen. Wenn Sie schwanger sind oder stillen, sollten Sie Ihren Arzt konsultieren, bevor Sie mit der Einnahme beginnen.<\/p>\n\n\n\n<p>Wichtig ist auch, dass die empfohlene Dosis von Spirulin Plus eingehalten und nicht \u00fcberschritten wird. Obwohl das Pr\u00e4parat im Allgemeinen als sicher gilt, kann eine \u00dcberdosierung unerw\u00fcnschte <b>Wirkungen<\/b> wie Bauchschmerzen, Durchfall oder Ver\u00e4nderungen der Verdauung hervorrufen. Wenn Sie solche Symptome bemerken, sollten Sie die <b>Dosis<\/b> sofort reduzieren oder Ihren Arzt konsultieren.<\/p>\n","protected":false},"excerpt":{"rendered":"<p><strong>44.00 \u20ac<\/strong><\/p>\n<p><del>88.00 \u20ac<\/del><\/p>\n<p><strong>[date_countdown]<\/strong><\/p>\n","protected":false},"featured_media":5618,"comment_status":"open","ping_status":"closed","template":"","meta":{"neve_meta_sidebar":"","neve_meta_container":"","neve_meta_enable_content_width":"","neve_meta_content_width":0,"neve_meta_title_alignment":"","neve_meta_author_avatar":"","neve_post_elements_order":"","neve_meta_disable_header":"","neve_meta_disable_footer":"","neve_meta_disable_title":"","neve_meta_reading_time":""},"product_brand":[],"product_cat":[33],"product_tag":[],"class_list":{"0":"post-5626","1":"product","2":"type-product","3":"status-publish","4":"has-post-thumbnail","6":"product_cat-gesundheit","8":"first","9":"instock","10":"shipping-taxable","11":"product-type-external"},"yoast_head":"<!-- This site is optimized with the Yoast SEO plugin v27.4 - https:\/\/yoast.com\/product\/yoast-seo-wordpress\/ -->\n<title>Spirulin Plus - Clinica Althea<\/title>\n<meta name=\"robots\" content=\"index, follow, max-snippet:-1, max-image-preview:large, max-video-preview:-1\" \/>\n<link rel=\"canonical\" href=\"https:\/\/www.clinicaalthea.com\/farmacia\/de\/apt\/spirulin-plus\/\" \/>\n<meta property=\"og:locale\" content=\"pl_PL\" \/>\n<meta property=\"og:type\" content=\"article\" \/>\n<meta property=\"og:title\" content=\"Spirulin Plus - Clinica Althea\" \/>\n<meta property=\"og:description\" content=\"44.00 \u20ac 88.00 \u20ac\" \/>\n<meta property=\"og:url\" content=\"https:\/\/www.clinicaalthea.com\/farmacia\/de\/apt\/spirulin-plus\/\" \/>\n<meta property=\"og:site_name\" content=\"Clinica Althea\" \/>\n<meta property=\"article:modified_time\" content=\"2024-05-23T14:13:26+00:00\" \/>\n<meta property=\"og:image\" content=\"https:\/\/www.clinicaalthea.com\/farmacia\/wp-content\/uploads\/2024\/05\/Spirulin-Plus.jpg\" \/>\n\t<meta property=\"og:image:width\" content=\"768\" \/>\n\t<meta property=\"og:image:height\" content=\"768\" \/>\n\t<meta property=\"og:image:type\" content=\"image\/jpeg\" \/>\n<meta name=\"twitter:card\" content=\"summary_large_image\" \/>\n<meta name=\"twitter:label1\" content=\"Szacowany czas czytania\" \/>\n\t<meta name=\"twitter:data1\" content=\"8 minut\" \/>\n<script type=\"application\/ld+json\" class=\"yoast-schema-graph\">{\"@context\":\"https:\\\/\\\/schema.org\",\"@graph\":[{\"@type\":\"WebPage\",\"@id\":\"https:\\\/\\\/www.clinicaalthea.com\\\/farmacia\\\/de\\\/apt\\\/spirulin-plus\\\/\",\"url\":\"https:\\\/\\\/www.clinicaalthea.com\\\/farmacia\\\/de\\\/apt\\\/spirulin-plus\\\/\",\"name\":\"Spirulin Plus - Clinica Althea\",\"isPartOf\":{\"@id\":\"https:\\\/\\\/www.clinicaalthea.com\\\/farmacia\\\/#website\"},\"primaryImageOfPage\":{\"@id\":\"https:\\\/\\\/www.clinicaalthea.com\\\/farmacia\\\/de\\\/apt\\\/spirulin-plus\\\/#primaryimage\"},\"image\":{\"@id\":\"https:\\\/\\\/www.clinicaalthea.com\\\/farmacia\\\/de\\\/apt\\\/spirulin-plus\\\/#primaryimage\"},\"thumbnailUrl\":\"https:\\\/\\\/www.clinicaalthea.com\\\/farmacia\\\/wp-content\\\/uploads\\\/2024\\\/05\\\/Spirulin-Plus.jpg\",\"datePublished\":\"2024-05-23T14:11:40+00:00\",\"dateModified\":\"2024-05-23T14:13:26+00:00\",\"breadcrumb\":{\"@id\":\"https:\\\/\\\/www.clinicaalthea.com\\\/farmacia\\\/de\\\/apt\\\/spirulin-plus\\\/#breadcrumb\"},\"inLanguage\":\"pl-PL\",\"potentialAction\":[{\"@type\":\"ReadAction\",\"target\":[\"https:\\\/\\\/www.clinicaalthea.com\\\/farmacia\\\/de\\\/apt\\\/spirulin-plus\\\/\"]}]},{\"@type\":\"ImageObject\",\"inLanguage\":\"pl-PL\",\"@id\":\"https:\\\/\\\/www.clinicaalthea.com\\\/farmacia\\\/de\\\/apt\\\/spirulin-plus\\\/#primaryimage\",\"url\":\"https:\\\/\\\/www.clinicaalthea.com\\\/farmacia\\\/wp-content\\\/uploads\\\/2024\\\/05\\\/Spirulin-Plus.jpg\",\"contentUrl\":\"https:\\\/\\\/www.clinicaalthea.com\\\/farmacia\\\/wp-content\\\/uploads\\\/2024\\\/05\\\/Spirulin-Plus.jpg\",\"width\":768,\"height\":768,\"caption\":\"Spirulin Plus\"},{\"@type\":\"BreadcrumbList\",\"@id\":\"https:\\\/\\\/www.clinicaalthea.com\\\/farmacia\\\/de\\\/apt\\\/spirulin-plus\\\/#breadcrumb\",\"itemListElement\":[{\"@type\":\"ListItem\",\"position\":1,\"name\":\"Strona g\u0142\u00f3wna\",\"item\":\"https:\\\/\\\/www.clinicaalthea.com\\\/farmacia\\\/\"},{\"@type\":\"ListItem\",\"position\":2,\"name\":\"Produkty\",\"item\":\"https:\\\/\\\/www.clinicaalthea.com\\\/farmacia\\\/\"},{\"@type\":\"ListItem\",\"position\":3,\"name\":\"Spirulin Plus\"}]},{\"@type\":\"WebSite\",\"@id\":\"https:\\\/\\\/www.clinicaalthea.com\\\/farmacia\\\/#website\",\"url\":\"https:\\\/\\\/www.clinicaalthea.com\\\/farmacia\\\/\",\"name\":\"Clinica Althea\",\"description\":\"\",\"publisher\":{\"@id\":\"https:\\\/\\\/www.clinicaalthea.com\\\/farmacia\\\/#organization\"},\"potentialAction\":[{\"@type\":\"SearchAction\",\"target\":{\"@type\":\"EntryPoint\",\"urlTemplate\":\"https:\\\/\\\/www.clinicaalthea.com\\\/farmacia\\\/?s={search_term_string}\"},\"query-input\":{\"@type\":\"PropertyValueSpecification\",\"valueRequired\":true,\"valueName\":\"search_term_string\"}}],\"inLanguage\":\"pl-PL\"},{\"@type\":\"Organization\",\"@id\":\"https:\\\/\\\/www.clinicaalthea.com\\\/farmacia\\\/#organization\",\"name\":\"Clinica Althea\",\"url\":\"https:\\\/\\\/www.clinicaalthea.com\\\/farmacia\\\/\",\"logo\":{\"@type\":\"ImageObject\",\"inLanguage\":\"pl-PL\",\"@id\":\"https:\\\/\\\/www.clinicaalthea.com\\\/farmacia\\\/#\\\/schema\\\/logo\\\/image\\\/\",\"url\":\"https:\\\/\\\/www.clinicaalthea.com\\\/farmacia\\\/wp-content\\\/uploads\\\/2023\\\/12\\\/Jak-diagnozuje-sie-FAS_-objawy-kryteria-diagnostyczne-i-metody-diagnozowania-154162903.jpg\",\"contentUrl\":\"https:\\\/\\\/www.clinicaalthea.com\\\/farmacia\\\/wp-content\\\/uploads\\\/2023\\\/12\\\/Jak-diagnozuje-sie-FAS_-objawy-kryteria-diagnostyczne-i-metody-diagnozowania-154162903.jpg\",\"width\":1216,\"height\":832,\"caption\":\"Clinica Althea\"},\"image\":{\"@id\":\"https:\\\/\\\/www.clinicaalthea.com\\\/farmacia\\\/#\\\/schema\\\/logo\\\/image\\\/\"}}]}<\/script>\n<!-- \/ Yoast SEO plugin. -->","yoast_head_json":{"title":"Spirulin Plus - Clinica Althea","robots":{"index":"index","follow":"follow","max-snippet":"max-snippet:-1","max-image-preview":"max-image-preview:large","max-video-preview":"max-video-preview:-1"},"canonical":"https:\/\/www.clinicaalthea.com\/farmacia\/de\/apt\/spirulin-plus\/","og_locale":"pl_PL","og_type":"article","og_title":"Spirulin Plus - Clinica Althea","og_description":"44.00 \u20ac 88.00 \u20ac","og_url":"https:\/\/www.clinicaalthea.com\/farmacia\/de\/apt\/spirulin-plus\/","og_site_name":"Clinica Althea","article_modified_time":"2024-05-23T14:13:26+00:00","og_image":[{"width":768,"height":768,"url":"https:\/\/www.clinicaalthea.com\/farmacia\/wp-content\/uploads\/2024\/05\/Spirulin-Plus.jpg","type":"image\/jpeg"}],"twitter_card":"summary_large_image","twitter_misc":{"Szacowany czas czytania":"8 minut"},"schema":{"@context":"https:\/\/schema.org","@graph":[{"@type":"WebPage","@id":"https:\/\/www.clinicaalthea.com\/farmacia\/de\/apt\/spirulin-plus\/","url":"https:\/\/www.clinicaalthea.com\/farmacia\/de\/apt\/spirulin-plus\/","name":"Spirulin Plus - Clinica Althea","isPartOf":{"@id":"https:\/\/www.clinicaalthea.com\/farmacia\/#website"},"primaryImageOfPage":{"@id":"https:\/\/www.clinicaalthea.com\/farmacia\/de\/apt\/spirulin-plus\/#primaryimage"},"image":{"@id":"https:\/\/www.clinicaalthea.com\/farmacia\/de\/apt\/spirulin-plus\/#primaryimage"},"thumbnailUrl":"https:\/\/www.clinicaalthea.com\/farmacia\/wp-content\/uploads\/2024\/05\/Spirulin-Plus.jpg","datePublished":"2024-05-23T14:11:40+00:00","dateModified":"2024-05-23T14:13:26+00:00","breadcrumb":{"@id":"https:\/\/www.clinicaalthea.com\/farmacia\/de\/apt\/spirulin-plus\/#breadcrumb"},"inLanguage":"pl-PL","potentialAction":[{"@type":"ReadAction","target":["https:\/\/www.clinicaalthea.com\/farmacia\/de\/apt\/spirulin-plus\/"]}]},{"@type":"ImageObject","inLanguage":"pl-PL","@id":"https:\/\/www.clinicaalthea.com\/farmacia\/de\/apt\/spirulin-plus\/#primaryimage","url":"https:\/\/www.clinicaalthea.com\/farmacia\/wp-content\/uploads\/2024\/05\/Spirulin-Plus.jpg","contentUrl":"https:\/\/www.clinicaalthea.com\/farmacia\/wp-content\/uploads\/2024\/05\/Spirulin-Plus.jpg","width":768,"height":768,"caption":"Spirulin Plus"},{"@type":"BreadcrumbList","@id":"https:\/\/www.clinicaalthea.com\/farmacia\/de\/apt\/spirulin-plus\/#breadcrumb","itemListElement":[{"@type":"ListItem","position":1,"name":"Strona g\u0142\u00f3wna","item":"https:\/\/www.clinicaalthea.com\/farmacia\/"},{"@type":"ListItem","position":2,"name":"Produkty","item":"https:\/\/www.clinicaalthea.com\/farmacia\/"},{"@type":"ListItem","position":3,"name":"Spirulin Plus"}]},{"@type":"WebSite","@id":"https:\/\/www.clinicaalthea.com\/farmacia\/#website","url":"https:\/\/www.clinicaalthea.com\/farmacia\/","name":"Clinica Althea","description":"","publisher":{"@id":"https:\/\/www.clinicaalthea.com\/farmacia\/#organization"},"potentialAction":[{"@type":"SearchAction","target":{"@type":"EntryPoint","urlTemplate":"https:\/\/www.clinicaalthea.com\/farmacia\/?s={search_term_string}"},"query-input":{"@type":"PropertyValueSpecification","valueRequired":true,"valueName":"search_term_string"}}],"inLanguage":"pl-PL"},{"@type":"Organization","@id":"https:\/\/www.clinicaalthea.com\/farmacia\/#organization","name":"Clinica Althea","url":"https:\/\/www.clinicaalthea.com\/farmacia\/","logo":{"@type":"ImageObject","inLanguage":"pl-PL","@id":"https:\/\/www.clinicaalthea.com\/farmacia\/#\/schema\/logo\/image\/","url":"https:\/\/www.clinicaalthea.com\/farmacia\/wp-content\/uploads\/2023\/12\/Jak-diagnozuje-sie-FAS_-objawy-kryteria-diagnostyczne-i-metody-diagnozowania-154162903.jpg","contentUrl":"https:\/\/www.clinicaalthea.com\/farmacia\/wp-content\/uploads\/2023\/12\/Jak-diagnozuje-sie-FAS_-objawy-kryteria-diagnostyczne-i-metody-diagnozowania-154162903.jpg","width":1216,"height":832,"caption":"Clinica Althea"},"image":{"@id":"https:\/\/www.clinicaalthea.com\/farmacia\/#\/schema\/logo\/image\/"}}]}},"lang":"de","translations":{"de":5626,"pl":5617,"it":5620,"ro":5622,"sv":5624,"es":5628,"fr":5630,"nl":5632},"pll_sync_post":[],"_links":{"self":[{"href":"https:\/\/www.clinicaalthea.com\/farmacia\/wp-json\/wp\/v2\/product\/5626","targetHints":{"allow":["GET"]}}],"collection":[{"href":"https:\/\/www.clinicaalthea.com\/farmacia\/wp-json\/wp\/v2\/product"}],"about":[{"href":"https:\/\/www.clinicaalthea.com\/farmacia\/wp-json\/wp\/v2\/types\/product"}],"replies":[{"embeddable":true,"href":"https:\/\/www.clinicaalthea.com\/farmacia\/wp-json\/wp\/v2\/comments?post=5626"}],"wp:featuredmedia":[{"embeddable":true,"href":"https:\/\/www.clinicaalthea.com\/farmacia\/wp-json\/wp\/v2\/media\/5618"}],"wp:attachment":[{"href":"https:\/\/www.clinicaalthea.com\/farmacia\/wp-json\/wp\/v2\/media?parent=5626"}],"wp:term":[{"taxonomy":"product_brand","embeddable":true,"href":"https:\/\/www.clinicaalthea.com\/farmacia\/wp-json\/wp\/v2\/product_brand?post=5626"},{"taxonomy":"product_cat","embeddable":true,"href":"https:\/\/www.clinicaalthea.com\/farmacia\/wp-json\/wp\/v2\/product_cat?post=5626"},{"taxonomy":"product_tag","embeddable":true,"href":"https:\/\/www.clinicaalthea.com\/farmacia\/wp-json\/wp\/v2\/product_tag?post=5626"}],"curies":[{"name":"wp","href":"https:\/\/api.w.org\/{rel}","templated":true}]}}