{"id":4628,"date":"2024-05-10T10:07:17","date_gmt":"2024-05-10T09:07:17","guid":{"rendered":"https:\/\/mayoguide.org\/produkty\/?post_type=product&#038;p=4628"},"modified":"2024-05-10T10:09:45","modified_gmt":"2024-05-10T09:09:45","slug":"erisil-plus","status":"publish","type":"product","link":"https:\/\/www.clinicaalthea.com\/farmacia\/fr\/apt\/erisil-plus\/","title":{"rendered":"Erisil Plus"},"content":{"rendered":"\n<p><b>Erisil Plus<\/b> est un <b>compl\u00e9ment alimentaire<\/b> d\u00e9velopp\u00e9 pour les hommes qui recherchent un soutien dans leurs relations intimes. Il est enrichi d&#8217;<b>ingr\u00e9dients<\/b> actifs uniques qui ont un effet positif sur la vitalit\u00e9 et la puissance masculines.<\/p>\n\n\n\n<figure class=\"wp-block-table\"><table><tbody><tr><th>Ingr\u00e9dients<\/th><th>Effet<\/th><\/tr><tr><td>Malate de citrulline 2:1<\/td><td>Am\u00e9liore la circulation sanguine et dilate les vaisseaux sanguins en augmentant les niveaux d&#8217;oxyde nitrique.<\/td><\/tr><tr><td>Saffr&#8217;Activ\u00ae (extrait de safran)<\/td><td>Augmente la <b>libido<\/b>, la pr\u00e9paration aux rapports sexuels et a un effet positif sur l&#8217;\u00e9quilibre \u00e9motionnel et le sommeil.<\/td><\/tr><tr><td>Sabeet\u2122 (extrait de racine de betterave)<\/td><td>Am\u00e9liore la performance vasculaire et l&#8217;apport sanguin au c\u0153ur.<\/td><\/tr><tr><td>Macarade\u2122 <b>(<\/b>extrait de racine de <b>maca<\/b>)<\/td><td>Am\u00e9liore la <b>libido<\/b> et l&#8217;activit\u00e9 intime.<\/td><\/tr><tr><td>Extrait de feuille de damiana<\/td><td>Agit comme un aphrodisiaque et soutient la sant\u00e9 intime.<\/td><\/tr><tr><td>Extrait de racine de ginseng cor\u00e9en<\/td><td>Am\u00e9liore la pr\u00e9paration aux rapports sexuels et soutient la vitalit\u00e9 g\u00e9n\u00e9rale.<\/td><\/tr><tr><td>Extrait de graines de citrouille<\/td><td>A un effet positif sur la prostate et la structure musculaire.<\/td><\/tr><tr><td>Extrait de racine de r\u00e9glisse<\/td><td>Soutient le syst\u00e8me reproducteur et le syst\u00e8me nerveux.<\/td><\/tr><\/tbody><\/table><\/figure>\n\n\n\n<p>Tous les <b>ingr\u00e9dients d&#8217;<\/b> Erisil Plus agissent en synergie pour offrir un soutien intime complet aux hommes. L&#8217;<b>action du<\/b> compl\u00e9ment est bas\u00e9e sur la recherche scientifique et l&#8217;exp\u00e9rience \u00e0 long terme des professionnels.<\/p>\n\n\n\n<h2 class=\"wp-block-heading\" id=\"h-erisil-plus-efekty\">Erisil Plus &#8211; effets<\/h2>\n\n\n\n<p>Erisil Plus est un <b>compl\u00e9ment alimentaire<\/b> qui peut apporter de nombreux b\u00e9n\u00e9fices aux hommes. L&#8217;<b>utilisation<\/b> r\u00e9guli\u00e8re <b>de<\/b> ce compl\u00e9ment peut conduire \u00e0 l&#8217;am\u00e9lioration de divers aspects de la vie sexuelle et de la qualit\u00e9 globale des relations intimes.<\/p>\n\n\n\n<p>Les propri\u00e9t\u00e9s d&#8217;Erisil Plus sont les suivantes<\/p>\n\n\n\n<ul class=\"wp-block-list\">\n<li>Augmentation des niveaux d&#8217;\u00e9nergie &#8211; permettant aux hommes de b\u00e9n\u00e9ficier d&#8217;une plus grande vitalit\u00e9 et d&#8217;une meilleure pr\u00e9paration \u00e0 l&#8217;activit\u00e9 intime.<\/li>\n\n\n\n<li>Am\u00e9lioration de la confiance en soi &#8211; le compl\u00e9ment peut aider les hommes \u00e0 augmenter leur estime de soi et leur confiance dans les relations intimes.<\/li>\n\n\n\n<li>Augmentation de la <b>libido<\/b> &#8211; Erisil Plus peut am\u00e9liorer le d\u00e9sir sexuel et augmenter le d\u00e9sir d&#8217;intimit\u00e9 avec une partenaire.<\/li>\n\n\n\n<li>Am\u00e9lioration de la puissance &#8211; l&#8217;<b>utilisation d&#8217;<\/b> Erisil Plus peut aider \u00e0 obtenir et \u00e0 maintenir une \u00e9rection, ce qui se traduit par une meilleure qualit\u00e9 de vie sexuelle.<\/li>\n\n\n\n<li>Augmentation de la satisfaction sexuelle &#8211; le compl\u00e9ment peut aider \u00e0 intensifier les sensations et \u00e0 apporter une plus grande satisfaction aux hommes et \u00e0 leurs partenaires.<\/li>\n<\/ul>\n\n\n\n<p>Les<b>effets d&#8217;<\/b> Erisil Plus peuvent varier en fonction des pr\u00e9dispositions individuelles des hommes. Cependant, il convient de noter que la prise r\u00e9guli\u00e8re du suppl\u00e9ment peut apporter des avantages tangibles \u00e0 la performance sexuelle et \u00e0 la satisfaction intime globale.<\/p>\n\n\n\n<h2 class=\"wp-block-heading\" id=\"h-jak-stosowac-erisil-plus-instrukcja-stosowania-i-dawkowania\">Comment utiliser Erisil Plus &#8211; Mode d&#8217;emploi et posologie<\/h2>\n\n\n\n<p>La dose journali\u00e8re recommand\u00e9e du compl\u00e9ment alimentaire Erisil Plus est de 3 <b>g\u00e9lules<\/b>. Il est pr\u00e9f\u00e9rable de la prendre environ 30 minutes avant le rapport sexuel pr\u00e9vu. Pour faciliter la d\u00e9glutition, <b>les g\u00e9lules<\/b> doivent \u00eatre aval\u00e9es avec environ 300 ml d&#8217;eau. Le pr\u00e9cieux <b>mode d&#8217;emploi<\/b> recommande de maintenir la dose recommand\u00e9e et de ne pas la d\u00e9passer tout au long de la journ\u00e9e.<\/p>\n\n\n\n<p>Erisil Plus doit \u00eatre conserv\u00e9 dans un endroit sec, \u00e0 temp\u00e9rature ambiante, dans un r\u00e9cipient bien ferm\u00e9. Il est important de ne pas d\u00e9passer la dose recommand\u00e9e du compl\u00e9ment. Veuillez noter qu&#8217;Erisil Plus est un compl\u00e9ment alimentaire et ne remplace pas un r\u00e9gime alimentaire vari\u00e9 ou un mode de vie sain. La prise r\u00e9guli\u00e8re du compl\u00e9ment ainsi qu&#8217;un exercice physique ad\u00e9quat et une alimentation saine peuvent contribuer \u00e0 l&#8217;obtention de r\u00e9sultats optimaux.<\/p>\n\n\n\n<figure class=\"wp-block-table\"><table><tbody><tr><th>Dosage<\/th><th>Avant les rapports sexuels<\/th><th>Stockage<\/th><\/tr><tr><td>Portion journali\u00e8re recommand\u00e9e<\/td><td>3 <b>g\u00e9lules<\/b><\/td><td>Endroit sec<\/td><\/tr><tr><td>En quelle quantit\u00e9 ?<\/td><td>Avec 300 ml d&#8217;eau<\/td><td>A temp\u00e9rature ambiante<\/td><\/tr><tr><td>Important !<\/td><td>Ne pas d\u00e9passer la dose recommand\u00e9e<\/td><td>Bien refermer l&#8217;emballage<\/td><\/tr><tr><td><\/td><td><\/td><td>\u00c9viter de d\u00e9passer le dosage<\/td><\/tr><\/tbody><\/table><\/figure>\n\n\n\n<h2 class=\"wp-block-heading\" id=\"h-doswiadczenia-uzytkownikow-i-opinie-o-erisil-plus-jakie-sa-recenzje\">Exp\u00e9riences et commentaires des utilisateurs d&#8217;Erisil Plus &#8211; quels sont les commentaires ?<\/h2>\n\n\n\n<p>Les<b>exp\u00e9riences des<\/b> utilisateurs d&#8217;Erisil Plus peuvent varier, car chaque personne est diff\u00e9rente. Cependant, de nombreux avis soulignent les effets positifs de la prise du compl\u00e9ment. Les <b>utilisateurs<\/b> notent une augmentation des niveaux d&#8217;\u00e9nergie, une am\u00e9lioration de la libido, une plus grande volont\u00e9 de faire des rapprochements et une <b>satisfaction sexuelle<\/b>. Les <b>avis<\/b> confirment qu&#8217;Erisil Plus peut \u00eatre b\u00e9n\u00e9fique pour la sph\u00e8re intime et am\u00e9liorer la qualit\u00e9 de la vie sexuelle.<\/p>\n\n\n\n<blockquote class=\"wp-block-quote is-layout-flow wp-block-quote-is-layout-flow\">\n<p><strong>Adam<\/strong>: &#8220;Erisil Plus est une v\u00e9ritable avanc\u00e9e pour moi ! Apr\u00e8s quelques semaines d&#8217;utilisation, j&#8217;ai constat\u00e9 une am\u00e9lioration significative de mes \u00e9rections et une augmentation de ma libido. De plus, les ingr\u00e9dients sont naturels, je n&#8217;ai donc pas \u00e0 m&#8217;inqui\u00e9ter des effets secondaires. Je le recommande \u00e0 tous ceux qui ont des probl\u00e8mes de puissance<\/p>\n<\/blockquote>\n\n\n\n<blockquote class=\"wp-block-quote is-layout-flow wp-block-quote-is-layout-flow\">\n<p><strong>Marcin<\/strong>: &#8220;Je suis tr\u00e8s satisfait des effets d&#8217;Erisil Plus. Depuis que j&#8217;ai commenc\u00e9 \u00e0 l&#8217;utiliser, ma vie sexuelle est revenue \u00e0 la normale et est m\u00eame devenue meilleure qu&#8217;avant. C&#8217;est une v\u00e9ritable r\u00e9volution dans ma vie !&#8221;<\/p>\n<\/blockquote>\n\n\n\n<h2 class=\"wp-block-heading\" id=\"h-cena-erisil-plus-gdzie-kupic\">Prix d&#8217;Erisil Plus &#8211; O\u00f9 acheter ?<\/h2>\n\n\n\n<p>Le<b>prix d&#8217;<\/b> Erisil Plus peut varier en fonction de l&#8217;endroit o\u00f9 vous l&#8217;achetez. <\/p>\n\n\n\n<p>Il est recommand\u00e9 d&#8217;<b>acheter<\/b> le compl\u00e9ment sur le site officiel du fabricant, o\u00f9 vous pouvez \u00eatre s\u00fbr de l&#8217;originalit\u00e9 du produit.<\/p>\n\n\n\n<p>Erisil Plus n&#8217;est pas disponible dans les pharmacies stationnaires. Il est \u00e9galement possible d&#8217;acheter le compl\u00e9ment dans d&#8217;autres boutiques en ligne, mais soyez prudent et v\u00e9rifiez l&#8217;authenticit\u00e9 du produit.<\/p>\n\n\n\n<h2 class=\"wp-block-heading\" id=\"h-erisil-plus-skutki-uboczne-i-przeciwwskazania-czy-jest-bezpieczny\">Erisil Plus &#8211; Effets secondaires et contre-indications &#8211; Est-il s\u00fbr ?<\/h2>\n\n\n\n<p>Erisil Plus est g\u00e9n\u00e9ralement consid\u00e9r\u00e9 comme un <b>compl\u00e9ment alimentaire<\/b> s\u00fbr, mais il peut y avoir des <strong>effets secondaires<\/strong> et des <strong>contre-indications<\/strong> chez certaines personnes. Il est recommand\u00e9 de lire la notice et de <strong>consulter son m\u00e9decin<\/strong> avant de prendre le compl\u00e9ment. Tout d&#8217;abord, le compl\u00e9ment ne convient pas aux <strong>enfants<\/strong>, aux <strong>femmes enceintes<\/strong> et aux <strong>m\u00e8res qui allaitent<\/strong>.<\/p>\n\n\n\n<p>Il existe \u00e9galement certaines <b>contre-indications<\/b>, telles que les <strong>probl\u00e8mes cardiaques<\/strong>, l&#8217;hypertension <strong>art\u00e9rielle<\/strong>, les <strong>maladies h\u00e9patiques et r\u00e9nales<\/strong>, l&#8217;<strong>intol\u00e9rance aux ingr\u00e9dients du compl\u00e9ment<\/strong>. Il existe \u00e9galement <strong>un risque d&#8217;interaction entre<\/strong> le compl\u00e9ment et d&#8217;autres m\u00e9dicaments. En cas d&#8217;effets secondaires, <strong>cessez l&#8217;utilisation<\/strong> et <strong>consultez votre m\u00e9decin<\/strong>.<\/p>\n","protected":false},"excerpt":{"rendered":"<p><strong>49.00 \u20ac<\/strong><\/p>\n<p><del>98.00 \u20ac<\/del><\/p>\n<p><strong>[date_countdown]<\/strong><\/p>\n","protected":false},"featured_media":4624,"comment_status":"open","ping_status":"closed","template":"","meta":{"neve_meta_sidebar":"","neve_meta_container":"","neve_meta_enable_content_width":"","neve_meta_content_width":0,"neve_meta_title_alignment":"","neve_meta_author_avatar":"","neve_post_elements_order":"","neve_meta_disable_header":"","neve_meta_disable_footer":"","neve_meta_disable_title":"","neve_meta_reading_time":""},"product_brand":[],"product_cat":[272],"product_tag":[],"class_list":{"0":"post-4628","1":"product","2":"type-product","3":"status-publish","4":"has-post-thumbnail","6":"product_cat-sante-sexuelle","8":"first","9":"instock","10":"shipping-taxable","11":"product-type-external"},"yoast_head":"<!-- This site is optimized with the Yoast SEO plugin v27.4 - https:\/\/yoast.com\/product\/yoast-seo-wordpress\/ -->\n<title>Erisil Plus - Clinica Althea<\/title>\n<meta name=\"robots\" content=\"index, follow, max-snippet:-1, max-image-preview:large, max-video-preview:-1\" \/>\n<link rel=\"canonical\" href=\"https:\/\/www.clinicaalthea.com\/farmacia\/fr\/apt\/erisil-plus\/\" \/>\n<meta property=\"og:locale\" content=\"pl_PL\" \/>\n<meta property=\"og:type\" content=\"article\" \/>\n<meta property=\"og:title\" content=\"Erisil Plus - Clinica Althea\" \/>\n<meta property=\"og:description\" content=\"49.00 \u20ac 98.00 \u20ac\" \/>\n<meta property=\"og:url\" content=\"https:\/\/www.clinicaalthea.com\/farmacia\/fr\/apt\/erisil-plus\/\" \/>\n<meta property=\"og:site_name\" content=\"Clinica Althea\" \/>\n<meta property=\"article:modified_time\" content=\"2024-05-10T09:09:45+00:00\" \/>\n<meta property=\"og:image\" content=\"https:\/\/www.clinicaalthea.com\/farmacia\/wp-content\/uploads\/2024\/05\/Erisil-Plus.jpg\" \/>\n\t<meta property=\"og:image:width\" content=\"768\" \/>\n\t<meta property=\"og:image:height\" content=\"768\" \/>\n\t<meta property=\"og:image:type\" content=\"image\/jpeg\" \/>\n<meta name=\"twitter:card\" content=\"summary_large_image\" \/>\n<meta name=\"twitter:label1\" content=\"Szacowany czas czytania\" \/>\n\t<meta name=\"twitter:data1\" content=\"6 minut\" \/>\n<script type=\"application\/ld+json\" class=\"yoast-schema-graph\">{\"@context\":\"https:\\\/\\\/schema.org\",\"@graph\":[{\"@type\":\"WebPage\",\"@id\":\"https:\\\/\\\/www.clinicaalthea.com\\\/farmacia\\\/fr\\\/apt\\\/erisil-plus\\\/\",\"url\":\"https:\\\/\\\/www.clinicaalthea.com\\\/farmacia\\\/fr\\\/apt\\\/erisil-plus\\\/\",\"name\":\"Erisil Plus - Clinica Althea\",\"isPartOf\":{\"@id\":\"https:\\\/\\\/www.clinicaalthea.com\\\/farmacia\\\/#website\"},\"primaryImageOfPage\":{\"@id\":\"https:\\\/\\\/www.clinicaalthea.com\\\/farmacia\\\/fr\\\/apt\\\/erisil-plus\\\/#primaryimage\"},\"image\":{\"@id\":\"https:\\\/\\\/www.clinicaalthea.com\\\/farmacia\\\/fr\\\/apt\\\/erisil-plus\\\/#primaryimage\"},\"thumbnailUrl\":\"https:\\\/\\\/www.clinicaalthea.com\\\/farmacia\\\/wp-content\\\/uploads\\\/2024\\\/05\\\/Erisil-Plus.jpg\",\"datePublished\":\"2024-05-10T09:07:17+00:00\",\"dateModified\":\"2024-05-10T09:09:45+00:00\",\"breadcrumb\":{\"@id\":\"https:\\\/\\\/www.clinicaalthea.com\\\/farmacia\\\/fr\\\/apt\\\/erisil-plus\\\/#breadcrumb\"},\"inLanguage\":\"pl-PL\",\"potentialAction\":[{\"@type\":\"ReadAction\",\"target\":[\"https:\\\/\\\/www.clinicaalthea.com\\\/farmacia\\\/fr\\\/apt\\\/erisil-plus\\\/\"]}]},{\"@type\":\"ImageObject\",\"inLanguage\":\"pl-PL\",\"@id\":\"https:\\\/\\\/www.clinicaalthea.com\\\/farmacia\\\/fr\\\/apt\\\/erisil-plus\\\/#primaryimage\",\"url\":\"https:\\\/\\\/www.clinicaalthea.com\\\/farmacia\\\/wp-content\\\/uploads\\\/2024\\\/05\\\/Erisil-Plus.jpg\",\"contentUrl\":\"https:\\\/\\\/www.clinicaalthea.com\\\/farmacia\\\/wp-content\\\/uploads\\\/2024\\\/05\\\/Erisil-Plus.jpg\",\"width\":768,\"height\":768,\"caption\":\"Erisil Plus\"},{\"@type\":\"BreadcrumbList\",\"@id\":\"https:\\\/\\\/www.clinicaalthea.com\\\/farmacia\\\/fr\\\/apt\\\/erisil-plus\\\/#breadcrumb\",\"itemListElement\":[{\"@type\":\"ListItem\",\"position\":1,\"name\":\"Strona g\u0142\u00f3wna\",\"item\":\"https:\\\/\\\/www.clinicaalthea.com\\\/farmacia\\\/\"},{\"@type\":\"ListItem\",\"position\":2,\"name\":\"Produkty\",\"item\":\"https:\\\/\\\/www.clinicaalthea.com\\\/farmacia\\\/\"},{\"@type\":\"ListItem\",\"position\":3,\"name\":\"Erisil Plus\"}]},{\"@type\":\"WebSite\",\"@id\":\"https:\\\/\\\/www.clinicaalthea.com\\\/farmacia\\\/#website\",\"url\":\"https:\\\/\\\/www.clinicaalthea.com\\\/farmacia\\\/\",\"name\":\"Clinica Althea\",\"description\":\"\",\"publisher\":{\"@id\":\"https:\\\/\\\/www.clinicaalthea.com\\\/farmacia\\\/#organization\"},\"potentialAction\":[{\"@type\":\"SearchAction\",\"target\":{\"@type\":\"EntryPoint\",\"urlTemplate\":\"https:\\\/\\\/www.clinicaalthea.com\\\/farmacia\\\/?s={search_term_string}\"},\"query-input\":{\"@type\":\"PropertyValueSpecification\",\"valueRequired\":true,\"valueName\":\"search_term_string\"}}],\"inLanguage\":\"pl-PL\"},{\"@type\":\"Organization\",\"@id\":\"https:\\\/\\\/www.clinicaalthea.com\\\/farmacia\\\/#organization\",\"name\":\"Clinica Althea\",\"url\":\"https:\\\/\\\/www.clinicaalthea.com\\\/farmacia\\\/\",\"logo\":{\"@type\":\"ImageObject\",\"inLanguage\":\"pl-PL\",\"@id\":\"https:\\\/\\\/www.clinicaalthea.com\\\/farmacia\\\/#\\\/schema\\\/logo\\\/image\\\/\",\"url\":\"https:\\\/\\\/www.clinicaalthea.com\\\/farmacia\\\/wp-content\\\/uploads\\\/2023\\\/12\\\/Jak-diagnozuje-sie-FAS_-objawy-kryteria-diagnostyczne-i-metody-diagnozowania-154162903.jpg\",\"contentUrl\":\"https:\\\/\\\/www.clinicaalthea.com\\\/farmacia\\\/wp-content\\\/uploads\\\/2023\\\/12\\\/Jak-diagnozuje-sie-FAS_-objawy-kryteria-diagnostyczne-i-metody-diagnozowania-154162903.jpg\",\"width\":1216,\"height\":832,\"caption\":\"Clinica Althea\"},\"image\":{\"@id\":\"https:\\\/\\\/www.clinicaalthea.com\\\/farmacia\\\/#\\\/schema\\\/logo\\\/image\\\/\"}}]}<\/script>\n<!-- \/ Yoast SEO plugin. -->","yoast_head_json":{"title":"Erisil Plus - Clinica Althea","robots":{"index":"index","follow":"follow","max-snippet":"max-snippet:-1","max-image-preview":"max-image-preview:large","max-video-preview":"max-video-preview:-1"},"canonical":"https:\/\/www.clinicaalthea.com\/farmacia\/fr\/apt\/erisil-plus\/","og_locale":"pl_PL","og_type":"article","og_title":"Erisil Plus - Clinica Althea","og_description":"49.00 \u20ac 98.00 \u20ac","og_url":"https:\/\/www.clinicaalthea.com\/farmacia\/fr\/apt\/erisil-plus\/","og_site_name":"Clinica Althea","article_modified_time":"2024-05-10T09:09:45+00:00","og_image":[{"width":768,"height":768,"url":"https:\/\/www.clinicaalthea.com\/farmacia\/wp-content\/uploads\/2024\/05\/Erisil-Plus.jpg","type":"image\/jpeg"}],"twitter_card":"summary_large_image","twitter_misc":{"Szacowany czas czytania":"6 minut"},"schema":{"@context":"https:\/\/schema.org","@graph":[{"@type":"WebPage","@id":"https:\/\/www.clinicaalthea.com\/farmacia\/fr\/apt\/erisil-plus\/","url":"https:\/\/www.clinicaalthea.com\/farmacia\/fr\/apt\/erisil-plus\/","name":"Erisil Plus - Clinica Althea","isPartOf":{"@id":"https:\/\/www.clinicaalthea.com\/farmacia\/#website"},"primaryImageOfPage":{"@id":"https:\/\/www.clinicaalthea.com\/farmacia\/fr\/apt\/erisil-plus\/#primaryimage"},"image":{"@id":"https:\/\/www.clinicaalthea.com\/farmacia\/fr\/apt\/erisil-plus\/#primaryimage"},"thumbnailUrl":"https:\/\/www.clinicaalthea.com\/farmacia\/wp-content\/uploads\/2024\/05\/Erisil-Plus.jpg","datePublished":"2024-05-10T09:07:17+00:00","dateModified":"2024-05-10T09:09:45+00:00","breadcrumb":{"@id":"https:\/\/www.clinicaalthea.com\/farmacia\/fr\/apt\/erisil-plus\/#breadcrumb"},"inLanguage":"pl-PL","potentialAction":[{"@type":"ReadAction","target":["https:\/\/www.clinicaalthea.com\/farmacia\/fr\/apt\/erisil-plus\/"]}]},{"@type":"ImageObject","inLanguage":"pl-PL","@id":"https:\/\/www.clinicaalthea.com\/farmacia\/fr\/apt\/erisil-plus\/#primaryimage","url":"https:\/\/www.clinicaalthea.com\/farmacia\/wp-content\/uploads\/2024\/05\/Erisil-Plus.jpg","contentUrl":"https:\/\/www.clinicaalthea.com\/farmacia\/wp-content\/uploads\/2024\/05\/Erisil-Plus.jpg","width":768,"height":768,"caption":"Erisil Plus"},{"@type":"BreadcrumbList","@id":"https:\/\/www.clinicaalthea.com\/farmacia\/fr\/apt\/erisil-plus\/#breadcrumb","itemListElement":[{"@type":"ListItem","position":1,"name":"Strona g\u0142\u00f3wna","item":"https:\/\/www.clinicaalthea.com\/farmacia\/"},{"@type":"ListItem","position":2,"name":"Produkty","item":"https:\/\/www.clinicaalthea.com\/farmacia\/"},{"@type":"ListItem","position":3,"name":"Erisil Plus"}]},{"@type":"WebSite","@id":"https:\/\/www.clinicaalthea.com\/farmacia\/#website","url":"https:\/\/www.clinicaalthea.com\/farmacia\/","name":"Clinica Althea","description":"","publisher":{"@id":"https:\/\/www.clinicaalthea.com\/farmacia\/#organization"},"potentialAction":[{"@type":"SearchAction","target":{"@type":"EntryPoint","urlTemplate":"https:\/\/www.clinicaalthea.com\/farmacia\/?s={search_term_string}"},"query-input":{"@type":"PropertyValueSpecification","valueRequired":true,"valueName":"search_term_string"}}],"inLanguage":"pl-PL"},{"@type":"Organization","@id":"https:\/\/www.clinicaalthea.com\/farmacia\/#organization","name":"Clinica Althea","url":"https:\/\/www.clinicaalthea.com\/farmacia\/","logo":{"@type":"ImageObject","inLanguage":"pl-PL","@id":"https:\/\/www.clinicaalthea.com\/farmacia\/#\/schema\/logo\/image\/","url":"https:\/\/www.clinicaalthea.com\/farmacia\/wp-content\/uploads\/2023\/12\/Jak-diagnozuje-sie-FAS_-objawy-kryteria-diagnostyczne-i-metody-diagnozowania-154162903.jpg","contentUrl":"https:\/\/www.clinicaalthea.com\/farmacia\/wp-content\/uploads\/2023\/12\/Jak-diagnozuje-sie-FAS_-objawy-kryteria-diagnostyczne-i-metody-diagnozowania-154162903.jpg","width":1216,"height":832,"caption":"Clinica Althea"},"image":{"@id":"https:\/\/www.clinicaalthea.com\/farmacia\/#\/schema\/logo\/image\/"}}]}},"lang":"fr","translations":{"fr":4628,"de":4625,"pl":4623,"da":4626,"es":4627,"it":4629,"nl":4630,"nb":4631},"pll_sync_post":[],"_links":{"self":[{"href":"https:\/\/www.clinicaalthea.com\/farmacia\/wp-json\/wp\/v2\/product\/4628","targetHints":{"allow":["GET"]}}],"collection":[{"href":"https:\/\/www.clinicaalthea.com\/farmacia\/wp-json\/wp\/v2\/product"}],"about":[{"href":"https:\/\/www.clinicaalthea.com\/farmacia\/wp-json\/wp\/v2\/types\/product"}],"replies":[{"embeddable":true,"href":"https:\/\/www.clinicaalthea.com\/farmacia\/wp-json\/wp\/v2\/comments?post=4628"}],"wp:featuredmedia":[{"embeddable":true,"href":"https:\/\/www.clinicaalthea.com\/farmacia\/wp-json\/wp\/v2\/media\/4624"}],"wp:attachment":[{"href":"https:\/\/www.clinicaalthea.com\/farmacia\/wp-json\/wp\/v2\/media?parent=4628"}],"wp:term":[{"taxonomy":"product_brand","embeddable":true,"href":"https:\/\/www.clinicaalthea.com\/farmacia\/wp-json\/wp\/v2\/product_brand?post=4628"},{"taxonomy":"product_cat","embeddable":true,"href":"https:\/\/www.clinicaalthea.com\/farmacia\/wp-json\/wp\/v2\/product_cat?post=4628"},{"taxonomy":"product_tag","embeddable":true,"href":"https:\/\/www.clinicaalthea.com\/farmacia\/wp-json\/wp\/v2\/product_tag?post=4628"}],"curies":[{"name":"wp","href":"https:\/\/api.w.org\/{rel}","templated":true}]}}