{"id":4625,"date":"2024-05-10T10:04:32","date_gmt":"2024-05-10T09:04:32","guid":{"rendered":"https:\/\/mayoguide.org\/produkty\/?post_type=product&#038;p=4625"},"modified":"2024-05-10T10:09:45","modified_gmt":"2024-05-10T09:09:45","slug":"erisil-plus","status":"publish","type":"product","link":"https:\/\/www.clinicaalthea.com\/farmacia\/de\/apt\/erisil-plus\/","title":{"rendered":"Erisil Plus"},"content":{"rendered":"\n<p><b>Erisil Plus<\/b> ist ein <b>Nahrungserg\u00e4nzungsmittel<\/b>, das f\u00fcr M\u00e4nner entwickelt wurde, die eine Unterst\u00fctzung in ihren intimen Beziehungen suchen. Es ist mit einzigartigen <b>Wirkstoffen<\/b> angereichert, die eine positive Wirkung auf die m\u00e4nnliche Vitalit\u00e4t und Potenz haben.<\/p>\n\n\n\n<figure class=\"wp-block-table\"><table><tbody><tr><th>Inhaltsstoffe<\/th><th>Wirkung<\/th><\/tr><tr><td>Citrullin Malat 2:1<\/td><td>Verbessert die Blutzirkulation und erweitert die Blutgef\u00e4\u00dfe, indem es den Stickstoffoxidspiegel erh\u00f6ht.<\/td><\/tr><tr><td>Saffr&#8217;Activ\u00ae (Safran-Extrakt)<\/td><td>Steigert die <b>Libido<\/b>, die Bereitschaft zum Geschlechtsverkehr und wirkt sich positiv auf das emotionale Gleichgewicht und den Schlaf aus.<\/td><\/tr><tr><td>Sabeet\u2122 (R\u00fcbenwurzelextrakt)<\/td><td>Verbessert die Gef\u00e4\u00dfleistung und die Blutzufuhr zum Herzen.<\/td><\/tr><tr><td>Macarade\u2122 <b>(Maca-Wurzel-Extrakt<\/b>)<\/td><td>Steigert die <b>Libido<\/b> und die Aktivit\u00e4t im Intimbereich.<\/td><\/tr><tr><td>Damiana-Blatt-Extrakt<\/td><td>Wirkt als Aphrodisiakum und unterst\u00fctzt die Gesundheit des Intimbereichs.<\/td><\/tr><tr><td>Extrakt aus der koreanischen Ginsengwurzel<\/td><td>Verbessert die Bereitschaft zum Geschlechtsverkehr und unterst\u00fctzt die allgemeine Vitalit\u00e4t.<\/td><\/tr><tr><td>Extrakt aus K\u00fcrbiskernen<\/td><td>Wirkt sich positiv auf die Prostata und die Muskelstruktur aus.<\/td><\/tr><tr><td>Extrakt aus S\u00fc\u00dfholzwurzel<\/td><td>Unterst\u00fctzt das Fortpflanzungs- und Nervensystem.<\/td><\/tr><\/tbody><\/table><\/figure>\n\n\n\n<p>Alle <b>Inhaltsstoffe in<\/b> Erisil Plus wirken synergetisch und bieten eine umfassende Unterst\u00fctzung f\u00fcr den Intimbereich des Mannes. Die <b>Wirkung des<\/b> Nahrungserg\u00e4nzungsmittels basiert auf wissenschaftlichen Untersuchungen und der langj\u00e4hrigen Erfahrung von Fachleuten.<\/p>\n\n\n\n<h2 class=\"wp-block-heading\" id=\"h-erisil-plus-efekty\">Erisil Plus &#8211; Wirkungen<\/h2>\n\n\n\n<p>Erisil Plus ist ein <b>Nahrungserg\u00e4nzungsmittel<\/b>, das dem Mann viele Vorteile bringen kann. Die regelm\u00e4\u00dfige <b>Einnahme<\/b> dieses Nahrungserg\u00e4nzungsmittels kann zu Verbesserungen in verschiedenen Aspekten des Sexuallebens und der allgemeinen Qualit\u00e4t der intimen Beziehungen f\u00fchren.<\/p>\n\n\n\n<p>Zu den Eigenschaften von Erisil Plus geh\u00f6ren:<\/p>\n\n\n\n<ul class=\"wp-block-list\">\n<li>Erh\u00f6htes Energieniveau &#8211; damit M\u00e4nner mehr Vitalit\u00e4t und Bereitschaft f\u00fcr intime Aktivit\u00e4ten genie\u00dfen k\u00f6nnen.<\/li>\n\n\n\n<li>Verbessertes Selbstvertrauen &#8211; das Pr\u00e4parat kann M\u00e4nnern helfen, ihr Selbstwertgef\u00fchl und ihr Vertrauen in intime Beziehungen zu steigern.<\/li>\n\n\n\n<li>Gesteigerte <b>Libido<\/b> &#8211; Erisil Plus kann das sexuelle Verlangen steigern und den Wunsch nach Intimit\u00e4t mit der Partnerin erh\u00f6hen.<\/li>\n\n\n\n<li>Verbesserung der Potenz &#8211; die <b>Einnahme von<\/b> Erisil Plus kann helfen, eine Erektion zu erreichen und aufrechtzuerhalten, was zu einer besseren Qualit\u00e4t des Sexuallebens f\u00fchrt.<\/li>\n\n\n\n<li>Erh\u00f6hte sexuelle Befriedigung &#8211; das Pr\u00e4parat kann dazu beitragen, die Empfindungen zu intensivieren und eine gr\u00f6\u00dfere Befriedigung sowohl f\u00fcr den Mann als auch f\u00fcr seine Partnerin zu erreichen.<\/li>\n<\/ul>\n\n\n\n<p>Die<b>Wirkung von<\/b> Erisil Plus kann je nach der individuellen Veranlagung des Mannes variieren. Es ist jedoch erw\u00e4hnenswert, dass die regelm\u00e4\u00dfige Einnahme des Erg\u00e4nzungsmittels sp\u00fcrbare Vorteile f\u00fcr die sexuelle Leistungsf\u00e4higkeit und die allgemeine Zufriedenheit im Intimbereich bringen kann.<\/p>\n\n\n\n<h2 class=\"wp-block-heading\" id=\"h-jak-stosowac-erisil-plus-instrukcja-stosowania-i-dawkowania\">Wie man Erisil Plus verwendet &#8211; Gebrauchsanweisung und Dosierung<\/h2>\n\n\n\n<p>Die empfohlene Tagesdosis des Nahrungserg\u00e4nzungsmittels Erisil Plus betr\u00e4gt 3 <b>Kapseln<\/b>. Es wird am besten etwa 30 Minuten vor dem geplanten Geschlechtsverkehr eingenommen. Um das Schlucken zu erleichtern, sollten <b>die Kapseln<\/b> mit etwa 300 ml Wasser eingenommen werden. Die wertvolle <b>Gebrauchsanweisung<\/b> empfiehlt, die empfohlene Dosis \u00fcber den Tag verteilt beizubehalten und nicht zu \u00fcberschreiten.<\/p>\n\n\n\n<p>Erisil Plus sollte an einem trockenen Ort, bei Raumtemperatur und in einem fest verschlossenen Beh\u00e4lter aufbewahrt werden. Es ist wichtig, die empfohlene Portion des Nahrungserg\u00e4nzungsmittels nicht zu \u00fcberschreiten. Bitte beachten Sie, dass Erisil Plus ein Nahrungserg\u00e4nzungsmittel ist und keinen Ersatz f\u00fcr eine abwechslungsreiche Ern\u00e4hrung oder eine gesunde Lebensweise darstellt. Die regelm\u00e4\u00dfige Einnahme des Nahrungserg\u00e4nzungsmittels sowie ausreichende Bewegung und eine gesunde Ern\u00e4hrung k\u00f6nnen zu optimalen Ergebnissen beitragen.<\/p>\n\n\n\n<figure class=\"wp-block-table\"><table><tbody><tr><th>Dosierung<\/th><th>Vor dem Geschlechtsverkehr<\/th><th>Aufbewahrung<\/th><\/tr><tr><td>Empfohlene Tagesdosis<\/td><td>3 <b>Kapseln<\/b><\/td><td>Trocken aufbewahren<\/td><\/tr><tr><td>In welcher Menge?<\/td><td>Mit 300 ml Wasser<\/td><td>Bei Zimmertemperatur<\/td><\/tr><tr><td>Wichtig!<\/td><td>\u00dcberschreiten Sie nicht die empfohlene Dosierung<\/td><td>Die Packung fest verschlie\u00dfen<\/td><\/tr><tr><td><\/td><td><\/td><td>Vermeiden Sie eine \u00dcberschreitung der Dosierung<\/td><\/tr><\/tbody><\/table><\/figure>\n\n\n\n<h2 class=\"wp-block-heading\" id=\"h-doswiadczenia-uzytkownikow-i-opinie-o-erisil-plus-jakie-sa-recenzje\">Benutzererfahrungen und Bewertungen von Erisil Plus &#8211; wie lauten die Bewertungen?<\/h2>\n\n\n\n<p>Die<b>Erfahrungen der<\/b> Anwender von Erisil Plus k\u00f6nnen unterschiedlich sein, da jeder Mensch anders ist. Viele Bewertungen weisen jedoch auf die positiven Auswirkungen der Einnahme des Erg\u00e4nzungsmittels hin. Die <b>Anwender<\/b> stellen eine Steigerung des Energieniveaus, eine Verbesserung der Libido, eine gr\u00f6\u00dfere Bereitschaft zum Geschlechtsverkehr und <b>sexuelle Zufriedenheit<\/b> fest. Die <b>Bewertungen<\/b> best\u00e4tigen, dass Erisil Plus der Intimsph\u00e4re zugute kommen und die Qualit\u00e4t des Sexuallebens verbessern kann.<\/p>\n\n\n\n<blockquote class=\"wp-block-quote is-layout-flow wp-block-quote-is-layout-flow\">\n<p><strong>Adam<\/strong>: &#8220;Erisil Plus ist f\u00fcr mich ein echter Durchbruch! Nach einigen Wochen der Anwendung habe ich eine deutliche Verbesserung meiner Erektionen und eine Steigerung der Libido festgestellt. Au\u00dferdem sind die Inhaltsstoffe nat\u00fcrlich, so dass ich mir keine Sorgen \u00fcber Nebenwirkungen machen muss. Ich w\u00fcrde es jedem empfehlen, der Potenzprobleme hat.&#8221;<\/p>\n<\/blockquote>\n\n\n\n<blockquote class=\"wp-block-quote is-layout-flow wp-block-quote-is-layout-flow\">\n<p><strong>Marcin<\/strong>: &#8220;Ich bin sehr zufrieden mit der Wirkung von Erisil Plus. Seit ich es einnehme, hat sich mein Sexualleben wieder normalisiert und ist sogar besser geworden als vorher. Es ist eine echte Revolution in meinem Leben!&#8221;<\/p>\n<\/blockquote>\n\n\n\n<h2 class=\"wp-block-heading\" id=\"h-cena-erisil-plus-gdzie-kupic\">Erisil Plus Preis &#8211; Wo kann man es kaufen?<\/h2>\n\n\n\n<p>Der<b>Preis von<\/b> Erisil Plus kann variieren, je nachdem, wo Sie es kaufen. <\/p>\n\n\n\n<p>Es wird empfohlen, das Erg\u00e4nzungsmittel auf der offiziellen Website des Herstellers <b>zu kaufen<\/b>, wo Sie sich der Originalit\u00e4t des Produkts sicher sein k\u00f6nnen.<\/p>\n\n\n\n<p>Erisil Plus ist nicht in station\u00e4ren Apotheken erh\u00e4ltlich. Es ist auch m\u00f6glich, das Pr\u00e4parat in anderen Online-Shops zu kaufen, aber seien Sie vorsichtig und \u00fcberpr\u00fcfen Sie die Echtheit des Produkts.<\/p>\n\n\n\n<h2 class=\"wp-block-heading\" id=\"h-erisil-plus-skutki-uboczne-i-przeciwwskazania-czy-jest-bezpieczny\">Erisil Plus &#8211; Nebenwirkungen und Kontraindikationen &#8211; Ist es sicher?<\/h2>\n\n\n\n<p>Erisil Plus gilt im Allgemeinen als sicheres <b>Nahrungserg\u00e4nzungsmittel<\/b>, aber bei manchen Menschen kann es <strong>Nebenwirkungen<\/strong> und <strong>Gegenanzeigen<\/strong> geben. Es wird empfohlen, die Packungsbeilage zu lesen und <strong>Ihren Arzt zu konsultieren<\/strong>, bevor Sie das Erg\u00e4nzungsmittel einnehmen. In erster Linie ist das Pr\u00e4parat nicht f\u00fcr <strong>Kinder<\/strong>, <strong>schwangere Frauen<\/strong> und <strong>stillende M\u00fctter<\/strong> geeignet.<\/p>\n\n\n\n<p>Es gibt auch einige <b>Kontraindikationen<\/b>, wie <strong>Herzprobleme<\/strong>, <strong>Bluthochdruck<\/strong>, <strong>Leber- und Nierenerkrankungen<\/strong>, <strong>Unvertr\u00e4glichkeiten gegen die Inhaltsstoffe des Pr\u00e4parats<\/strong>. Es besteht auch die Gefahr, <strong>dass<\/strong> das Pr\u00e4parat mit anderen Medikamenten <strong>in Wechselwirkung tritt<\/strong>. Wenn Nebenwirkungen auftreten, <strong>stellen Sie die Einnahme ein<\/strong> und <strong>konsultieren Sie Ihren Arzt<\/strong>.<\/p>\n","protected":false},"excerpt":{"rendered":"<p><strong>49.00 \u20ac<\/strong><\/p>\n<p><del>98.00 \u20ac<\/del><\/p>\n<p><strong>[date_countdown]<\/strong><\/p>\n","protected":false},"featured_media":4624,"comment_status":"open","ping_status":"closed","template":"","meta":{"neve_meta_sidebar":"","neve_meta_container":"","neve_meta_enable_content_width":"","neve_meta_content_width":0,"neve_meta_title_alignment":"","neve_meta_author_avatar":"","neve_post_elements_order":"","neve_meta_disable_header":"","neve_meta_disable_footer":"","neve_meta_disable_title":"","neve_meta_reading_time":""},"product_brand":[],"product_cat":[275],"product_tag":[],"class_list":{"0":"post-4625","1":"product","2":"type-product","3":"status-publish","4":"has-post-thumbnail","6":"product_cat-sexuelle-gesundheit","8":"first","9":"instock","10":"shipping-taxable","11":"product-type-external"},"yoast_head":"<!-- This site is optimized with the Yoast SEO plugin v27.4 - https:\/\/yoast.com\/product\/yoast-seo-wordpress\/ -->\n<title>Erisil Plus - Clinica Althea<\/title>\n<meta name=\"robots\" content=\"index, follow, max-snippet:-1, max-image-preview:large, max-video-preview:-1\" \/>\n<link rel=\"canonical\" href=\"https:\/\/www.clinicaalthea.com\/farmacia\/de\/apt\/erisil-plus\/\" \/>\n<meta property=\"og:locale\" content=\"pl_PL\" \/>\n<meta property=\"og:type\" content=\"article\" \/>\n<meta property=\"og:title\" content=\"Erisil Plus - Clinica Althea\" \/>\n<meta property=\"og:description\" content=\"49.00 \u20ac 98.00 \u20ac\" \/>\n<meta property=\"og:url\" content=\"https:\/\/www.clinicaalthea.com\/farmacia\/de\/apt\/erisil-plus\/\" \/>\n<meta property=\"og:site_name\" content=\"Clinica Althea\" \/>\n<meta property=\"article:modified_time\" content=\"2024-05-10T09:09:45+00:00\" \/>\n<meta property=\"og:image\" content=\"https:\/\/www.clinicaalthea.com\/farmacia\/wp-content\/uploads\/2024\/05\/Erisil-Plus.jpg\" \/>\n\t<meta property=\"og:image:width\" content=\"768\" \/>\n\t<meta property=\"og:image:height\" content=\"768\" \/>\n\t<meta property=\"og:image:type\" content=\"image\/jpeg\" \/>\n<meta name=\"twitter:card\" content=\"summary_large_image\" \/>\n<meta name=\"twitter:label1\" content=\"Szacowany czas czytania\" \/>\n\t<meta name=\"twitter:data1\" content=\"5 minut\" \/>\n<script type=\"application\/ld+json\" class=\"yoast-schema-graph\">{\"@context\":\"https:\\\/\\\/schema.org\",\"@graph\":[{\"@type\":\"WebPage\",\"@id\":\"https:\\\/\\\/www.clinicaalthea.com\\\/farmacia\\\/de\\\/apt\\\/erisil-plus\\\/\",\"url\":\"https:\\\/\\\/www.clinicaalthea.com\\\/farmacia\\\/de\\\/apt\\\/erisil-plus\\\/\",\"name\":\"Erisil Plus - Clinica Althea\",\"isPartOf\":{\"@id\":\"https:\\\/\\\/www.clinicaalthea.com\\\/farmacia\\\/#website\"},\"primaryImageOfPage\":{\"@id\":\"https:\\\/\\\/www.clinicaalthea.com\\\/farmacia\\\/de\\\/apt\\\/erisil-plus\\\/#primaryimage\"},\"image\":{\"@id\":\"https:\\\/\\\/www.clinicaalthea.com\\\/farmacia\\\/de\\\/apt\\\/erisil-plus\\\/#primaryimage\"},\"thumbnailUrl\":\"https:\\\/\\\/www.clinicaalthea.com\\\/farmacia\\\/wp-content\\\/uploads\\\/2024\\\/05\\\/Erisil-Plus.jpg\",\"datePublished\":\"2024-05-10T09:04:32+00:00\",\"dateModified\":\"2024-05-10T09:09:45+00:00\",\"breadcrumb\":{\"@id\":\"https:\\\/\\\/www.clinicaalthea.com\\\/farmacia\\\/de\\\/apt\\\/erisil-plus\\\/#breadcrumb\"},\"inLanguage\":\"pl-PL\",\"potentialAction\":[{\"@type\":\"ReadAction\",\"target\":[\"https:\\\/\\\/www.clinicaalthea.com\\\/farmacia\\\/de\\\/apt\\\/erisil-plus\\\/\"]}]},{\"@type\":\"ImageObject\",\"inLanguage\":\"pl-PL\",\"@id\":\"https:\\\/\\\/www.clinicaalthea.com\\\/farmacia\\\/de\\\/apt\\\/erisil-plus\\\/#primaryimage\",\"url\":\"https:\\\/\\\/www.clinicaalthea.com\\\/farmacia\\\/wp-content\\\/uploads\\\/2024\\\/05\\\/Erisil-Plus.jpg\",\"contentUrl\":\"https:\\\/\\\/www.clinicaalthea.com\\\/farmacia\\\/wp-content\\\/uploads\\\/2024\\\/05\\\/Erisil-Plus.jpg\",\"width\":768,\"height\":768,\"caption\":\"Erisil Plus\"},{\"@type\":\"BreadcrumbList\",\"@id\":\"https:\\\/\\\/www.clinicaalthea.com\\\/farmacia\\\/de\\\/apt\\\/erisil-plus\\\/#breadcrumb\",\"itemListElement\":[{\"@type\":\"ListItem\",\"position\":1,\"name\":\"Strona g\u0142\u00f3wna\",\"item\":\"https:\\\/\\\/www.clinicaalthea.com\\\/farmacia\\\/\"},{\"@type\":\"ListItem\",\"position\":2,\"name\":\"Produkty\",\"item\":\"https:\\\/\\\/www.clinicaalthea.com\\\/farmacia\\\/\"},{\"@type\":\"ListItem\",\"position\":3,\"name\":\"Erisil Plus\"}]},{\"@type\":\"WebSite\",\"@id\":\"https:\\\/\\\/www.clinicaalthea.com\\\/farmacia\\\/#website\",\"url\":\"https:\\\/\\\/www.clinicaalthea.com\\\/farmacia\\\/\",\"name\":\"Clinica Althea\",\"description\":\"\",\"publisher\":{\"@id\":\"https:\\\/\\\/www.clinicaalthea.com\\\/farmacia\\\/#organization\"},\"potentialAction\":[{\"@type\":\"SearchAction\",\"target\":{\"@type\":\"EntryPoint\",\"urlTemplate\":\"https:\\\/\\\/www.clinicaalthea.com\\\/farmacia\\\/?s={search_term_string}\"},\"query-input\":{\"@type\":\"PropertyValueSpecification\",\"valueRequired\":true,\"valueName\":\"search_term_string\"}}],\"inLanguage\":\"pl-PL\"},{\"@type\":\"Organization\",\"@id\":\"https:\\\/\\\/www.clinicaalthea.com\\\/farmacia\\\/#organization\",\"name\":\"Clinica Althea\",\"url\":\"https:\\\/\\\/www.clinicaalthea.com\\\/farmacia\\\/\",\"logo\":{\"@type\":\"ImageObject\",\"inLanguage\":\"pl-PL\",\"@id\":\"https:\\\/\\\/www.clinicaalthea.com\\\/farmacia\\\/#\\\/schema\\\/logo\\\/image\\\/\",\"url\":\"https:\\\/\\\/www.clinicaalthea.com\\\/farmacia\\\/wp-content\\\/uploads\\\/2023\\\/12\\\/Jak-diagnozuje-sie-FAS_-objawy-kryteria-diagnostyczne-i-metody-diagnozowania-154162903.jpg\",\"contentUrl\":\"https:\\\/\\\/www.clinicaalthea.com\\\/farmacia\\\/wp-content\\\/uploads\\\/2023\\\/12\\\/Jak-diagnozuje-sie-FAS_-objawy-kryteria-diagnostyczne-i-metody-diagnozowania-154162903.jpg\",\"width\":1216,\"height\":832,\"caption\":\"Clinica Althea\"},\"image\":{\"@id\":\"https:\\\/\\\/www.clinicaalthea.com\\\/farmacia\\\/#\\\/schema\\\/logo\\\/image\\\/\"}}]}<\/script>\n<!-- \/ Yoast SEO plugin. -->","yoast_head_json":{"title":"Erisil Plus - Clinica Althea","robots":{"index":"index","follow":"follow","max-snippet":"max-snippet:-1","max-image-preview":"max-image-preview:large","max-video-preview":"max-video-preview:-1"},"canonical":"https:\/\/www.clinicaalthea.com\/farmacia\/de\/apt\/erisil-plus\/","og_locale":"pl_PL","og_type":"article","og_title":"Erisil Plus - Clinica Althea","og_description":"49.00 \u20ac 98.00 \u20ac","og_url":"https:\/\/www.clinicaalthea.com\/farmacia\/de\/apt\/erisil-plus\/","og_site_name":"Clinica Althea","article_modified_time":"2024-05-10T09:09:45+00:00","og_image":[{"width":768,"height":768,"url":"https:\/\/www.clinicaalthea.com\/farmacia\/wp-content\/uploads\/2024\/05\/Erisil-Plus.jpg","type":"image\/jpeg"}],"twitter_card":"summary_large_image","twitter_misc":{"Szacowany czas czytania":"5 minut"},"schema":{"@context":"https:\/\/schema.org","@graph":[{"@type":"WebPage","@id":"https:\/\/www.clinicaalthea.com\/farmacia\/de\/apt\/erisil-plus\/","url":"https:\/\/www.clinicaalthea.com\/farmacia\/de\/apt\/erisil-plus\/","name":"Erisil Plus - Clinica Althea","isPartOf":{"@id":"https:\/\/www.clinicaalthea.com\/farmacia\/#website"},"primaryImageOfPage":{"@id":"https:\/\/www.clinicaalthea.com\/farmacia\/de\/apt\/erisil-plus\/#primaryimage"},"image":{"@id":"https:\/\/www.clinicaalthea.com\/farmacia\/de\/apt\/erisil-plus\/#primaryimage"},"thumbnailUrl":"https:\/\/www.clinicaalthea.com\/farmacia\/wp-content\/uploads\/2024\/05\/Erisil-Plus.jpg","datePublished":"2024-05-10T09:04:32+00:00","dateModified":"2024-05-10T09:09:45+00:00","breadcrumb":{"@id":"https:\/\/www.clinicaalthea.com\/farmacia\/de\/apt\/erisil-plus\/#breadcrumb"},"inLanguage":"pl-PL","potentialAction":[{"@type":"ReadAction","target":["https:\/\/www.clinicaalthea.com\/farmacia\/de\/apt\/erisil-plus\/"]}]},{"@type":"ImageObject","inLanguage":"pl-PL","@id":"https:\/\/www.clinicaalthea.com\/farmacia\/de\/apt\/erisil-plus\/#primaryimage","url":"https:\/\/www.clinicaalthea.com\/farmacia\/wp-content\/uploads\/2024\/05\/Erisil-Plus.jpg","contentUrl":"https:\/\/www.clinicaalthea.com\/farmacia\/wp-content\/uploads\/2024\/05\/Erisil-Plus.jpg","width":768,"height":768,"caption":"Erisil Plus"},{"@type":"BreadcrumbList","@id":"https:\/\/www.clinicaalthea.com\/farmacia\/de\/apt\/erisil-plus\/#breadcrumb","itemListElement":[{"@type":"ListItem","position":1,"name":"Strona g\u0142\u00f3wna","item":"https:\/\/www.clinicaalthea.com\/farmacia\/"},{"@type":"ListItem","position":2,"name":"Produkty","item":"https:\/\/www.clinicaalthea.com\/farmacia\/"},{"@type":"ListItem","position":3,"name":"Erisil Plus"}]},{"@type":"WebSite","@id":"https:\/\/www.clinicaalthea.com\/farmacia\/#website","url":"https:\/\/www.clinicaalthea.com\/farmacia\/","name":"Clinica Althea","description":"","publisher":{"@id":"https:\/\/www.clinicaalthea.com\/farmacia\/#organization"},"potentialAction":[{"@type":"SearchAction","target":{"@type":"EntryPoint","urlTemplate":"https:\/\/www.clinicaalthea.com\/farmacia\/?s={search_term_string}"},"query-input":{"@type":"PropertyValueSpecification","valueRequired":true,"valueName":"search_term_string"}}],"inLanguage":"pl-PL"},{"@type":"Organization","@id":"https:\/\/www.clinicaalthea.com\/farmacia\/#organization","name":"Clinica Althea","url":"https:\/\/www.clinicaalthea.com\/farmacia\/","logo":{"@type":"ImageObject","inLanguage":"pl-PL","@id":"https:\/\/www.clinicaalthea.com\/farmacia\/#\/schema\/logo\/image\/","url":"https:\/\/www.clinicaalthea.com\/farmacia\/wp-content\/uploads\/2023\/12\/Jak-diagnozuje-sie-FAS_-objawy-kryteria-diagnostyczne-i-metody-diagnozowania-154162903.jpg","contentUrl":"https:\/\/www.clinicaalthea.com\/farmacia\/wp-content\/uploads\/2023\/12\/Jak-diagnozuje-sie-FAS_-objawy-kryteria-diagnostyczne-i-metody-diagnozowania-154162903.jpg","width":1216,"height":832,"caption":"Clinica Althea"},"image":{"@id":"https:\/\/www.clinicaalthea.com\/farmacia\/#\/schema\/logo\/image\/"}}]}},"lang":"de","translations":{"de":4625,"pl":4623,"da":4626,"es":4627,"fr":4628,"it":4629,"nl":4630,"nb":4631},"pll_sync_post":[],"_links":{"self":[{"href":"https:\/\/www.clinicaalthea.com\/farmacia\/wp-json\/wp\/v2\/product\/4625","targetHints":{"allow":["GET"]}}],"collection":[{"href":"https:\/\/www.clinicaalthea.com\/farmacia\/wp-json\/wp\/v2\/product"}],"about":[{"href":"https:\/\/www.clinicaalthea.com\/farmacia\/wp-json\/wp\/v2\/types\/product"}],"replies":[{"embeddable":true,"href":"https:\/\/www.clinicaalthea.com\/farmacia\/wp-json\/wp\/v2\/comments?post=4625"}],"wp:featuredmedia":[{"embeddable":true,"href":"https:\/\/www.clinicaalthea.com\/farmacia\/wp-json\/wp\/v2\/media\/4624"}],"wp:attachment":[{"href":"https:\/\/www.clinicaalthea.com\/farmacia\/wp-json\/wp\/v2\/media?parent=4625"}],"wp:term":[{"taxonomy":"product_brand","embeddable":true,"href":"https:\/\/www.clinicaalthea.com\/farmacia\/wp-json\/wp\/v2\/product_brand?post=4625"},{"taxonomy":"product_cat","embeddable":true,"href":"https:\/\/www.clinicaalthea.com\/farmacia\/wp-json\/wp\/v2\/product_cat?post=4625"},{"taxonomy":"product_tag","embeddable":true,"href":"https:\/\/www.clinicaalthea.com\/farmacia\/wp-json\/wp\/v2\/product_tag?post=4625"}],"curies":[{"name":"wp","href":"https:\/\/api.w.org\/{rel}","templated":true}]}}