{"id":3636,"date":"2024-04-30T14:49:43","date_gmt":"2024-04-30T13:49:43","guid":{"rendered":"https:\/\/mayoguide.org\/produkty\/?post_type=product&#038;p=3636"},"modified":"2024-04-30T14:51:16","modified_gmt":"2024-04-30T13:51:16","slug":"flexidium-400","status":"publish","type":"product","link":"https:\/\/www.clinicaalthea.com\/farmacia\/de\/apt\/flexidium-400\/","title":{"rendered":"Flexidium 400"},"content":{"rendered":"\n<p>Was ist <strong>Flexidium 400<\/strong> und warum ist es so beliebt? Kann dieses <strong>Nahrungserg\u00e4nzungsmittel<\/strong> wirklich die Gesundheit unserer Gelenke unterst\u00fctzen? Es lohnt sich, einen genaueren Blick auf dieses Produkt zu werfen und zu sehen, was es zu bieten hat.<\/p>\n\n\n\n<h2 class=\"wp-block-heading\" id=\"h-czym-jest-flexidium-400-sklad-i-dzialanie\">Was ist Flexidium 400? &#8211; zusammensetzung und Wirkung<\/h2>\n\n\n\n<p>Flexidium<b>400<\/b> ist ein <b>Nahrungserg\u00e4nzungsmittel<\/b>, das die Gesundheit der Gelenke verbessern soll. Seine <b>Zusammensetzung<\/b> basiert auf nat\u00fcrlichen Inhaltsstoffen, die wichtige Eigenschaften f\u00fcr das reibungslose Funktionieren der Gelenke haben. Die wichtigsten <b>Inhaltsstoffe von<\/b> <b>Flexidium 400<\/b> sind <b>Kollagenhydrolysat<\/b>, <b>Hyalurons\u00e4ure<\/b>, <b>Vitamin C<\/b>, <b>Zink<\/b> und <b>Selen<\/b>.<\/p>\n\n\n\n<figure class=\"wp-block-table\"><table><tbody><tr><th>Inhaltsstoffe<\/th><th>Wirkung<\/th><\/tr><tr><td><b>Kollagen-Hydrolysat<\/b><\/td><td>Regeneriert das Gelenkgewebe<\/td><\/tr><tr><td><b>Hyalurons\u00e4ure<\/b><\/td><td>Tr\u00e4gt zum Zusammenhalt und zur Dichte des Gewebes bei<\/td><\/tr><tr><td><b>Vitamin C<\/b><\/td><td>Unterst\u00fctzt die Kollagenproduktion und st\u00e4rkt das Gelenkgewebe<\/td><\/tr><tr><td><b>Zink<\/b><\/td><td>Hat eine st\u00e4rkende <b>Wirkung<\/b> auf das Immunsystem<\/td><\/tr><tr><td><b>Selen<\/b><\/td><td>St\u00e4rkt das Immunsystem<\/td><\/tr><\/tbody><\/table><\/figure>\n\n\n\n<p><b>Flexidium 400<\/b> enth\u00e4lt <b>Inhaltsstoffe<\/b>, die Gelenkschmerzen lindern, die Beweglichkeit verbessern und die Regeneration des Gelenkgewebes unterst\u00fctzen k\u00f6nnen. <b>Kollagenhydrolysat<\/b> ist f\u00fcr die Regeneration des Gelenkgewebes verantwortlich und <b>Hyalurons\u00e4ure<\/b> beeinflusst den Zusammenhalt und die Dichte des Gewebes. <b>Vitamin C<\/b> unterst\u00fctzt die Kollagenproduktion, was wiederum das Gelenkgewebe st\u00e4rkt. <b>Zink<\/b> und <b>Selen<\/b> haben eine st\u00e4rkende <b>Wirkung<\/b> auf das Immunsystem.<\/p>\n\n\n\n<h2 class=\"wp-block-heading\" id=\"h-jakie-sa-efekty-stosowania-flexidium-400\">Welche Auswirkungen hat die Einnahme von Flexidium 400?<\/h2>\n\n\n\n<p>Die regelm\u00e4\u00dfige <b>Einnahme<\/b> des Nahrungserg\u00e4nzungsmittels Flexidium 400 kann viele Vorteile f\u00fcr die Gesundheit der Gelenke bringen. Die Wirksamkeit dieses Produkts wurde sowohl von Experten als auch von zufriedenen Anwendern best\u00e4tigt.<\/p>\n\n\n\n<p>Zu den Wirkungen von Flexidium 400 geh\u00f6ren:<\/p>\n\n\n\n<ul class=\"wp-block-list\">\n<li>Verringerung von Gelenkschmerzen &#8211; Das <b>Nahrungserg\u00e4nzungsmittel<\/b> Flexidium 400 tr\u00e4gt zur Linderung von Gelenkschmerzen bei, was f\u00fcr Menschen mit Gelenkbeschwerden besonders wichtig ist.<\/li>\n\n\n\n<li>Verbesserung der Gelenkbeweglichkeit und der Flexibilit\u00e4t des Gelenkgewebes &#8211; Die regelm\u00e4\u00dfige <b>Einnahme von<\/b> Flexidium 400 kann zur Verbesserung der Gelenkbeweglichkeit und der Flexibilit\u00e4t des Gelenkgewebes beitragen.<\/li>\n\n\n\n<li><b>Regeneration der<\/b> Gelenke &#8211; <b>Die Inhaltsstoffe<\/b> von Flexidium 400 unterst\u00fctzen den Regenerationsprozess der Gelenke, was zu einer Verbesserung der Gelenkgesundheit beitragen kann.<\/li>\n<\/ul>\n\n\n\n<p>Dank seiner Eigenschaften kann Flexidium 400 sowohl bei bestehenden Gelenkproblemen als auch zur Vorbeugung ihrer Entstehung eingesetzt werden.<\/p>\n\n\n\n<p>Es ist jedoch zu bedenken, dass die <b>Wirkung des<\/b> Erg\u00e4nzungsmittels je nach den individuellen Eigenschaften des K\u00f6rpers variieren kann. Es ist in jedem Fall ratsam, vor Beginn der Nahrungserg\u00e4nzung einen Arzt zu konsultieren, um die <b>Dosierung<\/b> und die Anwendung des Pr\u00e4parats an die eigenen Bed\u00fcrfnisse anzupassen.<\/p>\n\n\n\n<h2 class=\"wp-block-heading\" id=\"h-jak-stosowac-flexidium-400-dawkowanie-i-zalecenia\">Wie wird Flexidium 400 angewendet? &#8211; Dosierung und Empfehlungen<\/h2>\n\n\n\n<p>Das<b>Nahrungserg\u00e4nzungsmittel<\/b> <strong>Flexidium 400<\/strong> sollte in \u00dcbereinstimmung mit den Empfehlungen des Herstellers verwendet werden. Um optimale Ergebnisse zu erzielen, sollten die Empfehlungen f\u00fcr eine angemessene Dosierung und zus\u00e4tzliche Nahrungserg\u00e4nzungsmittel befolgt werden.<\/p>\n\n\n\n<p>In der Regel wird empfohlen, <strong>2 Kapseln pro Tag<\/strong> einzunehmen, vorzugsweise zu einer Mahlzeit und mit ausreichend Wasser. Achten Sie darauf, die empfohlene Dosierung nicht zu \u00fcberschreiten, es sei denn, Ihr Arzt empfiehlt Ihnen, dies zu tun.<\/p>\n\n\n\n<p>Jede Packung des Nahrungserg\u00e4nzungsmittels <strong>Flexidium 400<\/strong> enth\u00e4lt <strong>60 Kapseln<\/strong>, was f\u00fcr eine einmonatige Behandlung ausreicht. Es ist jedoch wichtig, das Pr\u00e4parat regelm\u00e4\u00dfig \u00fcber einen Zeitraum von mindestens <strong>drei Monaten<\/strong> einzunehmen, um maximale <b>Ergebnisse<\/b> zu erzielen. Die st\u00e4ndige Einnahme des Pr\u00e4parats ist der Schl\u00fcssel zur Wirksamkeit und zur Gesundheit der Gelenke.<\/p>\n\n\n\n<p>Es ist immer ratsam, <strong>einen Arzt<\/strong> zu konsultieren, bevor man mit der Supplementierung beginnt. Er kann den Zustand unserer Gelenke beurteilen und feststellen, ob die Einnahme von <strong>Flexidium 400<\/strong> f\u00fcr unseren K\u00f6rper geeignet ist.<\/p>\n\n\n\n<figure class=\"wp-block-table\"><table><tbody><tr><th>Dosierungsempfehlungen f\u00fcr Flexidium 400<\/th><th><\/th><\/tr><tr><td><b>Dosierung<\/b>:<\/td><td>2 Kapseln t\u00e4glich<\/td><\/tr><tr><td>Dauer der Behandlung:<\/td><td>Mindestens 3 Monate<\/td><\/tr><tr><td>Verpackung:<\/td><td>60 Kapseln (ein Monat Behandlung)<\/td><\/tr><tr><td>\u00c4rztliche Konsultation erforderlich:<\/td><td>Ja<\/td><\/tr><\/tbody><\/table><\/figure>\n\n\n\n<h2 class=\"wp-block-heading\" id=\"h-flexidium-400-opinie-i-recenzje-co-mowia-uzytkownicy\">Flexidium 400 &#8211; Meinungen und Bewertungen &#8211; Was sagen die Anwender?<\/h2>\n\n\n\n<p>Die<b>R\u00fcckmeldungen<\/b> und <b>Bewertungen<\/b> von Anwendern sind eine wichtige Informationsquelle f\u00fcr die Wirksamkeit des Nahrungserg\u00e4nzungsmittels <em>Flexidium 400<\/em>. Viele Menschen berichten \u00fcber positive <b>Wirkungen<\/b> nach der Einnahme des Nahrungserg\u00e4nzungsmittels, wie z. B. eine Verringerung der Gelenkschmerzen, eine verbesserte Beweglichkeit und Flexibilit\u00e4t der Gelenke sowie eine Verbesserung der allgemeinen Gelenkgesundheit. Es ist zu bedenken, dass die Wirkungen je nach den individuellen K\u00f6rpereigenschaften variieren k\u00f6nnen. Es ist immer ratsam, einen Arzt zu konsultieren, bevor man mit der Supplementierung beginnt.<\/p>\n\n\n\n<blockquote class=\"wp-block-quote is-layout-flow wp-block-quote-is-layout-flow\">\n<p>&#8220;Flexidium 400 ist ein revolution\u00e4res Gelenkerg\u00e4nzungsmittel! Ich litt unter chronischen Gelenkschmerzen, die es mir schwer machten, normal zu funktionieren. Nachdem ich Flexidium 400 regelm\u00e4\u00dfig eingenommen hatte, stellte ich eine deutliche Verbesserung fest. Die Schmerzen haben deutlich nachgelassen und meine Beweglichkeit ist zur\u00fcckgekehrt. Ich empfehle es sehr!&#8221; &#8211; Jan K.<\/p>\n<\/blockquote>\n\n\n\n<p>Flexidium<strong>400<\/strong> ist ein gro\u00dfartiges Nahrungserg\u00e4nzungsmittel, das mir bei meinen Gelenkschmerzen wirklich geholfen hat. Nachdem ich es eine Zeit lang eingenommen habe, habe ich eine enorme Verbesserung meiner F\u00e4higkeit, mich ohne Schmerzen zu bewegen, festgestellt. Ich bin sehr zufrieden mit den Ergebnissen und w\u00fcrde dieses Produkt jedem empfehlen, der mit Gelenkproblemen zu k\u00e4mpfen hat.&#8221; &#8211; Anna S.<\/p>\n\n\n\n<p>Die<b>Nutzerbewertungen<\/b> von <em>Flexidium 400<\/em> best\u00e4tigen die Wirksamkeit dieses Nahrungserg\u00e4nzungsmittels. Es ist immer eine gute Idee, die Bewertungen und Erfahrungen anderer Menschen zu lesen, bevor man mit der Einnahme von Nahrungserg\u00e4nzungsmitteln beginnt. Denken Sie jedoch daran, dass jeder K\u00f6rper anders reagiert, und konsultieren Sie daher immer Ihren Arzt, bevor Sie mit der Einnahme eines Produkts f\u00fcr die Gelenkgesundheit beginnen.<\/p>\n\n\n\n<figure class=\"wp-block-table\"><table><tbody><tr><th>Meinung<\/th><th>Bewertung<\/th><\/tr><tr><td>&#8220;Flexidium 400 ist das beste Erg\u00e4nzungsmittel f\u00fcr meine Gelenke, das ich bisher ausprobiert habe. Es wirkt sehr gut und hat keine Nebenwirkungen. Sehr zu empfehlen!&#8221; &#8211; Paul M.<\/td><td>5\/5<\/td><\/tr><tr><td>&#8220;Flexidium 400 hat mein Leben ver\u00e4ndert! Jahrelang litt ich unter chronischen Gelenkschmerzen, aber nach regelm\u00e4\u00dfiger Einnahme dieses Mittels kann ich wieder normal funktionieren. Ich danke Ihnen!&#8221; &#8211; Catherine K.<\/td><td>5\/5<\/td><\/tr><tr><td>&#8220;Flexidium 400 hat nicht nur die Gelenkschmerzen reduziert, sondern auch meine allgemeine Fitness verbessert. Jetzt kann ich beim Training aktiv sein und muss mir keine Sorgen mehr \u00fcber Schmerzen machen. F\u00fcr mich ist diese Erg\u00e4nzung unersetzlich!&#8221; &#8211; Piotr D.<\/td><td>4\/5<\/td><\/tr><\/tbody><\/table><\/figure>\n\n\n\n<h2 class=\"wp-block-heading\" id=\"h-cena-flexidium-400-gdzie-kupic\">Preis von Flexidium 400 &#8211; Wo kann man es kaufen?<\/h2>\n\n\n\n<p>Der<b>Preis<\/b> von Flexidium 400 kann variieren, je nachdem, wo Sie es kaufen. <\/p>\n\n\n\n<p>Es wird empfohlen, das Nahrungserg\u00e4nzungsmittel direkt beim offiziellen Hersteller zu kaufen, um sicher zu sein, dass es echt ist.<\/p>\n\n\n\n<p>Das Nahrungserg\u00e4nzungsmittel Flexidium 400 ist nicht in station\u00e4ren Apotheken erh\u00e4ltlich und kann nur \u00fcber die offizielle Website des Herstellers bestellt werden.<\/p>\n\n\n\n<h2 class=\"wp-block-heading\" id=\"h-flexidium-400-skutki-uboczne-i-przeciwwskazania-bezpieczenstwo-stosowania\">Flexidium 400 &#8211; Nebenwirkungen und Gegenanzeigen &#8211; Sicherheit bei der Anwendung<\/h2>\n\n\n\n<p>Das Nahrungserg\u00e4nzungsmittel Flexidium 400 ist in den meisten F\u00e4llen gut vertr\u00e4glich. Allerdings besteht bei einigen Personen die M\u00f6glichkeit von Nebenwirkungen oder allergischen Reaktionen. Einige der m\u00f6glichen Nebenwirkungen sind:<\/p>\n\n\n\n<ul class=\"wp-block-list\">\n<li>Gastrointestinale Probleme wie Magenschmerzen, \u00dcbelkeit oder Erbrechen.<\/li>\n\n\n\n<li>Allergische Reaktionen wie Hautausschlag, Juckreiz oder Schwellungen.<\/li>\n\n\n\n<li>Schlafst\u00f6rungen, wie Schlaflosigkeit oder \u00fcberm\u00e4\u00dfige Schl\u00e4frigkeit.<\/li>\n\n\n\n<li>Verdauungsprobleme wie Durchfall oder Verstopfung.<\/li>\n<\/ul>\n\n\n\n<p>Personen, die auf einen Bestandteil des Erg\u00e4nzungsmittels allergisch reagieren, sollten es nicht einnehmen. Um m\u00f6gliche Wechselwirkungen des Nahrungserg\u00e4nzungsmittels Flexidium 400 mit anderen Medikamenten zu vermeiden, ist es ratsam, vor Beginn der Einnahme Ihren Arzt zu konsultieren. Au\u00dferdem ist es wichtig, daran zu denken, dass ein Nahrungserg\u00e4nzungsmittel kein Ersatz f\u00fcr eine abwechslungsreiche Ern\u00e4hrung und eine gesunde Lebensweise ist. Regelm\u00e4\u00dfige k\u00f6rperliche Aktivit\u00e4t und eine richtige Ern\u00e4hrung sind der Schl\u00fcssel zur Erhaltung gesunder Gelenke.<\/p>\n","protected":false},"excerpt":{"rendered":"<p><strong>49.00 \u20ac<\/strong><\/p>\n<p><del>98.00 \u20ac<\/del><\/p>\n<p><strong>[date_countdown]<\/strong><\/p>\n","protected":false},"featured_media":3635,"comment_status":"open","ping_status":"closed","template":"","meta":{"neve_meta_sidebar":"","neve_meta_container":"","neve_meta_enable_content_width":"","neve_meta_content_width":0,"neve_meta_title_alignment":"","neve_meta_author_avatar":"","neve_post_elements_order":"","neve_meta_disable_header":"","neve_meta_disable_footer":"","neve_meta_disable_title":"","neve_meta_reading_time":""},"product_brand":[],"product_cat":[33],"product_tag":[],"class_list":{"0":"post-3636","1":"product","2":"type-product","3":"status-publish","4":"has-post-thumbnail","6":"product_cat-gesundheit","8":"first","9":"instock","10":"shipping-taxable","11":"product-type-external"},"yoast_head":"<!-- This site is optimized with the Yoast SEO plugin v27.4 - https:\/\/yoast.com\/product\/yoast-seo-wordpress\/ -->\n<title>Flexidium 400 - Clinica Althea<\/title>\n<meta name=\"robots\" content=\"index, follow, max-snippet:-1, max-image-preview:large, max-video-preview:-1\" \/>\n<link rel=\"canonical\" href=\"https:\/\/www.clinicaalthea.com\/farmacia\/de\/apt\/flexidium-400\/\" \/>\n<meta property=\"og:locale\" content=\"pl_PL\" \/>\n<meta property=\"og:type\" content=\"article\" \/>\n<meta property=\"og:title\" content=\"Flexidium 400 - Clinica Althea\" \/>\n<meta property=\"og:description\" content=\"49.00 \u20ac 98.00 \u20ac\" \/>\n<meta property=\"og:url\" content=\"https:\/\/www.clinicaalthea.com\/farmacia\/de\/apt\/flexidium-400\/\" \/>\n<meta property=\"og:site_name\" content=\"Clinica Althea\" \/>\n<meta property=\"article:modified_time\" content=\"2024-04-30T13:51:16+00:00\" \/>\n<meta property=\"og:image\" content=\"https:\/\/www.clinicaalthea.com\/farmacia\/wp-content\/uploads\/2024\/04\/FLEXIDIUM-400.jpg\" \/>\n\t<meta property=\"og:image:width\" content=\"768\" \/>\n\t<meta property=\"og:image:height\" content=\"768\" \/>\n\t<meta property=\"og:image:type\" content=\"image\/jpeg\" \/>\n<meta name=\"twitter:card\" content=\"summary_large_image\" \/>\n<meta name=\"twitter:label1\" content=\"Szacowany czas czytania\" \/>\n\t<meta name=\"twitter:data1\" content=\"7 minut\" \/>\n<script type=\"application\/ld+json\" class=\"yoast-schema-graph\">{\"@context\":\"https:\\\/\\\/schema.org\",\"@graph\":[{\"@type\":\"WebPage\",\"@id\":\"https:\\\/\\\/www.clinicaalthea.com\\\/farmacia\\\/de\\\/apt\\\/flexidium-400\\\/\",\"url\":\"https:\\\/\\\/www.clinicaalthea.com\\\/farmacia\\\/de\\\/apt\\\/flexidium-400\\\/\",\"name\":\"Flexidium 400 - Clinica Althea\",\"isPartOf\":{\"@id\":\"https:\\\/\\\/www.clinicaalthea.com\\\/farmacia\\\/#website\"},\"primaryImageOfPage\":{\"@id\":\"https:\\\/\\\/www.clinicaalthea.com\\\/farmacia\\\/de\\\/apt\\\/flexidium-400\\\/#primaryimage\"},\"image\":{\"@id\":\"https:\\\/\\\/www.clinicaalthea.com\\\/farmacia\\\/de\\\/apt\\\/flexidium-400\\\/#primaryimage\"},\"thumbnailUrl\":\"https:\\\/\\\/www.clinicaalthea.com\\\/farmacia\\\/wp-content\\\/uploads\\\/2024\\\/04\\\/FLEXIDIUM-400.jpg\",\"datePublished\":\"2024-04-30T13:49:43+00:00\",\"dateModified\":\"2024-04-30T13:51:16+00:00\",\"breadcrumb\":{\"@id\":\"https:\\\/\\\/www.clinicaalthea.com\\\/farmacia\\\/de\\\/apt\\\/flexidium-400\\\/#breadcrumb\"},\"inLanguage\":\"pl-PL\",\"potentialAction\":[{\"@type\":\"ReadAction\",\"target\":[\"https:\\\/\\\/www.clinicaalthea.com\\\/farmacia\\\/de\\\/apt\\\/flexidium-400\\\/\"]}]},{\"@type\":\"ImageObject\",\"inLanguage\":\"pl-PL\",\"@id\":\"https:\\\/\\\/www.clinicaalthea.com\\\/farmacia\\\/de\\\/apt\\\/flexidium-400\\\/#primaryimage\",\"url\":\"https:\\\/\\\/www.clinicaalthea.com\\\/farmacia\\\/wp-content\\\/uploads\\\/2024\\\/04\\\/FLEXIDIUM-400.jpg\",\"contentUrl\":\"https:\\\/\\\/www.clinicaalthea.com\\\/farmacia\\\/wp-content\\\/uploads\\\/2024\\\/04\\\/FLEXIDIUM-400.jpg\",\"width\":768,\"height\":768,\"caption\":\"Flexidium 400\"},{\"@type\":\"BreadcrumbList\",\"@id\":\"https:\\\/\\\/www.clinicaalthea.com\\\/farmacia\\\/de\\\/apt\\\/flexidium-400\\\/#breadcrumb\",\"itemListElement\":[{\"@type\":\"ListItem\",\"position\":1,\"name\":\"Strona g\u0142\u00f3wna\",\"item\":\"https:\\\/\\\/www.clinicaalthea.com\\\/farmacia\\\/\"},{\"@type\":\"ListItem\",\"position\":2,\"name\":\"Produkty\",\"item\":\"https:\\\/\\\/www.clinicaalthea.com\\\/farmacia\\\/\"},{\"@type\":\"ListItem\",\"position\":3,\"name\":\"Flexidium 400\"}]},{\"@type\":\"WebSite\",\"@id\":\"https:\\\/\\\/www.clinicaalthea.com\\\/farmacia\\\/#website\",\"url\":\"https:\\\/\\\/www.clinicaalthea.com\\\/farmacia\\\/\",\"name\":\"Clinica Althea\",\"description\":\"\",\"publisher\":{\"@id\":\"https:\\\/\\\/www.clinicaalthea.com\\\/farmacia\\\/#organization\"},\"potentialAction\":[{\"@type\":\"SearchAction\",\"target\":{\"@type\":\"EntryPoint\",\"urlTemplate\":\"https:\\\/\\\/www.clinicaalthea.com\\\/farmacia\\\/?s={search_term_string}\"},\"query-input\":{\"@type\":\"PropertyValueSpecification\",\"valueRequired\":true,\"valueName\":\"search_term_string\"}}],\"inLanguage\":\"pl-PL\"},{\"@type\":\"Organization\",\"@id\":\"https:\\\/\\\/www.clinicaalthea.com\\\/farmacia\\\/#organization\",\"name\":\"Clinica Althea\",\"url\":\"https:\\\/\\\/www.clinicaalthea.com\\\/farmacia\\\/\",\"logo\":{\"@type\":\"ImageObject\",\"inLanguage\":\"pl-PL\",\"@id\":\"https:\\\/\\\/www.clinicaalthea.com\\\/farmacia\\\/#\\\/schema\\\/logo\\\/image\\\/\",\"url\":\"https:\\\/\\\/www.clinicaalthea.com\\\/farmacia\\\/wp-content\\\/uploads\\\/2023\\\/12\\\/Jak-diagnozuje-sie-FAS_-objawy-kryteria-diagnostyczne-i-metody-diagnozowania-154162903.jpg\",\"contentUrl\":\"https:\\\/\\\/www.clinicaalthea.com\\\/farmacia\\\/wp-content\\\/uploads\\\/2023\\\/12\\\/Jak-diagnozuje-sie-FAS_-objawy-kryteria-diagnostyczne-i-metody-diagnozowania-154162903.jpg\",\"width\":1216,\"height\":832,\"caption\":\"Clinica Althea\"},\"image\":{\"@id\":\"https:\\\/\\\/www.clinicaalthea.com\\\/farmacia\\\/#\\\/schema\\\/logo\\\/image\\\/\"}}]}<\/script>\n<!-- \/ Yoast SEO plugin. -->","yoast_head_json":{"title":"Flexidium 400 - Clinica Althea","robots":{"index":"index","follow":"follow","max-snippet":"max-snippet:-1","max-image-preview":"max-image-preview:large","max-video-preview":"max-video-preview:-1"},"canonical":"https:\/\/www.clinicaalthea.com\/farmacia\/de\/apt\/flexidium-400\/","og_locale":"pl_PL","og_type":"article","og_title":"Flexidium 400 - Clinica Althea","og_description":"49.00 \u20ac 98.00 \u20ac","og_url":"https:\/\/www.clinicaalthea.com\/farmacia\/de\/apt\/flexidium-400\/","og_site_name":"Clinica Althea","article_modified_time":"2024-04-30T13:51:16+00:00","og_image":[{"width":768,"height":768,"url":"https:\/\/www.clinicaalthea.com\/farmacia\/wp-content\/uploads\/2024\/04\/FLEXIDIUM-400.jpg","type":"image\/jpeg"}],"twitter_card":"summary_large_image","twitter_misc":{"Szacowany czas czytania":"7 minut"},"schema":{"@context":"https:\/\/schema.org","@graph":[{"@type":"WebPage","@id":"https:\/\/www.clinicaalthea.com\/farmacia\/de\/apt\/flexidium-400\/","url":"https:\/\/www.clinicaalthea.com\/farmacia\/de\/apt\/flexidium-400\/","name":"Flexidium 400 - Clinica Althea","isPartOf":{"@id":"https:\/\/www.clinicaalthea.com\/farmacia\/#website"},"primaryImageOfPage":{"@id":"https:\/\/www.clinicaalthea.com\/farmacia\/de\/apt\/flexidium-400\/#primaryimage"},"image":{"@id":"https:\/\/www.clinicaalthea.com\/farmacia\/de\/apt\/flexidium-400\/#primaryimage"},"thumbnailUrl":"https:\/\/www.clinicaalthea.com\/farmacia\/wp-content\/uploads\/2024\/04\/FLEXIDIUM-400.jpg","datePublished":"2024-04-30T13:49:43+00:00","dateModified":"2024-04-30T13:51:16+00:00","breadcrumb":{"@id":"https:\/\/www.clinicaalthea.com\/farmacia\/de\/apt\/flexidium-400\/#breadcrumb"},"inLanguage":"pl-PL","potentialAction":[{"@type":"ReadAction","target":["https:\/\/www.clinicaalthea.com\/farmacia\/de\/apt\/flexidium-400\/"]}]},{"@type":"ImageObject","inLanguage":"pl-PL","@id":"https:\/\/www.clinicaalthea.com\/farmacia\/de\/apt\/flexidium-400\/#primaryimage","url":"https:\/\/www.clinicaalthea.com\/farmacia\/wp-content\/uploads\/2024\/04\/FLEXIDIUM-400.jpg","contentUrl":"https:\/\/www.clinicaalthea.com\/farmacia\/wp-content\/uploads\/2024\/04\/FLEXIDIUM-400.jpg","width":768,"height":768,"caption":"Flexidium 400"},{"@type":"BreadcrumbList","@id":"https:\/\/www.clinicaalthea.com\/farmacia\/de\/apt\/flexidium-400\/#breadcrumb","itemListElement":[{"@type":"ListItem","position":1,"name":"Strona g\u0142\u00f3wna","item":"https:\/\/www.clinicaalthea.com\/farmacia\/"},{"@type":"ListItem","position":2,"name":"Produkty","item":"https:\/\/www.clinicaalthea.com\/farmacia\/"},{"@type":"ListItem","position":3,"name":"Flexidium 400"}]},{"@type":"WebSite","@id":"https:\/\/www.clinicaalthea.com\/farmacia\/#website","url":"https:\/\/www.clinicaalthea.com\/farmacia\/","name":"Clinica Althea","description":"","publisher":{"@id":"https:\/\/www.clinicaalthea.com\/farmacia\/#organization"},"potentialAction":[{"@type":"SearchAction","target":{"@type":"EntryPoint","urlTemplate":"https:\/\/www.clinicaalthea.com\/farmacia\/?s={search_term_string}"},"query-input":{"@type":"PropertyValueSpecification","valueRequired":true,"valueName":"search_term_string"}}],"inLanguage":"pl-PL"},{"@type":"Organization","@id":"https:\/\/www.clinicaalthea.com\/farmacia\/#organization","name":"Clinica Althea","url":"https:\/\/www.clinicaalthea.com\/farmacia\/","logo":{"@type":"ImageObject","inLanguage":"pl-PL","@id":"https:\/\/www.clinicaalthea.com\/farmacia\/#\/schema\/logo\/image\/","url":"https:\/\/www.clinicaalthea.com\/farmacia\/wp-content\/uploads\/2023\/12\/Jak-diagnozuje-sie-FAS_-objawy-kryteria-diagnostyczne-i-metody-diagnozowania-154162903.jpg","contentUrl":"https:\/\/www.clinicaalthea.com\/farmacia\/wp-content\/uploads\/2023\/12\/Jak-diagnozuje-sie-FAS_-objawy-kryteria-diagnostyczne-i-metody-diagnozowania-154162903.jpg","width":1216,"height":832,"caption":"Clinica Althea"},"image":{"@id":"https:\/\/www.clinicaalthea.com\/farmacia\/#\/schema\/logo\/image\/"}}]}},"lang":"de","translations":{"de":3636,"pl":3634,"es":3637,"it":3638},"pll_sync_post":[],"_links":{"self":[{"href":"https:\/\/www.clinicaalthea.com\/farmacia\/wp-json\/wp\/v2\/product\/3636","targetHints":{"allow":["GET"]}}],"collection":[{"href":"https:\/\/www.clinicaalthea.com\/farmacia\/wp-json\/wp\/v2\/product"}],"about":[{"href":"https:\/\/www.clinicaalthea.com\/farmacia\/wp-json\/wp\/v2\/types\/product"}],"replies":[{"embeddable":true,"href":"https:\/\/www.clinicaalthea.com\/farmacia\/wp-json\/wp\/v2\/comments?post=3636"}],"wp:featuredmedia":[{"embeddable":true,"href":"https:\/\/www.clinicaalthea.com\/farmacia\/wp-json\/wp\/v2\/media\/3635"}],"wp:attachment":[{"href":"https:\/\/www.clinicaalthea.com\/farmacia\/wp-json\/wp\/v2\/media?parent=3636"}],"wp:term":[{"taxonomy":"product_brand","embeddable":true,"href":"https:\/\/www.clinicaalthea.com\/farmacia\/wp-json\/wp\/v2\/product_brand?post=3636"},{"taxonomy":"product_cat","embeddable":true,"href":"https:\/\/www.clinicaalthea.com\/farmacia\/wp-json\/wp\/v2\/product_cat?post=3636"},{"taxonomy":"product_tag","embeddable":true,"href":"https:\/\/www.clinicaalthea.com\/farmacia\/wp-json\/wp\/v2\/product_tag?post=3636"}],"curies":[{"name":"wp","href":"https:\/\/api.w.org\/{rel}","templated":true}]}}