{"id":2776,"date":"2024-04-25T10:34:14","date_gmt":"2024-04-25T09:34:14","guid":{"rendered":"https:\/\/mayoguide.org\/produkty\/?post_type=product&#038;p=2776"},"modified":"2024-04-25T10:47:10","modified_gmt":"2024-04-25T09:47:10","slug":"vigrax","status":"publish","type":"product","link":"https:\/\/www.clinicaalthea.com\/farmacia\/fr\/apt\/vigrax\/","title":{"rendered":"Vigrax"},"content":{"rendered":"\n<h2 class=\"wp-block-heading\" id=\"h-czym-jest-vigrax-i-jak-dziala\">Qu&#8217;est-ce que Vigrax et comment fonctionne-t-il ?<\/h2>\n\n\n\n<p>Vigrax est un compl\u00e9ment alimentaire innovant con\u00e7u sp\u00e9cifiquement pour les hommes ayant des probl\u00e8mes de puissance. Il s&#8217;agit d&#8217;un produit con\u00e7u pour am\u00e9liorer la qualit\u00e9 de la vie sexuelle en am\u00e9liorant efficacement la puissance. <\/p>\n\n\n\n<p>L&#8217;action de Vigrax repose sur des ingr\u00e9dients soigneusement s\u00e9lectionn\u00e9s qui soutiennent la sant\u00e9 sexuelle des hommes. Un r\u00f4le cl\u00e9 est jou\u00e9 par l&#8217;extrait de ginseng, qui am\u00e9liore la circulation sanguine, ce qui se traduit par de meilleures \u00e9rections.<\/p>\n\n\n\n<p>En outre, des ingr\u00e9dients tels que la racine de maca et le tribulus bulgare ont un effet positif sur la libido et la performance sexuelle globale. L&#8217;utilisation r\u00e9guli\u00e8re de Vigrax peut conduire \u00e0 une augmentation des performances sexuelles et \u00e0 une meilleure satisfaction intime.<\/p>\n\n\n\n<h2 class=\"wp-block-heading\" id=\"h-jakie-sa-efekty-stosowania-vigrax\">Quels sont les effets de Vigrax ?<\/h2>\n\n\n\n<p>L&#8217;utilisation du compl\u00e9ment alimentaire Vigrax peut apporter divers avantages aux hommes ayant des probl\u00e8mes de puissance. De nombreuses personnes qui utilisent r\u00e9guli\u00e8rement ce produit remarquent une am\u00e9lioration significative de leur vie sexuelle et de leurs performances g\u00e9n\u00e9rales au lit. <\/p>\n\n\n\n<p>Les effets de Vigrax sont li\u00e9s \u00e0 son action sur l&#8217;am\u00e9lioration de la circulation sanguine, ce qui se traduit par une meilleure qualit\u00e9 d&#8217;\u00e9rection et une augmentation de la libido. En cons\u00e9quence, les utilisateurs peuvent avoir des \u00e9rections plus durables et plus fortes, une plus grande endurance sexuelle et une plus grande satisfaction des sensations pendant les rapports sexuels. <\/p>\n\n\n\n<p>En outre, l&#8217;utilisation r\u00e9guli\u00e8re de Vigrax peut \u00e9galement contribuer \u00e0 am\u00e9liorer la confiance en soi dans la chambre \u00e0 coucher et la qualit\u00e9 globale de la vie sexuelle.<\/p>\n\n\n\n<h2 class=\"wp-block-heading\" id=\"h-jak-prawidlowo-stosowac-vigrax-dawkowanie\">Comment utiliser Vigrax correctement &#8211; dosage<\/h2>\n\n\n\n<p>Pour obtenir les meilleurs r\u00e9sultats en mati\u00e8re d&#8217;am\u00e9lioration de la puissance, il est important de suivre les recommandations de dosage du compl\u00e9ment Vigrax. <\/p>\n\n\n\n<p>Il est recommand\u00e9 de prendre deux g\u00e9lules par jour avec une quantit\u00e9 ad\u00e9quate d&#8217;eau. Le compl\u00e9ment peut \u00eatre pris avec ou sans repas. <\/p>\n\n\n\n<p>Cependant, il est important de ne pas d\u00e9passer le dosage recommand\u00e9 et de poursuivre une utilisation r\u00e9guli\u00e8re pendant une p\u00e9riode d\u00e9termin\u00e9e pour obtenir des r\u00e9sultats optimaux. <\/p>\n\n\n\n<p>Il est \u00e9galement recommand\u00e9 de lire attentivement la notice du produit avant de prendre Vigrax et de consulter votre m\u00e9decin si n\u00e9cessaire, en particulier si vous avez des probl\u00e8mes de sant\u00e9 ou si vous prenez d&#8217;autres m\u00e9dicaments.<\/p>\n\n\n\n<h2 class=\"wp-block-heading\" id=\"h-doswiadczenia-uzytkownikow-i-opinie-o-vigrax-jakie-sa-recenzje\">Exp\u00e9riences et commentaires des utilisateurs de Vigrax &#8211; quels sont les commentaires ?<\/h2>\n\n\n\n<p>Les exp\u00e9riences et les <strong>commentaires<\/strong> des utilisateurs sont une source pr\u00e9cieuse d&#8217;informations sur l&#8217;efficacit\u00e9 du compl\u00e9ment alimentaire Vigrax dans l&#8217;am\u00e9lioration de la puissance. Lisez les commentaires ci-dessous pour savoir quels r\u00e9sultats peuvent \u00eatre obtenus avec l&#8217;utilisation r\u00e9guli\u00e8re de ce compl\u00e9ment.<\/p>\n\n\n\n<p>Les<strong>avis des utilisateurs de<\/strong> Vigrax confirment que ce compl\u00e9ment alimentaire peut avoir un effet positif sur la puissance et am\u00e9liorer la vie sexuelle des hommes. Cependant, les effets peuvent varier en fonction des conditions corporelles individuelles. Il est toujours conseill\u00e9 de consulter votre m\u00e9decin avant de prendre Vigrax.<\/p>\n\n\n\n<figure class=\"wp-block-table\"><table><tbody><tr><th>Avis<\/th><th>Utilisateur<\/th><\/tr><tr><td>&#8220;Vigrax est une v\u00e9ritable d\u00e9couverte pour moi. Pendant longtemps, j&#8217;ai lutt\u00e9 contre des probl\u00e8mes de puissance, ce qui a fortement affect\u00e9 ma vie sexuelle et ma confiance en moi. Apr\u00e8s avoir utilis\u00e9 Vigrax pendant quelques semaines, j&#8217;ai remarqu\u00e9 une am\u00e9lioration significative de mon \u00e9rection. Je suis maintenant plus confiant et capable de profiter d&#8217;une vie sexuelle satisfaisante. Je le recommande vivement !&#8221;<\/td><td>Kamil<\/td><\/tr><tr><td>&#8220;Vigrax est un compl\u00e9ment alimentaire sensationnel pour moi. Il agit rapidement et efficacement et est totalement s\u00fbr. Apr\u00e8s un mois d&#8217;utilisation r\u00e9guli\u00e8re, j&#8217;ai remarqu\u00e9 une am\u00e9lioration significative de ma puissance. Je peux maintenant profiter \u00e0 nouveau de rapports sexuels complets et satisfaisants. Je suis tr\u00e8s satisfait des r\u00e9sultats<\/td><td>Piotr<\/td><\/tr><tr><td>&#8220;J&#8217;avais des doutes sur l&#8217;efficacit\u00e9 des compl\u00e9ments de puissance, mais Vigrax m&#8217;a surpris positivement. Apr\u00e8s une courte p\u00e9riode d&#8217;utilisation, j&#8217;ai remarqu\u00e9 une am\u00e9lioration significative de ma libido et de mon \u00e9rection. Je me sens maintenant plus jeune et plus \u00e9nergique dans la chambre \u00e0 coucher. Je recommande Vigrax \u00e0 tous les hommes qui ont des probl\u00e8mes de puissance<\/td><td>Raphael<\/td><\/tr><\/tbody><\/table><\/figure>\n\n\n\n<h2 class=\"wp-block-heading\" id=\"h-vigrax-sklad\">Vigrax &#8211; Composition<\/h2>\n\n\n\n<p>La<strong>composition du<\/strong> compl\u00e9ment Vigrax est un facteur important dans son <strong>fonctionnement<\/strong>. Cette section d\u00e9taille les ingr\u00e9dients utilis\u00e9s dans le produit et leurs b\u00e9n\u00e9fices potentiels pour la puissance masculine.<\/p>\n\n\n\n<p><strong>Ingr\u00e9dients :<\/strong><\/p>\n\n\n\n<figure class=\"wp-block-table\"><table><tbody><tr><th>Ingr\u00e9dient<\/th><th>Avantages potentiels<\/th><\/tr><tr><td>Muira Puama<\/td><td>Am\u00e9liore la libido et la puissance<\/td><\/tr><tr><td>Shisandra chinoise<\/td><td>R\u00e9duction du stress, am\u00e9lioration de la libido<\/td><\/tr><tr><td>Ginseng<\/td><td>Stimulation, augmentation du niveau d&#8217;\u00e9nergie<\/td><\/tr><tr><td>Cannelle<\/td><td>Am\u00e9lioration de la circulation<\/td><\/tr><tr><td>L-arginine<\/td><td>Am\u00e9liore les \u00e9rections<\/td><\/tr><\/tbody><\/table><\/figure>\n\n\n\n<p>Ces ingr\u00e9dients, qui agissent efficacement ensemble, contribuent \u00e0 am\u00e9liorer la puissance masculine et \u00e0 accro\u00eetre l&#8217;\u00e9nergie et l&#8217;endurance dans la chambre \u00e0 coucher.<\/p>\n\n\n\n<p>Les ingr\u00e9dients contenus dans Vigrax ont \u00e9t\u00e9 soigneusement s\u00e9lectionn\u00e9s pour apporter un soutien complet \u00e0 la puissance masculine. Le compl\u00e9ment alimentaire Vigrax aide les hommes \u00e0 reprendre confiance en eux dans la chambre \u00e0 coucher et \u00e0 profiter d&#8217;une vie sexuelle satisfaisante.<\/p>\n\n\n\n<h2 class=\"wp-block-heading\" id=\"h-gdzie-kupic-i-ile-kosztuje-vigrax-cena\">O\u00f9 acheter et combien co\u00fbte Vigrax &#8211; prix<\/h2>\n\n\n\n<p>Le compl\u00e9ment alimentaire Vigrax peut \u00eatre achet\u00e9 sur le site officiel du fabricant. C&#8217;est le meilleur endroit pour effectuer votre achat afin d&#8217;\u00eatre s\u00fbr d&#8217;obtenir le produit original. <\/p>\n\n\n\n<p>Le prix de Vigrax peut varier en fonction de l&#8217;offre et de la quantit\u00e9 command\u00e9e. Le fabricant propose souvent des promotions et des r\u00e9ductions int\u00e9ressantes pour ses clients. Il vaut donc la peine de visiter r\u00e9guli\u00e8rement le site web du fabricant pour se tenir au courant des prix et des offres actuels.<\/p>\n\n\n\n<h2 class=\"wp-block-heading\" id=\"h-vigrax-potencjalne-skutki-uboczne-i-przeciwwskazania-do-stosowania\">Vigrax &#8211; Effets secondaires potentiels et contre-indications d&#8217;utilisation<\/h2>\n\n\n\n<p>Bien que Vigrax soit largement reconnu comme un compl\u00e9ment alimentaire s\u00fbr, il est utile de conna\u00eetre les effets secondaires potentiels et les contre-indications associ\u00e9s \u00e0 son utilisation. Dans certains cas, vous pouvez ressentir des effets secondaires tels que des maux de t\u00eate, une indigestion, des vertiges ou des troubles de la vue. <\/p>\n\n\n\n<p>Si vous ressentez des sympt\u00f4mes ind\u00e9sirables, il est recommand\u00e9 d&#8217;arr\u00eater l&#8217;utilisation du compl\u00e9ment et de consulter votre m\u00e9decin. <\/p>\n\n\n\n<p>Les contre-indications \u00e0 l&#8217;utilisation de Vigrax comprennent les allergies aux ingr\u00e9dients du compl\u00e9ment, les maladies cardiaques, l&#8217;hypertension art\u00e9rielle, les probl\u00e8mes r\u00e9naux ou h\u00e9patiques et la prise de certains m\u00e9dicaments.<\/p>\n","protected":false},"excerpt":{"rendered":"<p><strong>69.00 \u20ac<\/strong><\/p>\n<p><del>138.00 \u20ac<\/del><\/p>\n<p><strong>[date_countdown]<\/strong><\/p>\n","protected":false},"featured_media":2771,"comment_status":"open","ping_status":"closed","template":"","meta":{"neve_meta_sidebar":"","neve_meta_container":"","neve_meta_enable_content_width":"","neve_meta_content_width":0,"neve_meta_title_alignment":"","neve_meta_author_avatar":"","neve_post_elements_order":"","neve_meta_disable_header":"","neve_meta_disable_footer":"","neve_meta_disable_title":"","neve_meta_reading_time":""},"product_brand":[],"product_cat":[272],"product_tag":[],"class_list":{"0":"post-2776","1":"product","2":"type-product","3":"status-publish","4":"has-post-thumbnail","6":"product_cat-sante-sexuelle","8":"first","9":"instock","10":"shipping-taxable","11":"product-type-external"},"yoast_head":"<!-- This site is optimized with the Yoast SEO plugin v27.4 - https:\/\/yoast.com\/product\/yoast-seo-wordpress\/ -->\n<title>Vigrax - Clinica Althea<\/title>\n<meta name=\"robots\" content=\"index, follow, max-snippet:-1, max-image-preview:large, max-video-preview:-1\" \/>\n<link rel=\"canonical\" href=\"https:\/\/www.clinicaalthea.com\/farmacia\/fr\/apt\/vigrax\/\" \/>\n<meta property=\"og:locale\" content=\"pl_PL\" \/>\n<meta property=\"og:type\" content=\"article\" \/>\n<meta property=\"og:title\" content=\"Vigrax - Clinica Althea\" \/>\n<meta property=\"og:description\" content=\"69.00 \u20ac 138.00 \u20ac\" \/>\n<meta property=\"og:url\" content=\"https:\/\/www.clinicaalthea.com\/farmacia\/fr\/apt\/vigrax\/\" \/>\n<meta property=\"og:site_name\" content=\"Clinica Althea\" \/>\n<meta property=\"article:modified_time\" content=\"2024-04-25T09:47:10+00:00\" \/>\n<meta property=\"og:image\" content=\"https:\/\/www.clinicaalthea.com\/farmacia\/wp-content\/uploads\/2024\/04\/Vigrax.jpg\" \/>\n\t<meta property=\"og:image:width\" content=\"768\" \/>\n\t<meta property=\"og:image:height\" content=\"768\" \/>\n\t<meta property=\"og:image:type\" content=\"image\/jpeg\" \/>\n<meta name=\"twitter:card\" content=\"summary_large_image\" \/>\n<meta name=\"twitter:label1\" content=\"Szacowany czas czytania\" \/>\n\t<meta name=\"twitter:data1\" content=\"7 minut\" \/>\n<script type=\"application\/ld+json\" class=\"yoast-schema-graph\">{\"@context\":\"https:\\\/\\\/schema.org\",\"@graph\":[{\"@type\":\"WebPage\",\"@id\":\"https:\\\/\\\/www.clinicaalthea.com\\\/farmacia\\\/fr\\\/apt\\\/vigrax\\\/\",\"url\":\"https:\\\/\\\/www.clinicaalthea.com\\\/farmacia\\\/fr\\\/apt\\\/vigrax\\\/\",\"name\":\"Vigrax - Clinica Althea\",\"isPartOf\":{\"@id\":\"https:\\\/\\\/www.clinicaalthea.com\\\/farmacia\\\/#website\"},\"primaryImageOfPage\":{\"@id\":\"https:\\\/\\\/www.clinicaalthea.com\\\/farmacia\\\/fr\\\/apt\\\/vigrax\\\/#primaryimage\"},\"image\":{\"@id\":\"https:\\\/\\\/www.clinicaalthea.com\\\/farmacia\\\/fr\\\/apt\\\/vigrax\\\/#primaryimage\"},\"thumbnailUrl\":\"https:\\\/\\\/www.clinicaalthea.com\\\/farmacia\\\/wp-content\\\/uploads\\\/2024\\\/04\\\/Vigrax.jpg\",\"datePublished\":\"2024-04-25T09:34:14+00:00\",\"dateModified\":\"2024-04-25T09:47:10+00:00\",\"breadcrumb\":{\"@id\":\"https:\\\/\\\/www.clinicaalthea.com\\\/farmacia\\\/fr\\\/apt\\\/vigrax\\\/#breadcrumb\"},\"inLanguage\":\"pl-PL\",\"potentialAction\":[{\"@type\":\"ReadAction\",\"target\":[\"https:\\\/\\\/www.clinicaalthea.com\\\/farmacia\\\/fr\\\/apt\\\/vigrax\\\/\"]}]},{\"@type\":\"ImageObject\",\"inLanguage\":\"pl-PL\",\"@id\":\"https:\\\/\\\/www.clinicaalthea.com\\\/farmacia\\\/fr\\\/apt\\\/vigrax\\\/#primaryimage\",\"url\":\"https:\\\/\\\/www.clinicaalthea.com\\\/farmacia\\\/wp-content\\\/uploads\\\/2024\\\/04\\\/Vigrax.jpg\",\"contentUrl\":\"https:\\\/\\\/www.clinicaalthea.com\\\/farmacia\\\/wp-content\\\/uploads\\\/2024\\\/04\\\/Vigrax.jpg\",\"width\":768,\"height\":768,\"caption\":\"Vigrax\"},{\"@type\":\"BreadcrumbList\",\"@id\":\"https:\\\/\\\/www.clinicaalthea.com\\\/farmacia\\\/fr\\\/apt\\\/vigrax\\\/#breadcrumb\",\"itemListElement\":[{\"@type\":\"ListItem\",\"position\":1,\"name\":\"Strona g\u0142\u00f3wna\",\"item\":\"https:\\\/\\\/www.clinicaalthea.com\\\/farmacia\\\/\"},{\"@type\":\"ListItem\",\"position\":2,\"name\":\"Produkty\",\"item\":\"https:\\\/\\\/www.clinicaalthea.com\\\/farmacia\\\/\"},{\"@type\":\"ListItem\",\"position\":3,\"name\":\"Vigrax\"}]},{\"@type\":\"WebSite\",\"@id\":\"https:\\\/\\\/www.clinicaalthea.com\\\/farmacia\\\/#website\",\"url\":\"https:\\\/\\\/www.clinicaalthea.com\\\/farmacia\\\/\",\"name\":\"Clinica Althea\",\"description\":\"\",\"publisher\":{\"@id\":\"https:\\\/\\\/www.clinicaalthea.com\\\/farmacia\\\/#organization\"},\"potentialAction\":[{\"@type\":\"SearchAction\",\"target\":{\"@type\":\"EntryPoint\",\"urlTemplate\":\"https:\\\/\\\/www.clinicaalthea.com\\\/farmacia\\\/?s={search_term_string}\"},\"query-input\":{\"@type\":\"PropertyValueSpecification\",\"valueRequired\":true,\"valueName\":\"search_term_string\"}}],\"inLanguage\":\"pl-PL\"},{\"@type\":\"Organization\",\"@id\":\"https:\\\/\\\/www.clinicaalthea.com\\\/farmacia\\\/#organization\",\"name\":\"Clinica Althea\",\"url\":\"https:\\\/\\\/www.clinicaalthea.com\\\/farmacia\\\/\",\"logo\":{\"@type\":\"ImageObject\",\"inLanguage\":\"pl-PL\",\"@id\":\"https:\\\/\\\/www.clinicaalthea.com\\\/farmacia\\\/#\\\/schema\\\/logo\\\/image\\\/\",\"url\":\"https:\\\/\\\/www.clinicaalthea.com\\\/farmacia\\\/wp-content\\\/uploads\\\/2023\\\/12\\\/Jak-diagnozuje-sie-FAS_-objawy-kryteria-diagnostyczne-i-metody-diagnozowania-154162903.jpg\",\"contentUrl\":\"https:\\\/\\\/www.clinicaalthea.com\\\/farmacia\\\/wp-content\\\/uploads\\\/2023\\\/12\\\/Jak-diagnozuje-sie-FAS_-objawy-kryteria-diagnostyczne-i-metody-diagnozowania-154162903.jpg\",\"width\":1216,\"height\":832,\"caption\":\"Clinica Althea\"},\"image\":{\"@id\":\"https:\\\/\\\/www.clinicaalthea.com\\\/farmacia\\\/#\\\/schema\\\/logo\\\/image\\\/\"}}]}<\/script>\n<!-- \/ Yoast SEO plugin. -->","yoast_head_json":{"title":"Vigrax - Clinica Althea","robots":{"index":"index","follow":"follow","max-snippet":"max-snippet:-1","max-image-preview":"max-image-preview:large","max-video-preview":"max-video-preview:-1"},"canonical":"https:\/\/www.clinicaalthea.com\/farmacia\/fr\/apt\/vigrax\/","og_locale":"pl_PL","og_type":"article","og_title":"Vigrax - Clinica Althea","og_description":"69.00 \u20ac 138.00 \u20ac","og_url":"https:\/\/www.clinicaalthea.com\/farmacia\/fr\/apt\/vigrax\/","og_site_name":"Clinica Althea","article_modified_time":"2024-04-25T09:47:10+00:00","og_image":[{"width":768,"height":768,"url":"https:\/\/www.clinicaalthea.com\/farmacia\/wp-content\/uploads\/2024\/04\/Vigrax.jpg","type":"image\/jpeg"}],"twitter_card":"summary_large_image","twitter_misc":{"Szacowany czas czytania":"7 minut"},"schema":{"@context":"https:\/\/schema.org","@graph":[{"@type":"WebPage","@id":"https:\/\/www.clinicaalthea.com\/farmacia\/fr\/apt\/vigrax\/","url":"https:\/\/www.clinicaalthea.com\/farmacia\/fr\/apt\/vigrax\/","name":"Vigrax - Clinica Althea","isPartOf":{"@id":"https:\/\/www.clinicaalthea.com\/farmacia\/#website"},"primaryImageOfPage":{"@id":"https:\/\/www.clinicaalthea.com\/farmacia\/fr\/apt\/vigrax\/#primaryimage"},"image":{"@id":"https:\/\/www.clinicaalthea.com\/farmacia\/fr\/apt\/vigrax\/#primaryimage"},"thumbnailUrl":"https:\/\/www.clinicaalthea.com\/farmacia\/wp-content\/uploads\/2024\/04\/Vigrax.jpg","datePublished":"2024-04-25T09:34:14+00:00","dateModified":"2024-04-25T09:47:10+00:00","breadcrumb":{"@id":"https:\/\/www.clinicaalthea.com\/farmacia\/fr\/apt\/vigrax\/#breadcrumb"},"inLanguage":"pl-PL","potentialAction":[{"@type":"ReadAction","target":["https:\/\/www.clinicaalthea.com\/farmacia\/fr\/apt\/vigrax\/"]}]},{"@type":"ImageObject","inLanguage":"pl-PL","@id":"https:\/\/www.clinicaalthea.com\/farmacia\/fr\/apt\/vigrax\/#primaryimage","url":"https:\/\/www.clinicaalthea.com\/farmacia\/wp-content\/uploads\/2024\/04\/Vigrax.jpg","contentUrl":"https:\/\/www.clinicaalthea.com\/farmacia\/wp-content\/uploads\/2024\/04\/Vigrax.jpg","width":768,"height":768,"caption":"Vigrax"},{"@type":"BreadcrumbList","@id":"https:\/\/www.clinicaalthea.com\/farmacia\/fr\/apt\/vigrax\/#breadcrumb","itemListElement":[{"@type":"ListItem","position":1,"name":"Strona g\u0142\u00f3wna","item":"https:\/\/www.clinicaalthea.com\/farmacia\/"},{"@type":"ListItem","position":2,"name":"Produkty","item":"https:\/\/www.clinicaalthea.com\/farmacia\/"},{"@type":"ListItem","position":3,"name":"Vigrax"}]},{"@type":"WebSite","@id":"https:\/\/www.clinicaalthea.com\/farmacia\/#website","url":"https:\/\/www.clinicaalthea.com\/farmacia\/","name":"Clinica Althea","description":"","publisher":{"@id":"https:\/\/www.clinicaalthea.com\/farmacia\/#organization"},"potentialAction":[{"@type":"SearchAction","target":{"@type":"EntryPoint","urlTemplate":"https:\/\/www.clinicaalthea.com\/farmacia\/?s={search_term_string}"},"query-input":{"@type":"PropertyValueSpecification","valueRequired":true,"valueName":"search_term_string"}}],"inLanguage":"pl-PL"},{"@type":"Organization","@id":"https:\/\/www.clinicaalthea.com\/farmacia\/#organization","name":"Clinica Althea","url":"https:\/\/www.clinicaalthea.com\/farmacia\/","logo":{"@type":"ImageObject","inLanguage":"pl-PL","@id":"https:\/\/www.clinicaalthea.com\/farmacia\/#\/schema\/logo\/image\/","url":"https:\/\/www.clinicaalthea.com\/farmacia\/wp-content\/uploads\/2023\/12\/Jak-diagnozuje-sie-FAS_-objawy-kryteria-diagnostyczne-i-metody-diagnozowania-154162903.jpg","contentUrl":"https:\/\/www.clinicaalthea.com\/farmacia\/wp-content\/uploads\/2023\/12\/Jak-diagnozuje-sie-FAS_-objawy-kryteria-diagnostyczne-i-metody-diagnozowania-154162903.jpg","width":1216,"height":832,"caption":"Clinica Althea"},"image":{"@id":"https:\/\/www.clinicaalthea.com\/farmacia\/#\/schema\/logo\/image\/"}}]}},"lang":"fr","translations":{"fr":2776,"cs":2772,"pl":2769,"da":2774,"fi":2775,"el":2777,"es":2778,"nl":2953,"lv":2954,"lt":2955,"de":2956,"pt":2957,"ro":2958,"sk":2959,"sv":2960,"hu":2961,"it":2963},"pll_sync_post":[],"_links":{"self":[{"href":"https:\/\/www.clinicaalthea.com\/farmacia\/wp-json\/wp\/v2\/product\/2776","targetHints":{"allow":["GET"]}}],"collection":[{"href":"https:\/\/www.clinicaalthea.com\/farmacia\/wp-json\/wp\/v2\/product"}],"about":[{"href":"https:\/\/www.clinicaalthea.com\/farmacia\/wp-json\/wp\/v2\/types\/product"}],"replies":[{"embeddable":true,"href":"https:\/\/www.clinicaalthea.com\/farmacia\/wp-json\/wp\/v2\/comments?post=2776"}],"wp:featuredmedia":[{"embeddable":true,"href":"https:\/\/www.clinicaalthea.com\/farmacia\/wp-json\/wp\/v2\/media\/2771"}],"wp:attachment":[{"href":"https:\/\/www.clinicaalthea.com\/farmacia\/wp-json\/wp\/v2\/media?parent=2776"}],"wp:term":[{"taxonomy":"product_brand","embeddable":true,"href":"https:\/\/www.clinicaalthea.com\/farmacia\/wp-json\/wp\/v2\/product_brand?post=2776"},{"taxonomy":"product_cat","embeddable":true,"href":"https:\/\/www.clinicaalthea.com\/farmacia\/wp-json\/wp\/v2\/product_cat?post=2776"},{"taxonomy":"product_tag","embeddable":true,"href":"https:\/\/www.clinicaalthea.com\/farmacia\/wp-json\/wp\/v2\/product_tag?post=2776"}],"curies":[{"name":"wp","href":"https:\/\/api.w.org\/{rel}","templated":true}]}}