{"id":2247,"date":"2024-03-24T14:15:26","date_gmt":"2024-03-24T13:15:26","guid":{"rendered":"https:\/\/mayoguide.org\/produkty\/?post_type=product&#038;p=2247"},"modified":"2024-03-24T14:19:29","modified_gmt":"2024-03-24T13:19:29","slug":"hallu-motion","status":"publish","type":"product","link":"https:\/\/www.clinicaalthea.com\/farmacia\/sk\/apt\/hallu-motion\/","title":{"rendered":"Hallu Motion"},"content":{"rendered":"\n<p><b>Hallux valgus<\/b>, deformita chodidla, ktor\u00e1 m\u00f4\u017ee sp\u00f4sobova\u0165 boles\u0165 a nepohodlie, je be\u017en\u00e1 a nepr\u00edjemn\u00e1. M\u00f4\u017ee sa zda\u0165, \u017ee tradi\u010dn\u00e9 met\u00f3dy, ako napr\u00edklad invaz\u00edvne chirurgick\u00e9 z\u00e1kroky, s\u00fa jedin\u00fdm sp\u00f4sobom, ako zlep\u0161i\u0165 stav chodidiel. Existuje v\u0161ak alternat\u00edva? Existuje \u00fa\u010dinn\u00e9 rie\u0161enie, ktor\u00e9 m\u00f4\u017ee pom\u00f4c\u0165 zlep\u0161i\u0165 vyrovnanie prstov a zdravie chodidiel?<\/p>\n\n\n\n<p>Pr\u00e1ve tu prich\u00e1dza na rad <b>Hallu Motion<\/b>, inovat\u00edvna <b>korek\u010dn\u00e1 vlo\u017eka<\/b>. <b>Hallu Motion<\/b>, vyvinut\u00e1 \u0161peci\u00e1lne pre \u013eud\u00ed, ktor\u00ed bojuj\u00fa s hallux valgus, pon\u00faka alternat\u00edvu k invaz\u00edvnym chirurgick\u00fdm z\u00e1krokom. Pomocou pokro\u010dil\u00fdch technol\u00f3gi\u00ed, ako s\u00fa inteligentn\u00e9 nanovl\u00e1kna a biomechanick\u00fd pr\u00edstroj, stielka spolupracuje s chodidlom s cie\u013eom zlep\u0161i\u0165 vyrovnanie prstov a zn\u00ed\u017ei\u0165 boles\u0165.<\/p>\n\n\n\n<p>Zistite, ako <b>Hallu Motion<\/b> funguje, ak\u00e9 v\u00fdsledky m\u00f4\u017eete s touto korek\u010dnou vlo\u017ekou dosiahnu\u0165 a ako ju spr\u00e1vne pou\u017e\u00edva\u0165. Objavte recenzie pou\u017e\u00edvate\u013eov, ktor\u00ed za\u017eili v\u00fdhody pou\u017e\u00edvania Hallu Motion.<\/p>\n\n\n\n<h3 class=\"wp-block-heading\" id=\"h-kluczowe-informacje\">K\u013e\u00fa\u010dov\u00e9 inform\u00e1cie:<\/h3>\n\n\n\n<ul class=\"wp-block-list\">\n<li><b>Hallux<\/b> valgus je be\u017en\u00fd a m\u00f4\u017ee sp\u00f4sobova\u0165 boles\u0165 a nepohodlie.<\/li>\n\n\n\n<li>Hallu Motion je inovat\u00edvna <b>korek\u010dn\u00e1 stielka<\/b>, ktor\u00e1 pon\u00faka alternat\u00edvu k invaz\u00edvnym chirurgick\u00fdm z\u00e1krokom.<\/li>\n\n\n\n<li>Vyu\u017e\u00edva pokro\u010dil\u00e9 technol\u00f3gie, ako s\u00fa inteligentn\u00e9 nanovl\u00e1kna a biomechanick\u00fd pr\u00edstroj, na zlep\u0161enie vyrovnania prstov a zn\u00ed\u017eenie bolesti.<\/li>\n\n\n\n<li>Pou\u017e\u00edvanie Hallu Motion m\u00f4\u017ee by\u0165 \u00fa\u010dinn\u00e9 pri zni\u017eovan\u00ed bolesti, zlep\u0161ovan\u00ed vyrovnania prstov a v boji proti deform\u00e1ci\u00e1m chodidla.<\/li>\n\n\n\n<li>Sp\u00e4tn\u00e1 v\u00e4zba od pou\u017e\u00edvate\u013eov potvrdzuje \u00fa\u010dinnos\u0165 a v\u00fdhody vlo\u017eky Hallu Motion.<\/li>\n<\/ul>\n\n\n\n<h2 class=\"wp-block-heading\" id=\"h-jak-dziala-hallu-motion\">Ako Hallu Motion funguje?<\/h2>\n\n\n\n<p>Hallu Motion funguje ako inovat\u00edvna korek\u010dn\u00e1 pom\u00f4cka na <b>hallux<\/b> valgus. Vyu\u017e\u00edva \u0161peci\u00e1lne prvky, ako s\u00fa <em>inteligentn\u00e9 nanovl\u00e1kna<\/em>, <em>p\u00e1sy<\/em> a <em>biomechanick\u00e9 k\u013aby<\/em>, ktor\u00e9 \u00fa\u010dinne spolupracuj\u00fa s chodidlom a p\u00f4sobia proti deform\u00e1ci\u00e1m. Nanovl\u00e1kna zni\u017euj\u00fa boles\u0165 a z\u00e1pal, p\u00e1sy a biomechanick\u00e9 k\u013aby zlep\u0161uj\u00fa vyrovnanie prstov a biomechaniku chodidla. V\u00fdsledkom je, \u017ee nosenie vlo\u017eky Hallu Motion prispieva k postupn\u00e9mu zlep\u0161ovaniu stavu chodidla a \u00fa\u013eave od \u0165a\u017ekost\u00ed s\u00favisiacich s hallux valgus.<\/p>\n\n\n\n<h2 class=\"wp-block-heading\" id=\"h-efekty-stosowania-hallu-motion\">\u00da\u010dinky pou\u017e\u00edvania Hallu Motion<\/h2>\n\n\n\n<ul class=\"wp-block-list\">\n<li><strong>Zlep\u0161enie vyrovnania prstov na noh\u00e1ch<\/strong>: Pravideln\u00fdm nosen\u00edm vlo\u017eky je mo\u017en\u00e9 dosiahnu\u0165 postupn\u00e9 zlep\u0161enie vyrovnania palca nohy. Ort\u00e9za na prsty a biomechanick\u00fd k\u013ab p\u00f4sobia synergicky, napravuj\u00fa naru\u0161en\u00e9 zarovnanie prsta a obnovuj\u00fa jeho prirodzen\u00fd tvar.<\/li>\n\n\n\n<li><strong>Zn\u00ed\u017eenie bolesti a z\u00e1palu<\/strong>: Pou\u017eitie inteligentn\u00fdch nanovl\u00e1kien vo vn\u00fatri ort\u00e9zy pom\u00e1ha zni\u017eova\u0165 boles\u0165 a z\u00e1pal. V\u010faka tomu je mo\u017en\u00e9 ort\u00e9zu pohodlne pou\u017e\u00edva\u0165 po\u010das cel\u00e9ho d\u0148a bez toho, aby ste sa museli vzda\u0165 ka\u017edodenn\u00fdch aktiv\u00edt.<\/li>\n\n\n\n<li><strong>Podpora v boji proti ploch\u00fdm noh\u00e1m<\/strong>: P\u00e1sik sp\u00e1jaj\u00faci metatarz\u00e1lne kosti v ort\u00e9ze m\u00e1 pozit\u00edvny vplyv na proces korekcie prie\u010dne ploch\u00fdch n\u00f4h. V\u010faka tomu m\u00f4\u017ee chodidlo znovu z\u00edska\u0165 svoju prirodzen\u00fa \u0161trukt\u00faru, zlep\u0161i\u0165 stabilitu a rovnomern\u00e9 za\u0165a\u017eenie pri ch\u00f4dzi.<\/li>\n\n\n\n<li><strong>Prevencia opakovania deformity<\/strong>: Systematick\u00fdm pou\u017e\u00edvan\u00edm ort\u00e9zy Hallu Motion mo\u017eno zn\u00ed\u017ei\u0165 riziko recid\u00edvy deform\u00edt prstov na noh\u00e1ch. Ort\u00e9za p\u00f4sob\u00ed ako prevent\u00edvny n\u00e1stroj, udr\u017eiava zdrav\u00fd tvar chodidla a minimalizuje pravdepodobnos\u0165 recid\u00edvy hallux valgus.<\/li>\n\n\n\n<li><strong>Obnovenie estetiky chodidla<\/strong>: \u00da\u010dinky ort\u00e9zy sa prejavuj\u00fa aj na zlep\u0161en\u00ed vzh\u013eadu chodidla. Postupn\u00fdm narovn\u00e1van\u00edm prstov a formovan\u00edm spr\u00e1vnej biomechaniky chodidla je mo\u017en\u00e9 obnovi\u0165 prirodzen\u00fa symetriu a harm\u00f3niu vzh\u013eadu chodidiel.<\/li>\n\n\n\n<li><strong>Bezpe\u010dn\u00e1 a neinvaz\u00edvna alternat\u00edva<\/strong>: Poskytuje bezpe\u010dn\u00fa mo\u017enos\u0165 pre \u013eud\u00ed s deform\u00e1ciami chodidiel, ktor\u00ed sa chc\u00fa vyhn\u00fa\u0165 invaz\u00edvnym chirurgick\u00fdm z\u00e1krokom. Vyhne sa dlhej rekonvalescencii a s \u0148ou spojen\u00fdm nepr\u00edjemn\u00fdm pocitom.<\/li>\n\n\n\n<li><strong>Ka\u017edodenn\u00e1 aktivita bez prek\u00e1\u017eok<\/strong>: Pou\u017e\u00edvanie ort\u00e9zy po\u010das d\u0148a si nevy\u017eaduje, aby ste sa vzdali svojho be\u017en\u00e9ho \u017eivotn\u00e9ho \u0161t\u00fdlu. Je mo\u017en\u00e9 vykon\u00e1va\u0165 fyzick\u00fa aktivitu, pracova\u0165 alebo plni\u0165 ka\u017edodenn\u00e9 povinnosti a z\u00e1rove\u0148 sa stara\u0165 o zdravie a pohodlie svojich n\u00f4h.<\/li>\n<\/ul>\n\n\n\n<h2 class=\"wp-block-heading\" id=\"h-jak-stosowac-hallu-motion\">Ako pou\u017e\u00edva\u0165 Hallu Motion?<\/h2>\n\n\n\n<p>Pou\u017e\u00edvanie vlo\u017eky Hallu Motion je jednoduch\u00e9 a flexibiln\u00e9. Mo\u017eno ju nosi\u0165 po\u010das ka\u017edodenn\u00fdch aktiv\u00edt bez toho, aby sp\u00f4sobovala nepohodlie. Je d\u00f4le\u017eit\u00e9 pozorne porozumie\u0165 n\u00e1vodu na pou\u017eitie a spr\u00e1vne umiestni\u0165 vlo\u017eku na chodidlo. Nezabudnite pravidelne u\u0165ahova\u0165 p\u00e1sik a prisp\u00f4sobi\u0165 ho zarovnaniu prstov a chodidla. Systematick\u00e9 pou\u017e\u00edvanie Hallu Motion postupne zlep\u0161\u00ed stav va\u0161ich chodidiel.<\/p>\n\n\n\n<h2 class=\"wp-block-heading\" id=\"h-opinie-uzytkownikow-na-temat-hallu-motion\">N\u00e1zory pou\u017e\u00edvate\u013eov na Hallu Motion<\/h2>\n\n\n\n<p>Rozv\u00edjaj\u00face sa diskusie na f\u00f3rach a n\u00e1zory pou\u017e\u00edvate\u013eov jasne poukazuj\u00fa na pozit\u00edvne sk\u00fasenosti s pou\u017e\u00edvan\u00edm ort\u00e9zy Hallu Motion. V\u00e4\u010d\u0161ina pou\u017e\u00edvate\u013eov zd\u00f4raz\u0148uje, \u017ee systematick\u00e9 pou\u017e\u00edvanie ort\u00e9zy im prinieslo v\u00fdrazn\u00fa \u00fa\u013eavu od bolesti a nepohodlia spojen\u00e9ho s hallux valgus. T\u00ed, ktor\u00ed mali pochybnosti o \u00fa\u010dinnosti v\u00fdrobku, boli v\u00e4\u010d\u0161inou pozit\u00edvne prekvapen\u00ed v\u00fdsledkami, najm\u00e4 pokia\u013e ide o zlep\u0161enie vyrovnania prstov a zn\u00ed\u017eenie bolesti.<\/p>\n\n\n\n<blockquote class=\"wp-block-quote is-layout-flow wp-block-quote-is-layout-flow\">\n<p>&#8220;Dlh\u00e9 roky som bojoval s boles\u0165ou a nepohodl\u00edm spojen\u00fdm s hallux valgus. Nielen\u017ee mi prek\u00e1\u017eali pri ka\u017edodenn\u00fdch aktivit\u00e1ch, ale ovplyv\u0148ovali aj moje sebavedomie. Rozhodnutie vysk\u00fa\u0161a\u0165 Hallu Motion sa uk\u00e1zalo ako hit! U\u017e po nieko\u013ek\u00fdch t\u00fd\u017ed\u0148och pravideln\u00e9ho nosenia ort\u00e9z som poc\u00edtila v\u00fdrazn\u00e9 zlep\u0161enie. Boles\u0165 sa v\u00fdrazne zn\u00ed\u017eila a palec na nohe sa za\u010dal vraca\u0165 do spr\u00e1vnej polohy. Najlep\u0161ie zo v\u0161etk\u00e9ho bolo, \u017ee som st\u00e1le mohol pou\u017e\u00edva\u0165 svoju ob\u013e\u00faben\u00fa obuv, preto\u017ee ort\u00e9zu mo\u017eno prisp\u00f4sobi\u0165 r\u00f4znym typom obuvi. Je to skuto\u010dne revolu\u010dn\u00e9 rie\u0161enie, ktor\u00e9 mi nielen prinieslo \u00fa\u013eavu, ale aj zlep\u0161ilo vzh\u013ead mojich n\u00f4h. Odpor\u00fa\u010dam ju ka\u017edej \u017eene, ktor\u00e1 bojuje s hallux valgus &#8211; naozaj funguje!&#8221;<\/p>\n<\/blockquote>\n\n\n\n<blockquote class=\"wp-block-quote is-layout-flow wp-block-quote-is-layout-flow\">\n<p>&#8220;Spo\u010diatku som bola skeptick\u00e1 vo\u010di ak\u00fdmko\u013evek korek\u010dn\u00fdm ort\u00e9zam, ale \u010dasom za\u010dali bolesti spojen\u00e9 s hallux valgus ovplyv\u0148ova\u0165 moju fyzick\u00fa aktivitu a pohodlie. Rozhodla som sa da\u0165 \u0161ancu tomuto v\u00fdrobku a uk\u00e1zalo sa, \u017ee je to hit. Ort\u00e9za sa pohodlne nos\u00ed a predov\u0161etk\u00fdm je \u00fa\u010dinn\u00e1. Nohy ma prestali bolie\u0165 a palec sa postupne vr\u00e1til do spr\u00e1vnej polohy. To, \u017ee som ju mohol nosi\u0165 pri pr\u00e1ci alebo tr\u00e9ningu, znamenalo, \u017ee som sa nemusel vzda\u0165 svojich ka\u017edodenn\u00fdch aktiv\u00edt. Som r\u00e1d, \u017ee som sa rozhodol vysk\u00fa\u0161a\u0165 Hallu Motion, preto\u017ee mi pomohol z\u00edska\u0165 sp\u00e4\u0165 pohodlie a sebad\u00f4veru pri ch\u00f4dzi. Toto rie\u0161enie by som vrelo odporu\u010dil aj ostatn\u00fdm mu\u017eom s podobn\u00fdm probl\u00e9mom!&#8221;<\/p>\n<\/blockquote>\n","protected":false},"excerpt":{"rendered":"<p><strong>49.00 \u20ac<\/strong><\/p>\n<p><del>98.00 \u20ac<\/del><\/p>\n<p><strong>[date_countdown]<\/strong><\/p>\n","protected":false},"featured_media":2243,"comment_status":"open","ping_status":"closed","template":"","meta":{"neve_meta_sidebar":"","neve_meta_container":"","neve_meta_enable_content_width":"","neve_meta_content_width":0,"neve_meta_title_alignment":"","neve_meta_author_avatar":"","neve_post_elements_order":"","neve_meta_disable_header":"","neve_meta_disable_footer":"","neve_meta_disable_title":"","neve_meta_reading_time":""},"product_brand":[],"product_cat":[169],"product_tag":[],"class_list":{"0":"post-2247","1":"product","2":"type-product","3":"status-publish","4":"has-post-thumbnail","6":"product_cat-zdravie","8":"first","9":"instock","10":"shipping-taxable","11":"product-type-external"},"yoast_head":"<!-- This site is optimized with the Yoast SEO plugin v27.4 - https:\/\/yoast.com\/product\/yoast-seo-wordpress\/ -->\n<title>Hallu Motion - Clinica Althea<\/title>\n<meta name=\"robots\" content=\"index, follow, max-snippet:-1, max-image-preview:large, max-video-preview:-1\" \/>\n<link rel=\"canonical\" href=\"https:\/\/www.clinicaalthea.com\/farmacia\/sk\/apt\/hallu-motion\/\" \/>\n<meta property=\"og:locale\" content=\"pl_PL\" \/>\n<meta property=\"og:type\" content=\"article\" \/>\n<meta property=\"og:title\" content=\"Hallu Motion - Clinica Althea\" \/>\n<meta property=\"og:description\" content=\"49.00 \u20ac 98.00 \u20ac\" \/>\n<meta property=\"og:url\" content=\"https:\/\/www.clinicaalthea.com\/farmacia\/sk\/apt\/hallu-motion\/\" \/>\n<meta property=\"og:site_name\" content=\"Clinica Althea\" \/>\n<meta property=\"article:modified_time\" content=\"2024-03-24T13:19:29+00:00\" \/>\n<meta property=\"og:image\" content=\"https:\/\/www.clinicaalthea.com\/farmacia\/wp-content\/uploads\/2024\/03\/Hallu-Motion.jpg\" \/>\n\t<meta property=\"og:image:width\" content=\"768\" \/>\n\t<meta property=\"og:image:height\" content=\"768\" \/>\n\t<meta property=\"og:image:type\" content=\"image\/jpeg\" \/>\n<meta name=\"twitter:card\" content=\"summary_large_image\" \/>\n<meta name=\"twitter:label1\" content=\"Szacowany czas czytania\" \/>\n\t<meta name=\"twitter:data1\" content=\"4 minuty\" \/>\n<script type=\"application\/ld+json\" class=\"yoast-schema-graph\">{\"@context\":\"https:\\\/\\\/schema.org\",\"@graph\":[{\"@type\":\"WebPage\",\"@id\":\"https:\\\/\\\/www.clinicaalthea.com\\\/farmacia\\\/sk\\\/apt\\\/hallu-motion\\\/\",\"url\":\"https:\\\/\\\/www.clinicaalthea.com\\\/farmacia\\\/sk\\\/apt\\\/hallu-motion\\\/\",\"name\":\"Hallu Motion - Clinica Althea\",\"isPartOf\":{\"@id\":\"https:\\\/\\\/www.clinicaalthea.com\\\/farmacia\\\/#website\"},\"primaryImageOfPage\":{\"@id\":\"https:\\\/\\\/www.clinicaalthea.com\\\/farmacia\\\/sk\\\/apt\\\/hallu-motion\\\/#primaryimage\"},\"image\":{\"@id\":\"https:\\\/\\\/www.clinicaalthea.com\\\/farmacia\\\/sk\\\/apt\\\/hallu-motion\\\/#primaryimage\"},\"thumbnailUrl\":\"https:\\\/\\\/www.clinicaalthea.com\\\/farmacia\\\/wp-content\\\/uploads\\\/2024\\\/03\\\/Hallu-Motion.jpg\",\"datePublished\":\"2024-03-24T13:15:26+00:00\",\"dateModified\":\"2024-03-24T13:19:29+00:00\",\"breadcrumb\":{\"@id\":\"https:\\\/\\\/www.clinicaalthea.com\\\/farmacia\\\/sk\\\/apt\\\/hallu-motion\\\/#breadcrumb\"},\"inLanguage\":\"pl-PL\",\"potentialAction\":[{\"@type\":\"ReadAction\",\"target\":[\"https:\\\/\\\/www.clinicaalthea.com\\\/farmacia\\\/sk\\\/apt\\\/hallu-motion\\\/\"]}]},{\"@type\":\"ImageObject\",\"inLanguage\":\"pl-PL\",\"@id\":\"https:\\\/\\\/www.clinicaalthea.com\\\/farmacia\\\/sk\\\/apt\\\/hallu-motion\\\/#primaryimage\",\"url\":\"https:\\\/\\\/www.clinicaalthea.com\\\/farmacia\\\/wp-content\\\/uploads\\\/2024\\\/03\\\/Hallu-Motion.jpg\",\"contentUrl\":\"https:\\\/\\\/www.clinicaalthea.com\\\/farmacia\\\/wp-content\\\/uploads\\\/2024\\\/03\\\/Hallu-Motion.jpg\",\"width\":768,\"height\":768,\"caption\":\"Hallu Motion\"},{\"@type\":\"BreadcrumbList\",\"@id\":\"https:\\\/\\\/www.clinicaalthea.com\\\/farmacia\\\/sk\\\/apt\\\/hallu-motion\\\/#breadcrumb\",\"itemListElement\":[{\"@type\":\"ListItem\",\"position\":1,\"name\":\"Strona g\u0142\u00f3wna\",\"item\":\"https:\\\/\\\/www.clinicaalthea.com\\\/farmacia\\\/\"},{\"@type\":\"ListItem\",\"position\":2,\"name\":\"Produkty\",\"item\":\"https:\\\/\\\/www.clinicaalthea.com\\\/farmacia\\\/\"},{\"@type\":\"ListItem\",\"position\":3,\"name\":\"Hallu Motion\"}]},{\"@type\":\"WebSite\",\"@id\":\"https:\\\/\\\/www.clinicaalthea.com\\\/farmacia\\\/#website\",\"url\":\"https:\\\/\\\/www.clinicaalthea.com\\\/farmacia\\\/\",\"name\":\"Clinica Althea\",\"description\":\"\",\"publisher\":{\"@id\":\"https:\\\/\\\/www.clinicaalthea.com\\\/farmacia\\\/#organization\"},\"potentialAction\":[{\"@type\":\"SearchAction\",\"target\":{\"@type\":\"EntryPoint\",\"urlTemplate\":\"https:\\\/\\\/www.clinicaalthea.com\\\/farmacia\\\/?s={search_term_string}\"},\"query-input\":{\"@type\":\"PropertyValueSpecification\",\"valueRequired\":true,\"valueName\":\"search_term_string\"}}],\"inLanguage\":\"pl-PL\"},{\"@type\":\"Organization\",\"@id\":\"https:\\\/\\\/www.clinicaalthea.com\\\/farmacia\\\/#organization\",\"name\":\"Clinica Althea\",\"url\":\"https:\\\/\\\/www.clinicaalthea.com\\\/farmacia\\\/\",\"logo\":{\"@type\":\"ImageObject\",\"inLanguage\":\"pl-PL\",\"@id\":\"https:\\\/\\\/www.clinicaalthea.com\\\/farmacia\\\/#\\\/schema\\\/logo\\\/image\\\/\",\"url\":\"https:\\\/\\\/www.clinicaalthea.com\\\/farmacia\\\/wp-content\\\/uploads\\\/2023\\\/12\\\/Jak-diagnozuje-sie-FAS_-objawy-kryteria-diagnostyczne-i-metody-diagnozowania-154162903.jpg\",\"contentUrl\":\"https:\\\/\\\/www.clinicaalthea.com\\\/farmacia\\\/wp-content\\\/uploads\\\/2023\\\/12\\\/Jak-diagnozuje-sie-FAS_-objawy-kryteria-diagnostyczne-i-metody-diagnozowania-154162903.jpg\",\"width\":1216,\"height\":832,\"caption\":\"Clinica Althea\"},\"image\":{\"@id\":\"https:\\\/\\\/www.clinicaalthea.com\\\/farmacia\\\/#\\\/schema\\\/logo\\\/image\\\/\"}}]}<\/script>\n<!-- \/ Yoast SEO plugin. -->","yoast_head_json":{"title":"Hallu Motion - Clinica Althea","robots":{"index":"index","follow":"follow","max-snippet":"max-snippet:-1","max-image-preview":"max-image-preview:large","max-video-preview":"max-video-preview:-1"},"canonical":"https:\/\/www.clinicaalthea.com\/farmacia\/sk\/apt\/hallu-motion\/","og_locale":"pl_PL","og_type":"article","og_title":"Hallu Motion - Clinica Althea","og_description":"49.00 \u20ac 98.00 \u20ac","og_url":"https:\/\/www.clinicaalthea.com\/farmacia\/sk\/apt\/hallu-motion\/","og_site_name":"Clinica Althea","article_modified_time":"2024-03-24T13:19:29+00:00","og_image":[{"width":768,"height":768,"url":"https:\/\/www.clinicaalthea.com\/farmacia\/wp-content\/uploads\/2024\/03\/Hallu-Motion.jpg","type":"image\/jpeg"}],"twitter_card":"summary_large_image","twitter_misc":{"Szacowany czas czytania":"4 minuty"},"schema":{"@context":"https:\/\/schema.org","@graph":[{"@type":"WebPage","@id":"https:\/\/www.clinicaalthea.com\/farmacia\/sk\/apt\/hallu-motion\/","url":"https:\/\/www.clinicaalthea.com\/farmacia\/sk\/apt\/hallu-motion\/","name":"Hallu Motion - Clinica Althea","isPartOf":{"@id":"https:\/\/www.clinicaalthea.com\/farmacia\/#website"},"primaryImageOfPage":{"@id":"https:\/\/www.clinicaalthea.com\/farmacia\/sk\/apt\/hallu-motion\/#primaryimage"},"image":{"@id":"https:\/\/www.clinicaalthea.com\/farmacia\/sk\/apt\/hallu-motion\/#primaryimage"},"thumbnailUrl":"https:\/\/www.clinicaalthea.com\/farmacia\/wp-content\/uploads\/2024\/03\/Hallu-Motion.jpg","datePublished":"2024-03-24T13:15:26+00:00","dateModified":"2024-03-24T13:19:29+00:00","breadcrumb":{"@id":"https:\/\/www.clinicaalthea.com\/farmacia\/sk\/apt\/hallu-motion\/#breadcrumb"},"inLanguage":"pl-PL","potentialAction":[{"@type":"ReadAction","target":["https:\/\/www.clinicaalthea.com\/farmacia\/sk\/apt\/hallu-motion\/"]}]},{"@type":"ImageObject","inLanguage":"pl-PL","@id":"https:\/\/www.clinicaalthea.com\/farmacia\/sk\/apt\/hallu-motion\/#primaryimage","url":"https:\/\/www.clinicaalthea.com\/farmacia\/wp-content\/uploads\/2024\/03\/Hallu-Motion.jpg","contentUrl":"https:\/\/www.clinicaalthea.com\/farmacia\/wp-content\/uploads\/2024\/03\/Hallu-Motion.jpg","width":768,"height":768,"caption":"Hallu Motion"},{"@type":"BreadcrumbList","@id":"https:\/\/www.clinicaalthea.com\/farmacia\/sk\/apt\/hallu-motion\/#breadcrumb","itemListElement":[{"@type":"ListItem","position":1,"name":"Strona g\u0142\u00f3wna","item":"https:\/\/www.clinicaalthea.com\/farmacia\/"},{"@type":"ListItem","position":2,"name":"Produkty","item":"https:\/\/www.clinicaalthea.com\/farmacia\/"},{"@type":"ListItem","position":3,"name":"Hallu Motion"}]},{"@type":"WebSite","@id":"https:\/\/www.clinicaalthea.com\/farmacia\/#website","url":"https:\/\/www.clinicaalthea.com\/farmacia\/","name":"Clinica Althea","description":"","publisher":{"@id":"https:\/\/www.clinicaalthea.com\/farmacia\/#organization"},"potentialAction":[{"@type":"SearchAction","target":{"@type":"EntryPoint","urlTemplate":"https:\/\/www.clinicaalthea.com\/farmacia\/?s={search_term_string}"},"query-input":{"@type":"PropertyValueSpecification","valueRequired":true,"valueName":"search_term_string"}}],"inLanguage":"pl-PL"},{"@type":"Organization","@id":"https:\/\/www.clinicaalthea.com\/farmacia\/#organization","name":"Clinica Althea","url":"https:\/\/www.clinicaalthea.com\/farmacia\/","logo":{"@type":"ImageObject","inLanguage":"pl-PL","@id":"https:\/\/www.clinicaalthea.com\/farmacia\/#\/schema\/logo\/image\/","url":"https:\/\/www.clinicaalthea.com\/farmacia\/wp-content\/uploads\/2023\/12\/Jak-diagnozuje-sie-FAS_-objawy-kryteria-diagnostyczne-i-metody-diagnozowania-154162903.jpg","contentUrl":"https:\/\/www.clinicaalthea.com\/farmacia\/wp-content\/uploads\/2023\/12\/Jak-diagnozuje-sie-FAS_-objawy-kryteria-diagnostyczne-i-metody-diagnozowania-154162903.jpg","width":1216,"height":832,"caption":"Clinica Althea"},"image":{"@id":"https:\/\/www.clinicaalthea.com\/farmacia\/#\/schema\/logo\/image\/"}}]}},"lang":"sk","translations":{"sk":2247,"de":2244,"cs":2242,"hu":2245,"it":2246,"sv":2248,"bg":2249,"sl":2250},"pll_sync_post":[],"_links":{"self":[{"href":"https:\/\/www.clinicaalthea.com\/farmacia\/wp-json\/wp\/v2\/product\/2247","targetHints":{"allow":["GET"]}}],"collection":[{"href":"https:\/\/www.clinicaalthea.com\/farmacia\/wp-json\/wp\/v2\/product"}],"about":[{"href":"https:\/\/www.clinicaalthea.com\/farmacia\/wp-json\/wp\/v2\/types\/product"}],"replies":[{"embeddable":true,"href":"https:\/\/www.clinicaalthea.com\/farmacia\/wp-json\/wp\/v2\/comments?post=2247"}],"wp:featuredmedia":[{"embeddable":true,"href":"https:\/\/www.clinicaalthea.com\/farmacia\/wp-json\/wp\/v2\/media\/2243"}],"wp:attachment":[{"href":"https:\/\/www.clinicaalthea.com\/farmacia\/wp-json\/wp\/v2\/media?parent=2247"}],"wp:term":[{"taxonomy":"product_brand","embeddable":true,"href":"https:\/\/www.clinicaalthea.com\/farmacia\/wp-json\/wp\/v2\/product_brand?post=2247"},{"taxonomy":"product_cat","embeddable":true,"href":"https:\/\/www.clinicaalthea.com\/farmacia\/wp-json\/wp\/v2\/product_cat?post=2247"},{"taxonomy":"product_tag","embeddable":true,"href":"https:\/\/www.clinicaalthea.com\/farmacia\/wp-json\/wp\/v2\/product_tag?post=2247"}],"curies":[{"name":"wp","href":"https:\/\/api.w.org\/{rel}","templated":true}]}}