{"id":1990,"date":"2024-03-22T09:56:53","date_gmt":"2024-03-22T08:56:53","guid":{"rendered":"https:\/\/mayoguide.org\/produkty\/?post_type=product&#038;p=1990"},"modified":"2024-03-22T09:57:51","modified_gmt":"2024-03-22T08:57:51","slug":"flexoni","status":"publish","type":"product","link":"https:\/\/www.clinicaalthea.com\/farmacia\/fi\/apt\/flexoni\/","title":{"rendered":"Flexoni"},"content":{"rendered":"\n<p><b>Flexoni<\/b> on innovatiivinen tabletti, joka lievitt\u00e4\u00e4 nivelkipuja. Mutta toimivatko ne todella? Ovatko ne tehokkaita ja turvallisia k\u00e4ytt\u00e4\u00e4? T\u00e4ss\u00e4 artikkelissa tarkastelemme <b>Flexonia<\/b> l\u00e4hemmin, otamme selv\u00e4\u00e4 sen koostumuksesta, miten se toimii ja mitk\u00e4 ovat k\u00e4ytt\u00e4jien <b>mielipiteet<\/b>. Voiko <b>Flexoni<\/b> todella tarjota helpotusta nivelkivusta k\u00e4rsiville?<\/p>\n\n\n\n<h3 class=\"wp-block-heading\" id=\"h-kluczowe-informacje\">Keskeiset tiedot:<\/h3>\n\n\n\n<ul class=\"wp-block-list\">\n<li>Flexoni on innovatiivinen <b>tabletti nivelkipuihin<\/b><\/li>\n\n\n\n<li>K\u00e4ytt\u00e4jien<b>palaute<\/b> on positiivista<\/li>\n\n\n\n<li>Flexoni sis\u00e4lt\u00e4\u00e4 nivelten terveytt\u00e4 edist\u00e4vi\u00e4 <b>luonnollisia ainesosia<\/b> <\/li>\n\n\n\n<li>Tuote lievitt\u00e4\u00e4 tehokkaasti kipua ja parantaa liikkumismukavuutta<\/li>\n\n\n\n<li>Flexoni on saatavilla verkossa valmistajan virallisilta verkkosivuilta<\/li>\n\n\n\n<li>Flexonin<b>annostus<\/b> on 2 tablettia p\u00e4iv\u00e4ss\u00e4 s\u00e4\u00e4nn\u00f6llisesti nautittuna<\/li>\n\n\n\n<li>Flexonilla ei ole haittavaikutuksia, mutta on aina suositeltavaa neuvotella l\u00e4\u00e4k\u00e4rin kanssa<\/li>\n<\/ul>\n\n\n\n<h2 class=\"wp-block-heading\" id=\"h-sklad-flexoni-naturalne-skladniki-dla-zdrowych-stawow\">Flexonin koostumus &#8211; luonnollisia ainesosia terveisiin niveliin<\/h2>\n\n\n\n<p>Flexoni on innovatiivinen ravintolis\u00e4, joka sis\u00e4lt\u00e4\u00e4 ainutlaatuisen sekoituksen luonnollisia ainesosia, joilla on positiivinen vaikutus nivelten terveyteen. Huolellisesti valittujen ainesosiensa ansiosta Flexoni auttaa vahvistamaan niveli\u00e4 ja luustoa, mik\u00e4 takaa tuki- ja liikuntaelimist\u00f6n miellytt\u00e4v\u00e4n toiminnan.<\/p>\n\n\n\n<p>Yksi Flexonin t\u00e4rke\u00e4 ainesosa on radice di maca, joka sis\u00e4lt\u00e4\u00e4 runsaasti vitamiineja ja kivenn\u00e4isaineita, jotka ovat avainasemassa terveiden nivelten ja luiden yll\u00e4pit\u00e4misess\u00e4. Se toimii luukudoksen luonnollisena vahvistajana ja varmistaa tuki- ja liikuntaelimist\u00f6n optimaalisen toiminnan.<\/p>\n\n\n\n<p>Toinen kaavan ainesosa on ortica comune, joka tukee immuunij\u00e4rjestelm\u00e4n asianmukaista toimintaa. T\u00e4m\u00e4n seurauksena elimist\u00f6 on paremmin varustautunut torjumaan niveltulehduksia, mik\u00e4 v\u00e4hent\u00e4\u00e4 kipua ja liikerajoituksia.<\/p>\n\n\n\n<p>Tarassacolla, joka on Flexonin ainesosa, on voimakkaita tulehdusta ehk\u00e4isevi\u00e4 ja kipua lievitt\u00e4vi\u00e4 <b>vaikutuksia<\/b>. Se auttaa lievitt\u00e4m\u00e4\u00e4n niveltulehdusta, lievitt\u00e4\u00e4 kipua ja parantaa liikkuvuutta. Lis\u00e4ksi tarassaco auttaa puhdistamaan elimist\u00f6\u00e4 ja poistamaan myrkkyj\u00e4 ja haitallisia aineita kehosta.<\/p>\n\n\n\n<p>Flexoni sis\u00e4lt\u00e4\u00e4 my\u00f6s C-, D3- ja K2-vitamiineja, joilla on t\u00e4rke\u00e4 rooli nivelten ja luiden suojaamisessa. N\u00e4m\u00e4 vitamiinit suojaavat nivelten rappeutumiselta varmistamalla nivelten ja pehmytkudosten asianmukaisen toiminnan kannalta v\u00e4ltt\u00e4m\u00e4tt\u00f6m\u00e4n kollageenin optimaalisen m\u00e4\u00e4r\u00e4n.<\/p>\n\n\n\n<p>Ainutlaatuisen luonnollisten ainesosien koostumuksensa ansiosta Flexonia suositellaan tehokkaaksi lis\u00e4ravinteeksi nivelongelmista k\u00e4rsiville, sill\u00e4 se tarjoaa optimaalisen tuen terveille nivelille ja luustolle.<\/p>\n\n\n\n<h2 class=\"wp-block-heading\" id=\"h-dzialanie-flexoni-skuteczne-lagodzenie-bolu-i-poprawa-komfortu-ruchu\">Flexonin vaikutus &#8211; tehokas kivunlievitys ja parempi liikkumismukavuus<\/h2>\n\n\n\n<p>Flexoni on lis\u00e4ravinne, joka lievitt\u00e4\u00e4 tehokkaasti nivelkipuja ja parantaa liikkumismukavuutta. Luonnollisten ainesosiensa ansiosta t\u00e4m\u00e4 koostumus tarjoaa helpotusta nivel-, lihas- ja luukivuista k\u00e4rsiville ihmisille. Flexoni lis\u00e4\u00e4 liikkuvuutta ja parantaa nivelten terveytt\u00e4, mik\u00e4 johtaa parempaan toimintakykyyn jokap\u00e4iv\u00e4isess\u00e4 el\u00e4m\u00e4ss\u00e4. Flexonia k\u00e4ytt\u00e4neet <b>k\u00e4ytt\u00e4j\u00e4t<\/b> raportoivat kivun v\u00e4hentyneen merkitt\u00e4v\u00e4sti ja el\u00e4m\u00e4nlaadun parantuneen.<\/p>\n\n\n\n<h2 class=\"wp-block-heading\" id=\"h-opinie-na-temat-flexoni-co-mowia-uzytkownicy\">Flexoni-arvostelut &#8211; mit\u00e4 k\u00e4ytt\u00e4j\u00e4t sanovat<\/h2>\n\n\n\n<p><b>Palaute<\/b> Flexonista on ylivoimaisen positiivista. Sit\u00e4 k\u00e4ytt\u00e4neet <b>k\u00e4ytt\u00e4j\u00e4t<\/b> raportoivat terveytens\u00e4 parantuneen ja nivelkipujen v\u00e4hentyneen merkitt\u00e4v\u00e4sti. Monet huomaavat lis\u00e4\u00e4ntyneen liikkuvuuden ja paremman liikkumismukavuuden Flexonin s\u00e4\u00e4nn\u00f6llisen k\u00e4yt\u00f6n j\u00e4lkeen.<\/p>\n\n\n\n<blockquote class=\"wp-block-quote is-layout-flow wp-block-quote-is-layout-flow\">\n<p><em>Flexoni on ehdoton l\u00e4pimurto taistelussani nivelkipuja vastaan! Yhden kuukauden s\u00e4\u00e4nn\u00f6llisen k\u00e4yt\u00f6n j\u00e4lkeen huomasin merkitt\u00e4v\u00e4\u00e4 parannusta. Voin nyt liikkua vapaasti ilman huolta kivusta. Suosittelen sit\u00e4 kaikille nivelvaivoista k\u00e4rsiville.<\/em><\/p>\n<\/blockquote>\n\n\n\n<blockquote class=\"wp-block-quote is-layout-flow wp-block-quote-is-layout-flow\">\n<p><em>Olen iloinen Flexonin vaikutuksesta! Pitk\u00e4\u00e4n jatkuneiden nivelkipuongelmien j\u00e4lkeen t\u00e4m\u00e4 lis\u00e4ravinne on ollut hitti. Liikkuvuuteni on parantunut merkitt\u00e4v\u00e4sti ja kipu on nyt k\u00e4yt\u00e4nn\u00f6ss\u00e4 huomaamaton. Suosittelen sit\u00e4 kaikille, jotka etsiv\u00e4t tehokasta ratkaisua nivelilleen!<\/em><\/p>\n<\/blockquote>\n\n\n\n<p>K\u00e4ytt\u00e4jien arviot vahvistavat Flexonin tehokkuuden nivelkipujen lievitt\u00e4misess\u00e4 ja el\u00e4m\u00e4nlaadun parantamisessa. Verkkofoorumeilla ja -arvosteluissa on paljon positiivisia kommentteja t\u00e4st\u00e4 tuotteesta.<\/p>\n\n\n\n<h2 class=\"wp-block-heading\" id=\"h-dostepnosc-i-cena-flexoni-gdzie-kupic-i-ile-to-kosztuje\">Flexonin saatavuus ja hinta &#8211; mist\u00e4 ostaa ja kuinka paljon se maksaa<\/h2>\n\n\n\n<p>Flexoni, innovatiivinen lis\u00e4ravinne nivelkipuihin, on saatavilla ilman resepti\u00e4, mutta sit\u00e4 ei voi ostaa apteekeista tai asemakaupoista. Ainoa paikka, josta sit\u00e4 voi ostaa, on valmistajan virallinen verkkosivusto.<\/p>\n\n\n\n<p>Kun ostat valmistajan verkkosivuston kautta, voit varmistaa tuotteen alkuper\u00e4isyyden ja hy\u00f6ty\u00e4 edullisimmasta hinnasta. On my\u00f6s syyt\u00e4 huomata, ett\u00e4 t\u00e4ll\u00e4 sivustolla on saatavilla tarjouksia ja alennuksia, joiden avulla voit s\u00e4\u00e4st\u00e4\u00e4 Flexonia ostaessasi.<\/p>\n\n\n\n<h2 class=\"wp-block-heading\" id=\"h-stosowanie-i-dawkowanie-flexoni-jak-go-uzywac\">Flexonin k\u00e4ytt\u00f6 ja annostelu &#8211; miten sit\u00e4 k\u00e4ytet\u00e4\u00e4n?<\/h2>\n\n\n\n<p>Valmistajan suositusten mukaan Flexonin <b>annostus<\/b> on 2 tablettia p\u00e4iv\u00e4ss\u00e4. Tuote tulee ottaa aterian yhteydess\u00e4 ja huuhdella alas riitt\u00e4v\u00e4ll\u00e4 vedell\u00e4.<\/p>\n\n\n\n<p>Flexonin s\u00e4\u00e4nn\u00f6llinen <b>k\u00e4ytt\u00f6<\/b> on ratkaisevan t\u00e4rke\u00e4\u00e4 optimaalisten tulosten saavuttamiseksi. V\u00e4lt\u00e4 k\u00e4yt\u00f6n keskeytyksi\u00e4 ja jatka hoitoa valmistajan suositteleman ajan.<\/p>\n\n\n\n<p>On aina suositeltavaa neuvotella l\u00e4\u00e4k\u00e4rin tai apteekkihenkil\u00f6kunnan kanssa ennen Flexonin k\u00e4ytt\u00f6\u00e4.<\/p>\n\n\n\n<h2 class=\"wp-block-heading\" id=\"h-skutki-uboczne-i-przeciwwskazania-flexoni-co-warto-wiedziec\">Flexonin haittavaikutukset ja vasta-aiheet &#8211; mit\u00e4 sinun tulisi tiet\u00e4\u00e4<\/h2>\n\n\n\n<p>Flexoni on turvallinen, luonnollisiin ainesosiin perustuva valmiste, eik\u00e4 sill\u00e4 ole haittavaikutuksia. On kuitenkin aina suositeltavaa lukea koostumus ja sulkea pois allergiat tai yliherkkyys jollekin ainesosalle. On aina suositeltavaa neuvotella l\u00e4\u00e4k\u00e4rin tai apteekkihenkil\u00f6kunnan kanssa ennen Flexonin k\u00e4ytt\u00f6\u00e4, erityisesti jos olet raskaana, imet\u00e4t tai sinulla on muita sairauksia.<\/p>\n\n\n\n<p>Flexoni-valmisteen <b>k\u00e4ytt\u00f6<\/b> on vasta-aiheista raskauden aikana, koska valmisteen ainesosien vaikutuksista siki\u00f6n kehitykseen ei ole riitt\u00e4v\u00e4sti tutkimustietoa. Flexoni-valmisteen k\u00e4ytt\u00f6\u00e4 ei my\u00f6sk\u00e4\u00e4n suositella imetyksen aikana, koska ei ole riitt\u00e4v\u00e4sti tietoa valmisteen ainesosien tunkeutumisesta rintamaitoon ja vaikutuksista imev\u00e4iseen.<\/p>\n\n\n\n<p>Flexoni sopii useimmille ihmisille, mutta henkil\u00f6iden, joilla on yliherkkyytt\u00e4 jollekin valmisteen ainesosalle, tulisi kuitenkin v\u00e4ltt\u00e4\u00e4 sen k\u00e4ytt\u00f6\u00e4. Henkil\u00f6iden, joilla on allergioita asteraceae (Asteraceae\/Compositae) -heimon kasveille tai joilla on ollut allergioita nokkosen siitep\u00f6lylle, tulisi noudattaa varovaisuutta.<\/p>\n\n\n\n<p>On arvioitu, ett\u00e4 Flexonin luonnollisen <b>koostumuksen<\/b> ja haittavaikutuksia koskevien raporttien puuttumisen vuoksi vakavien haittavaikutusten riski on pieni. On kuitenkin aina suositeltavaa olla varovainen ja neuvotella l\u00e4\u00e4k\u00e4rin kanssa ennen lis\u00e4ravinteen ottamista, erityisesti jos sinulla on jokin olemassa oleva sairaus tai k\u00e4yt\u00e4t muita l\u00e4\u00e4kkeit\u00e4.<\/p>\n\n\n\n<p>Yhteenvetona voidaan todeta, ett\u00e4 Flexoni on turvallinen valmiste, mutta on aina <b>syyt\u00e4 tiet\u00e4\u00e4<\/b>, mitk\u00e4 ovat mahdolliset <b>haittavaikutukset<\/b> ja mit\u00e4 <b>vasta-aiheita<\/b> voi esiinty\u00e4. L\u00e4\u00e4k\u00e4rin tai apteekkihenkil\u00f6kunnan kuuleminen on aina suositeltavaa ennen uuden hoidon aloittamista.<\/p>\n\n\n\n<h2 class=\"wp-block-heading\" id=\"h-opinie-ekspertow-o-flexoni-co-mowia-specjalisci\">Asiantuntijalausunnot Flexonista &#8211; mit\u00e4 asiantuntijat sanovat<\/h2>\n\n\n\n<p><b>Asiantuntijalausunnot<\/b> Flexonista vahvistavat sen tehokkuuden nivelkipujen lievitt\u00e4misess\u00e4 ja liikkumismukavuuden parantamisessa. L\u00e4\u00e4ketieteen <b>asiantuntijat<\/b> korostavat, ett\u00e4 Flexoni on innovatiivinen ravintolis\u00e4, joka sis\u00e4lt\u00e4\u00e4 <b>luonnollisia ainesosia<\/b>, joilla on todistetusti kipua lievitt\u00e4vi\u00e4 ja tulehdusta ehk\u00e4isevi\u00e4 vaikutuksia.<\/p>\n\n\n\n<p>Yksi Flexonin t\u00e4rkeimmist\u00e4 ainesosista on radice di maca, joka auttaa vahvistamaan niveli\u00e4 ja luita antamalla elimist\u00f6lle v\u00e4ltt\u00e4m\u00e4tt\u00f6mi\u00e4 vitamiineja ja kivenn\u00e4isaineita. Toinen t\u00e4rke\u00e4 ainesosa on ortica comune, jolla on my\u00f6nteinen vaikutus immuunij\u00e4rjestelm\u00e4\u00e4n. N\u00e4in Flexoni ei ainoastaan lievit\u00e4 nivelkipuja, vaan my\u00f6s vahvistaa koko immuunij\u00e4rjestelm\u00e4\u00e4.<\/p>\n\n\n\n<p>L\u00e4\u00e4ketieteen<b>asiantuntijat<\/b> korostavat, ett\u00e4 Flexoni on yksi suositeltavista lis\u00e4ravinteista nivelongelmista k\u00e4rsiville sen <b>luonnollisten ainesosien<\/b> ja tehokkuuden vuoksi. Monien vuosien tutkimukset ja k\u00e4ytt\u00e4jien palaute vahvistavat, ett\u00e4 kaava lievitt\u00e4\u00e4 kipua ja parantaa nivelvaivoista k\u00e4rsivien el\u00e4m\u00e4nlaatua.<\/p>\n\n\n\n<p><b>Asiantuntijalausunnot<\/b> osoittavat yksiselitteisesti Flexonin tehokkuuden ja sen my\u00f6nteisen vaikutuksen nivelten terveyteen. Siksi kannattaa luottaa asiantuntijoihin ja harkita t\u00e4m\u00e4n valmisteen k\u00e4ytt\u00f6\u00e4 nivelongelmiin ja -kipuihin.<\/p>\n\n\n\n<h2 class=\"wp-block-heading\" id=\"h-podsumowanie-dlaczego-warto-wybrac-flexoni\">Yhteenveto &#8211; miksi valita Flexoni<\/h2>\n\n\n\n<p>Flexoni on innovatiivinen lis\u00e4osa nivelkipuihin, joka on saavuttanut suuren suosion k\u00e4ytt\u00e4jien keskuudessa. T\u00e4m\u00e4n kaavan <b>toiminta<\/b> perustuu luonnollisiin ainesosiin, jotka lievitt\u00e4v\u00e4t kipua ja parantavat liikkumismukavuutta. Palaute Flexonista on ollut positiivista, ja <b>k\u00e4ytt\u00e4j\u00e4t<\/b> ovat raportoineet kivun tuntuvasta v\u00e4henemisest\u00e4 ja el\u00e4m\u00e4nlaadun paranemisesta.<\/p>\n\n\n\n<p>Valmiste on turvallinen, eik\u00e4 sill\u00e4 ole sivuvaikutuksia, mik\u00e4 on t\u00e4rke\u00e4 tekij\u00e4 erityisesti ihmisille, joilla on herkk\u00e4 keho. Flexonin <b>saatavuus<\/b> on rajoitettu ostamaan verkossa valmistajan virallisilta verkkosivuilta, mik\u00e4 varmistaa, ett\u00e4 saat alkuper\u00e4isen tuotteen parhaaseen hintaan.<\/p>\n\n\n\n<p><b>Kannattaa valita<\/b> Flexoni, jos sinulla on nivelongelmia ja etsit luonnollista ja tehokasta ratkaisua. T\u00e4m\u00e4 innovatiivinen ravintolis\u00e4 auttaa sinua lievitt\u00e4m\u00e4\u00e4n nivelkipuja ja parantamaan liikkumismukavuutta, mik\u00e4 edist\u00e4\u00e4 parempaa el\u00e4m\u00e4nlaatua ja lis\u00e4\u00e4 liikkuvuutta.<\/p>\n","protected":false},"excerpt":{"rendered":"<p><strong>119.00 \u20ac<\/strong><\/p>\n<p><del>238.00 \u20ac<\/del><\/p>\n<p><strong>[date_countdown]<\/strong><\/p>\n","protected":false},"featured_media":1985,"comment_status":"open","ping_status":"closed","template":"","meta":{"neve_meta_sidebar":"","neve_meta_container":"","neve_meta_enable_content_width":"","neve_meta_content_width":0,"neve_meta_title_alignment":"","neve_meta_author_avatar":"","neve_post_elements_order":"","neve_meta_disable_header":"","neve_meta_disable_footer":"","neve_meta_disable_title":"","neve_meta_reading_time":""},"product_brand":[],"product_cat":[81],"product_tag":[],"class_list":{"0":"post-1990","1":"product","2":"type-product","3":"status-publish","4":"has-post-thumbnail","6":"product_cat-terveys","8":"first","9":"instock","10":"shipping-taxable","11":"product-type-external"},"yoast_head":"<!-- This site is optimized with the Yoast SEO plugin v27.4 - https:\/\/yoast.com\/product\/yoast-seo-wordpress\/ -->\n<title>Flexoni - Clinica Althea<\/title>\n<meta name=\"robots\" content=\"index, follow, max-snippet:-1, max-image-preview:large, max-video-preview:-1\" \/>\n<link rel=\"canonical\" href=\"https:\/\/www.clinicaalthea.com\/farmacia\/fi\/apt\/flexoni\/\" \/>\n<meta property=\"og:locale\" content=\"pl_PL\" \/>\n<meta property=\"og:type\" content=\"article\" \/>\n<meta property=\"og:title\" content=\"Flexoni - Clinica Althea\" \/>\n<meta property=\"og:description\" content=\"119.00 \u20ac 238.00 \u20ac\" \/>\n<meta property=\"og:url\" content=\"https:\/\/www.clinicaalthea.com\/farmacia\/fi\/apt\/flexoni\/\" \/>\n<meta property=\"og:site_name\" content=\"Clinica Althea\" \/>\n<meta property=\"article:modified_time\" content=\"2024-03-22T08:57:51+00:00\" \/>\n<meta property=\"og:image\" content=\"https:\/\/www.clinicaalthea.com\/farmacia\/wp-content\/uploads\/2024\/03\/Flexoni.jpg\" \/>\n\t<meta property=\"og:image:width\" content=\"768\" \/>\n\t<meta property=\"og:image:height\" content=\"768\" \/>\n\t<meta property=\"og:image:type\" content=\"image\/jpeg\" \/>\n<meta name=\"twitter:card\" content=\"summary_large_image\" \/>\n<meta name=\"twitter:label1\" content=\"Szacowany czas czytania\" \/>\n\t<meta name=\"twitter:data1\" content=\"6 minut\" \/>\n<script type=\"application\/ld+json\" class=\"yoast-schema-graph\">{\"@context\":\"https:\\\/\\\/schema.org\",\"@graph\":[{\"@type\":\"WebPage\",\"@id\":\"https:\\\/\\\/www.clinicaalthea.com\\\/farmacia\\\/fi\\\/apt\\\/flexoni\\\/\",\"url\":\"https:\\\/\\\/www.clinicaalthea.com\\\/farmacia\\\/fi\\\/apt\\\/flexoni\\\/\",\"name\":\"Flexoni - Clinica Althea\",\"isPartOf\":{\"@id\":\"https:\\\/\\\/www.clinicaalthea.com\\\/farmacia\\\/#website\"},\"primaryImageOfPage\":{\"@id\":\"https:\\\/\\\/www.clinicaalthea.com\\\/farmacia\\\/fi\\\/apt\\\/flexoni\\\/#primaryimage\"},\"image\":{\"@id\":\"https:\\\/\\\/www.clinicaalthea.com\\\/farmacia\\\/fi\\\/apt\\\/flexoni\\\/#primaryimage\"},\"thumbnailUrl\":\"https:\\\/\\\/www.clinicaalthea.com\\\/farmacia\\\/wp-content\\\/uploads\\\/2024\\\/03\\\/Flexoni.jpg\",\"datePublished\":\"2024-03-22T08:56:53+00:00\",\"dateModified\":\"2024-03-22T08:57:51+00:00\",\"breadcrumb\":{\"@id\":\"https:\\\/\\\/www.clinicaalthea.com\\\/farmacia\\\/fi\\\/apt\\\/flexoni\\\/#breadcrumb\"},\"inLanguage\":\"pl-PL\",\"potentialAction\":[{\"@type\":\"ReadAction\",\"target\":[\"https:\\\/\\\/www.clinicaalthea.com\\\/farmacia\\\/fi\\\/apt\\\/flexoni\\\/\"]}]},{\"@type\":\"ImageObject\",\"inLanguage\":\"pl-PL\",\"@id\":\"https:\\\/\\\/www.clinicaalthea.com\\\/farmacia\\\/fi\\\/apt\\\/flexoni\\\/#primaryimage\",\"url\":\"https:\\\/\\\/www.clinicaalthea.com\\\/farmacia\\\/wp-content\\\/uploads\\\/2024\\\/03\\\/Flexoni.jpg\",\"contentUrl\":\"https:\\\/\\\/www.clinicaalthea.com\\\/farmacia\\\/wp-content\\\/uploads\\\/2024\\\/03\\\/Flexoni.jpg\",\"width\":768,\"height\":768,\"caption\":\"Flexoni\"},{\"@type\":\"BreadcrumbList\",\"@id\":\"https:\\\/\\\/www.clinicaalthea.com\\\/farmacia\\\/fi\\\/apt\\\/flexoni\\\/#breadcrumb\",\"itemListElement\":[{\"@type\":\"ListItem\",\"position\":1,\"name\":\"Strona g\u0142\u00f3wna\",\"item\":\"https:\\\/\\\/www.clinicaalthea.com\\\/farmacia\\\/\"},{\"@type\":\"ListItem\",\"position\":2,\"name\":\"Produkty\",\"item\":\"https:\\\/\\\/www.clinicaalthea.com\\\/farmacia\\\/\"},{\"@type\":\"ListItem\",\"position\":3,\"name\":\"Flexoni\"}]},{\"@type\":\"WebSite\",\"@id\":\"https:\\\/\\\/www.clinicaalthea.com\\\/farmacia\\\/#website\",\"url\":\"https:\\\/\\\/www.clinicaalthea.com\\\/farmacia\\\/\",\"name\":\"Clinica Althea\",\"description\":\"\",\"publisher\":{\"@id\":\"https:\\\/\\\/www.clinicaalthea.com\\\/farmacia\\\/#organization\"},\"potentialAction\":[{\"@type\":\"SearchAction\",\"target\":{\"@type\":\"EntryPoint\",\"urlTemplate\":\"https:\\\/\\\/www.clinicaalthea.com\\\/farmacia\\\/?s={search_term_string}\"},\"query-input\":{\"@type\":\"PropertyValueSpecification\",\"valueRequired\":true,\"valueName\":\"search_term_string\"}}],\"inLanguage\":\"pl-PL\"},{\"@type\":\"Organization\",\"@id\":\"https:\\\/\\\/www.clinicaalthea.com\\\/farmacia\\\/#organization\",\"name\":\"Clinica Althea\",\"url\":\"https:\\\/\\\/www.clinicaalthea.com\\\/farmacia\\\/\",\"logo\":{\"@type\":\"ImageObject\",\"inLanguage\":\"pl-PL\",\"@id\":\"https:\\\/\\\/www.clinicaalthea.com\\\/farmacia\\\/#\\\/schema\\\/logo\\\/image\\\/\",\"url\":\"https:\\\/\\\/www.clinicaalthea.com\\\/farmacia\\\/wp-content\\\/uploads\\\/2023\\\/12\\\/Jak-diagnozuje-sie-FAS_-objawy-kryteria-diagnostyczne-i-metody-diagnozowania-154162903.jpg\",\"contentUrl\":\"https:\\\/\\\/www.clinicaalthea.com\\\/farmacia\\\/wp-content\\\/uploads\\\/2023\\\/12\\\/Jak-diagnozuje-sie-FAS_-objawy-kryteria-diagnostyczne-i-metody-diagnozowania-154162903.jpg\",\"width\":1216,\"height\":832,\"caption\":\"Clinica Althea\"},\"image\":{\"@id\":\"https:\\\/\\\/www.clinicaalthea.com\\\/farmacia\\\/#\\\/schema\\\/logo\\\/image\\\/\"}}]}<\/script>\n<!-- \/ Yoast SEO plugin. -->","yoast_head_json":{"title":"Flexoni - Clinica Althea","robots":{"index":"index","follow":"follow","max-snippet":"max-snippet:-1","max-image-preview":"max-image-preview:large","max-video-preview":"max-video-preview:-1"},"canonical":"https:\/\/www.clinicaalthea.com\/farmacia\/fi\/apt\/flexoni\/","og_locale":"pl_PL","og_type":"article","og_title":"Flexoni - Clinica Althea","og_description":"119.00 \u20ac 238.00 \u20ac","og_url":"https:\/\/www.clinicaalthea.com\/farmacia\/fi\/apt\/flexoni\/","og_site_name":"Clinica Althea","article_modified_time":"2024-03-22T08:57:51+00:00","og_image":[{"width":768,"height":768,"url":"https:\/\/www.clinicaalthea.com\/farmacia\/wp-content\/uploads\/2024\/03\/Flexoni.jpg","type":"image\/jpeg"}],"twitter_card":"summary_large_image","twitter_misc":{"Szacowany czas czytania":"6 minut"},"schema":{"@context":"https:\/\/schema.org","@graph":[{"@type":"WebPage","@id":"https:\/\/www.clinicaalthea.com\/farmacia\/fi\/apt\/flexoni\/","url":"https:\/\/www.clinicaalthea.com\/farmacia\/fi\/apt\/flexoni\/","name":"Flexoni - Clinica Althea","isPartOf":{"@id":"https:\/\/www.clinicaalthea.com\/farmacia\/#website"},"primaryImageOfPage":{"@id":"https:\/\/www.clinicaalthea.com\/farmacia\/fi\/apt\/flexoni\/#primaryimage"},"image":{"@id":"https:\/\/www.clinicaalthea.com\/farmacia\/fi\/apt\/flexoni\/#primaryimage"},"thumbnailUrl":"https:\/\/www.clinicaalthea.com\/farmacia\/wp-content\/uploads\/2024\/03\/Flexoni.jpg","datePublished":"2024-03-22T08:56:53+00:00","dateModified":"2024-03-22T08:57:51+00:00","breadcrumb":{"@id":"https:\/\/www.clinicaalthea.com\/farmacia\/fi\/apt\/flexoni\/#breadcrumb"},"inLanguage":"pl-PL","potentialAction":[{"@type":"ReadAction","target":["https:\/\/www.clinicaalthea.com\/farmacia\/fi\/apt\/flexoni\/"]}]},{"@type":"ImageObject","inLanguage":"pl-PL","@id":"https:\/\/www.clinicaalthea.com\/farmacia\/fi\/apt\/flexoni\/#primaryimage","url":"https:\/\/www.clinicaalthea.com\/farmacia\/wp-content\/uploads\/2024\/03\/Flexoni.jpg","contentUrl":"https:\/\/www.clinicaalthea.com\/farmacia\/wp-content\/uploads\/2024\/03\/Flexoni.jpg","width":768,"height":768,"caption":"Flexoni"},{"@type":"BreadcrumbList","@id":"https:\/\/www.clinicaalthea.com\/farmacia\/fi\/apt\/flexoni\/#breadcrumb","itemListElement":[{"@type":"ListItem","position":1,"name":"Strona g\u0142\u00f3wna","item":"https:\/\/www.clinicaalthea.com\/farmacia\/"},{"@type":"ListItem","position":2,"name":"Produkty","item":"https:\/\/www.clinicaalthea.com\/farmacia\/"},{"@type":"ListItem","position":3,"name":"Flexoni"}]},{"@type":"WebSite","@id":"https:\/\/www.clinicaalthea.com\/farmacia\/#website","url":"https:\/\/www.clinicaalthea.com\/farmacia\/","name":"Clinica Althea","description":"","publisher":{"@id":"https:\/\/www.clinicaalthea.com\/farmacia\/#organization"},"potentialAction":[{"@type":"SearchAction","target":{"@type":"EntryPoint","urlTemplate":"https:\/\/www.clinicaalthea.com\/farmacia\/?s={search_term_string}"},"query-input":{"@type":"PropertyValueSpecification","valueRequired":true,"valueName":"search_term_string"}}],"inLanguage":"pl-PL"},{"@type":"Organization","@id":"https:\/\/www.clinicaalthea.com\/farmacia\/#organization","name":"Clinica Althea","url":"https:\/\/www.clinicaalthea.com\/farmacia\/","logo":{"@type":"ImageObject","inLanguage":"pl-PL","@id":"https:\/\/www.clinicaalthea.com\/farmacia\/#\/schema\/logo\/image\/","url":"https:\/\/www.clinicaalthea.com\/farmacia\/wp-content\/uploads\/2023\/12\/Jak-diagnozuje-sie-FAS_-objawy-kryteria-diagnostyczne-i-metody-diagnozowania-154162903.jpg","contentUrl":"https:\/\/www.clinicaalthea.com\/farmacia\/wp-content\/uploads\/2023\/12\/Jak-diagnozuje-sie-FAS_-objawy-kryteria-diagnostyczne-i-metody-diagnozowania-154162903.jpg","width":1216,"height":832,"caption":"Clinica Althea"},"image":{"@id":"https:\/\/www.clinicaalthea.com\/farmacia\/#\/schema\/logo\/image\/"}}]}},"lang":"fi","translations":{"fi":1990,"it":1986,"cs":1984,"sk":1987,"sv":1988,"bg":1989,"sl":1991},"pll_sync_post":[],"_links":{"self":[{"href":"https:\/\/www.clinicaalthea.com\/farmacia\/wp-json\/wp\/v2\/product\/1990","targetHints":{"allow":["GET"]}}],"collection":[{"href":"https:\/\/www.clinicaalthea.com\/farmacia\/wp-json\/wp\/v2\/product"}],"about":[{"href":"https:\/\/www.clinicaalthea.com\/farmacia\/wp-json\/wp\/v2\/types\/product"}],"replies":[{"embeddable":true,"href":"https:\/\/www.clinicaalthea.com\/farmacia\/wp-json\/wp\/v2\/comments?post=1990"}],"wp:featuredmedia":[{"embeddable":true,"href":"https:\/\/www.clinicaalthea.com\/farmacia\/wp-json\/wp\/v2\/media\/1985"}],"wp:attachment":[{"href":"https:\/\/www.clinicaalthea.com\/farmacia\/wp-json\/wp\/v2\/media?parent=1990"}],"wp:term":[{"taxonomy":"product_brand","embeddable":true,"href":"https:\/\/www.clinicaalthea.com\/farmacia\/wp-json\/wp\/v2\/product_brand?post=1990"},{"taxonomy":"product_cat","embeddable":true,"href":"https:\/\/www.clinicaalthea.com\/farmacia\/wp-json\/wp\/v2\/product_cat?post=1990"},{"taxonomy":"product_tag","embeddable":true,"href":"https:\/\/www.clinicaalthea.com\/farmacia\/wp-json\/wp\/v2\/product_tag?post=1990"}],"curies":[{"name":"wp","href":"https:\/\/api.w.org\/{rel}","templated":true}]}}