{"id":10365,"date":"2024-09-09T15:18:02","date_gmt":"2024-09-09T14:18:02","guid":{"rendered":"https:\/\/mayoguide.org\/produkty\/?post_type=product&#038;p=10365"},"modified":"2024-09-09T15:20:01","modified_gmt":"2024-09-09T14:20:01","slug":"viarex","status":"publish","type":"product","link":"https:\/\/www.clinicaalthea.com\/farmacia\/lt\/apt\/viarex\/","title":{"rendered":"Viarex"},"content":{"rendered":"<h2 class=\"wp-block-heading\">Kas yra &#8220;Viarex&#8221; ir kaip jis veikia?<\/h2>\n\n\n<p>&#8220;<b>Viarex&#8221;<\/b> yra <em>maisto papildas,<\/em> skirtas vyrams, turintiems seksualin\u0117s sveikatos problem\u0173, toki\u0173 kaip ma\u017eas lytinis potraukis, sunkumai pasiekti erekcij\u0105 ir ma\u017eas fizinis paj\u0117gumas. <em>Viarex veikimas<\/em> pagr\u012fstas unikaliu veikli\u0173j\u0173 med\u017eiag\u0173, palaikan\u010di\u0173 nat\u016bralius organizmo procesus, deriniu.<\/p>\n\n\n<p>&#8221; <b>Viarex&#8221;<\/b> sud\u0117tyje yra <b>Mace<\/b> (Tribulus terrestris), kuris skatina testosterono gamyb\u0105, didindamas liuteinizuojan\u010dio hormono (LH) sekrecij\u0105. Vertinga sudedamoji dalis <b>cinkas<\/b> prisideda prie odos, plauk\u0173 ir nag\u0173 b\u016bkl\u0117s ir palaiko imunin\u0119 sistem\u0105. Viarex sud\u0117tyje esantis <b>L-argininas<\/b> gerina kraujotak\u0105, tod\u0117l geriau pasiekiama erekcija ir did\u0117ja raumen\u0173 mas\u0117.<\/p>\n\n\n<p>\u017den\u0161enio ekstraktas taip pat palaiko gyvybingum\u0105, energij\u0105 ir imunin\u0117s sistemos funkcij\u0105. Apskritai &#8220;Viarex&#8221; palaiko vyr\u0173 <b>seksualin\u0119 sveikat\u0105<\/b> ir gerina j\u0173 bendr\u0105 fizin\u0119 b\u016bkl\u0119, o tai rei\u0161kia geresn\u0119 savijaut\u0105. Reguliarus \u0161io papildo vartojimas gali sukelti pastebim\u0105 poveik\u012f, \u012fskaitant padid\u0117jus\u012f lytin\u012f potrauk\u012f ir pager\u0117jusi\u0105 erekcij\u0105.<\/p>\n\n\n<h2 class=\"wp-block-heading\">&#8220;Viarex&#8221; &#8211; poveikis<\/h2>\n\n\n<p><b>&#8220;Viarex&#8221; vartojimas<\/b> turi tam tikr\u0105 <em>poveik\u012f<\/em> <b>lytinei sveikatai<\/b>. Reguliariai vartojant preparat\u0105, pastebimas ry\u0161kus <em>erekcijos pager\u0117jimas<\/em> ir <em>padid\u0117j\u0119s lytinis potraukis<\/em>, o tai labai prisideda prie intymaus gyvenimo kokyb\u0117s. Pagrindin\u0117s \u0161io papildo sudedamosios dalys, tokios kaip karali\u0161kasis melionas ir <b>L-argininas<\/b>, palaiko azoto oksido gamyb\u0105, kuris savo ruo\u017etu padidina kraujo tek\u0117jim\u0105 \u012f lytinius organus, tod\u0117l lengviau pasiekti ir i\u0161laikyti erekcij\u0105.<\/p>\n\n\n<p>Tyrimai rodo &#8220;Viarex&#8221; vartojimo <em>naud\u0105 sveikatai<\/em>. Reguliarus kapsuli\u0173 vartojimas palaiko testosterono gamyb\u0105, kuris didina energij\u0105 ir gyvybingum\u0105. Papildas taip pat prisideda prie vyr\u0173 seksualin\u0117s funkcijos gerinimo, o tai gali b\u016bti ypa\u010d naudinga tiems, kurie patiria su am\u017eiumi susijusi\u0173 poky\u010di\u0173.<\/p>\n\n\n\n<ul class=\"wp-block-list\">\n<li><strong>Erekcijos<\/strong> ir lytinio gyvenimo kokyb\u0117s<strong>gerinimas<\/strong> <\/li>\n\n\n\n<li><strong>Padid\u0117j\u0119s lytinis potraukis<\/strong>, kuris skatina intymius santykius<\/li>\n\n\n\n<li><strong>Testosterono gamybos<\/strong> ir didesn\u0117s energijos<strong>palaikymas<\/strong> <\/li>\n\n\n\n<li><strong>Sveikatos nauda d\u0117l<\/strong> atsigavimo ir geresnio fizinio paj\u0117gumo<\/li>\n<\/ul>\n\n\n<p>Apibendrinant galima teigti, kad <b>&#8220;Viarex&#8221; poveikis<\/b> gali labai pakeisti ne tik lytin\u012f gyvenim\u0105, bet ir bendr\u0105 savijaut\u0105. Poky\u010dius galima pasteb\u0117ti jau po keli\u0173 savai\u010di\u0173 reguliaraus vartojimo, tod\u0117l \u0161is papildas yra patrauklus pasirinkimas vyrams, norintiems pagerinti savo intym\u0173 gyvenim\u0105.<\/p>\n\n\n<h2 class=\"wp-block-heading\">Kaip naudoti &#8220;Viarex&#8221;? &#8211; Dozavimas<\/h2>\n\n\n<p><b>&#8220;Viarex&#8221; naudojimas<\/b> yra paprastas, o <b>dozavimas<\/b> buvo kruop\u0161\u010diai sukurtas siekiant u\u017etikrinti optimalius rezultatus. Standartin\u0117 <b>doz\u0117<\/b> yra dvi kapsul\u0117s per dien\u0105 &#8211; viena ryte ir viena vakare. Svarbu jas u\u017egerti dideliu kiekiu vandens, kad b\u016bt\u0173 lengviau \u012fsisavinamos.<\/p>\n\n\n<p>Siekiant geriausi\u0173 rezultat\u0173, rekomenduojama t\u0119sti Viarex vartojim\u0105 bent 30 dien\u0173. Daugelis \u017emoni\u0173, reguliariai vartodami kapsules, pastebi, kad labai pager\u0117jo j\u0173 seksualinio gyvenimo kokyb\u0117. <em>Vartojimo instrukcijoje<\/em> pabr\u0117\u017eiama, kad svarbu reguliariai vartoti produkt\u0105, nes tai gali tur\u0117ti \u012ftakos galutiniam rezultatui.<\/p>\n\n\n<p>Viarex skirtas tik suaugusiems vyrams, tod\u0117l jaunesni nei 18 met\u0173 asmenys tur\u0117t\u0173 vengti j\u012f vartoti. Prie\u0161 pradedant vartoti maisto papild\u0173 patartina pasitarti su gydytoju, ypa\u010d jei vartojate kit\u0173 vaist\u0173 arba turite sveikatos sutrikim\u0173.<\/p>\n\n\n<figure class=\"wp-block-table\"><table><tbody><tr><th>Rekomenduojama doz\u0117<\/th><th>Parai\u0161kos pateikimo laikas<\/th><th>Kontraindikacijos<\/th><\/tr><tr><td>2 kapsul\u0117s per dien\u0105 (1 ryte ir 1 vakare)<\/td><td>Ne ma\u017eiau kaip 30 dien\u0173<\/td><td>Sudedam\u0173j\u0173 dali\u0173 netoleravimas, jaunesnis nei 18 met\u0173 am\u017eius, \u0161irdies, inkst\u0173 ir kepen\u0173 nepakankamumas<\/td><\/tr><\/tbody><\/table><\/figure>\n\n\n<p>Nepamir\u0161kite visada perskaityti pakuot\u0117s lapel\u012f. Tai pad\u0117s Jums i\u0161vengti galim\u0173 problem\u0173 ir pasiekti norim\u0173 Viarex rezultat\u0173.<\/p>\n\n\n<h2 class=\"wp-block-heading\">Viarex &#8211; Nuomon\u0117s ir atsiliepimai, Forumas<\/h2>\n\n\n<p>&#8220;Viarex&#8221; tampa vis populiaresnis tarp vartotoj\u0173, o <b>&#8220;Viarex&#8221; atsiliepimai<\/b> Lenkijos sveikatos forumuose yra labai teigiami. Klientai noriai dalijasi savo <em>naudotoj\u0173 patirtimi<\/em>, nurodydami, kad produktas padeda pagerinti fizin\u0119 b\u016bkl\u0119 ir lytin\u012f gyvenim\u0105. Daugelyje atsiliepim\u0173 pabr\u0117\u017eiamas Viarex veiksmingumas, pa\u017eymint nat\u016brali\u0105 sud\u0117t\u012f, kuri \u012fkvepia j\u0173 pasitik\u0117jim\u0105.<\/p>\n\n\n<p>Daugelis keturiasde\u0161imtme\u010di\u0173-septyniasde\u0161imtme\u010di\u0173 vyr\u0173 susiduria su erekcijos problemomis. Tod\u0117l Viarex sulaukia daugyb\u0117s teigiam\u0173 rekomendacij\u0173. Vartotojai <b>forume<\/b> da\u017enai mini libido ir erekcijos kokyb\u0117s pager\u0117jim\u0105 po \u0161io papildo naudojimo. Pavyzd\u017eiuose teiginiuose kalbama apie <strong>pastebim\u0105 pager\u0117jim\u0105<\/strong>, kuris rodo didel\u012f produkto veiksmingum\u0105.<\/p>\n\n\n\n<blockquote class=\"wp-block-quote is-layout-flow wp-block-quote-is-layout-flow\"><p>&#8220;Viarex&#8221; naudoju jau kelias savaites ir pasteb\u0117jau \u017eym\u0173 pager\u0117jim\u0105. Rekomenduo\u010diau j\u012f visiems, turintiems pana\u0161i\u0173 problem\u0173.&#8221;<\/p>\n<\/blockquote>\n\n\n<p>Vartotoj\u0173 d\u0117mes\u012f patraukia tokios sudedamosios dalys, kaip <b>mace<\/b>, <b>cinkas<\/b>, L-argininas ir \u017een\u0161enio ekstraktas, kurios atlieka pagrindin\u012f vaidmen\u012f. B\u016btent d\u0117l \u0161i\u0173 nat\u016brali\u0173 med\u017eiag\u0173 Viarex peln\u0117 vartotoj\u0173 pripa\u017einim\u0105, kuris atsispindi ir <b>atsiliepimuose<\/b>. Galima pasteb\u0117ti, kad ^&gt;Daug \u017emoni\u0173 vertina \u0161i\u0105 seksualin\u0117s sveikatos palaikymo form\u0105.<\/p>\n\n\n<figure class=\"wp-block-table\"><table><tbody><tr><th>Aspektas<\/th><th>Vertinimas<\/th><\/tr><tr><td>Efektyvumas<\/td><td>4.8\/5<\/td><\/tr><tr><td>Apsauga<\/td><td>4.7\/5<\/td><\/tr><tr><td>Lengva naudoti<\/td><td>4.6\/5<\/td><\/tr><tr><td>Nat\u016brali sud\u0117tis<\/td><td>4.9\/5<\/td><\/tr><\/tbody><\/table><\/figure>\n\n\n<p>Verta i\u0161nagrin\u0117ti <b>&#8220;Viarex&#8221; atsiliepimus<\/b> forumuose ir ie\u0161koti savo patirties, kad gal\u0117tum\u0117te nuspr\u0119sti d\u0117l tinkamo papildymo. Kaip matyti i\u0161 <b>atsiliepim\u0173<\/b>, daugelis naudotoj\u0173 nustat\u0117, kad Viarex yra veiksminga parama j\u0173 sveikatos problemoms spr\u0119sti. Tai geras \u017eingsnis gyvenimo kokyb\u0117s ir seksualin\u0117s sveikatos gerinimo link.<\/p>\n\n\n<h2 class=\"wp-block-heading\">Viarex &#8211; Sud\u0117tis &#8211; Sudedam\u0173j\u0173 dali\u0173 analiz\u0117<\/h2>\n\n\n<p><b>&#8220;Viarex&#8221; sud\u0117tyje yra<\/b> kruop\u0161\u010diai atrinkt\u0173 nat\u016brali\u0173 ingredient\u0173, kurie palaiko vyr\u0173 seksualin\u0119 sveikat\u0105, derinys. Pagrindin\u0117 sudedamoji dalis yra <em>Mace<\/em> (Tribulus terrestris <em>)<\/em>, \u017einomas d\u0117l savo libido ir darbingum\u0105 didinan\u010di\u0173 savybi\u0173. <em>L-argininas<\/em>, kuris yra aminor\u016bg\u0161tis, atlieka svarb\u0173 vaidmen\u012f gaminant azoto oksid\u0105, palankiai veikiant\u012f kraujotak\u0105, taigi ir lytin\u0119 funkcij\u0105. Be to, <em>cinkas<\/em> yra b\u016btinas mineralas hormon\u0173 funkcijoms reguliuoti ir imuninei sistemai stiprinti.<\/p>\n\n\n<p>&#8220;Viarex&#8221; sud\u0117tyje taip pat yra <em>\u017een\u0161enio,<\/em> kuris pasi\u017eymi adaptogeniniu poveikiu, didinan\u010diu gyvybingum\u0105 ir energijos lyg\u012f. D\u0117l \u0161i\u0173 sudedam\u0173j\u0173 dali\u0173 sinerginio poveikio preparatas ne tik pagerina lytinio gyvenimo kokyb\u0119, bet ir daro \u012ftak\u0105 bendrai organizmo b\u016bklei.<\/p>\n\n\n<figure class=\"wp-block-table\"><table><tbody><tr><th>Komponentas<\/th><th>Funkcija<\/th><th>Privalumai<\/th><\/tr><tr><td>Mace<\/td><td>Palaiko testosterono gamyb\u0105<\/td><td>Pager\u0117j\u0119s lytinis potraukis ir seksualinis paj\u0117gumas<\/td><\/tr><tr><td>L-argininas<\/td><td>Azoto oksido gamyba<\/td><td>Geresn\u0117 kraujotaka<\/td><\/tr><tr><td>Cinkas<\/td><td>Endokrinin\u0117s funkcijos reguliavimas<\/td><td>Imuniteto stiprinimas<\/td><\/tr><tr><td><b>\u017den\u0161enis<\/b><\/td><td>Adaptogeninis poveikis<\/td><td>Padidinti energijos ir gyvybingumo lyg\u012f<\/td><\/tr><\/tbody><\/table><\/figure>\n\n\n<p><b>Sudedam\u0173j\u0173 dali\u0173 analiz\u0117<\/b> rodo, kad &#8220;Viarex&#8221;, kaip nat\u016bralios vyr\u0173 sveikatos palaikymo priemon\u0117s, kokyb\u0117 ir veiksmingumas yra auk\u0161ti. D\u0117l savo unikalios sud\u0117ties \u0161i formul\u0117 gali duoti ap\u010diuopiamos naudos tiems, kurie nori pagerinti savo savijaut\u0105 ir seksualin\u012f gyvenim\u0105.<\/p>\n\n\n<h2 class=\"wp-block-heading\">Kur \u012fsigyti ir kokia yra Viarex kaina?<\/h2>\n\n\n<p>Viarex daugiausia galima \u012fsigyti <em>oficialioje gamintojo svetain\u0117je,<\/em> kuri u\u017etikrina produkto originalum\u0105 ir geriausias pirkimo s\u0105lygas. Papildas n\u0117ra prieinamas stacionariose vaistin\u0117se ar pardavimo platformose, o tai pabr\u0117\u017eia jo unikalum\u0105. Vartotojams labai svarbu i\u0161siai\u0161kinti, <em>kur \u012fsigyti Viarex,<\/em> kad i\u0161vengt\u0173 neoriginali\u0173 produkt\u0173, kurie gali nepateisinti l\u016bkes\u010di\u0173.<\/p>\n\n\n<p>Dabartinei <em>&#8220;Viarex&#8221; kainai<\/em> taikoma -50 % nuolaida. Verta pa\u017eym\u0117ti, kad kainos gali kisti priklausomai nuo \u0161iuo metu vykstan\u010di\u0173 akcij\u0173 ir prieinamumo, tod\u0117l verta reguliariai tikrinti pasi\u016blym\u0105 oficialioje svetain\u0117je. Pirkdami Viarex internetu garantuojame ne tik originalum\u0105, bet ir patogum\u0105 bei galimyb\u0119 pristatyti \u012f bet kuri\u0105 Lenkijos viet\u0105.<\/p>\n\n\n<p>Renkantis pirkti verta laikytis keli\u0173 taisykli\u0173:<\/p>\n\n\n\n<ul class=\"wp-block-list\">\n<li>Venkite \u012ftartin\u0173 \u0161altini\u0173, kurie gali si\u016blyti neoriginalius produktus.<\/li>\n\n\n\n<li>Patikrinkite kit\u0173 naudotoj\u0173 atsiliepimus, kad su\u017einotum\u0117te apie papild\u0173 <em>prieinamum\u0105<\/em> ir kokyb\u0119.<\/li>\n\n\n\n<li>Atid\u017eiai perskaitykite informacij\u0105 oficialioje gamintojo svetain\u0117je, kad nepraleistum\u0117te joki\u0173 akcij\u0173.<\/li>\n<\/ul>\n\n\n<p>Pasirinkti &#8220;Viarex&#8221; kaip nat\u016bral\u0173 potencijos papild\u0105 yra sprendimas, kuris gali tur\u0117ti daug naudos seksualinei sveikatai, o jo saugus poveikis ir teigiami klient\u0173 atsiliepimai prisideda prie did\u0117jan\u010dio susidom\u0117jimo \u0161iuo produktu.<\/p>\n\n\n<h2 class=\"wp-block-heading\">Viarex &#8211; Galimas \u0161alutinis poveikis ir vartojimo kontraindikacijos<\/h2>\n\n\n<p>&#8220;Viarex&#8221; d\u0117l <strong>nat\u016brali\u0173 ingredient\u0173<\/strong> naudojimo gerokai suma\u017eina sunkaus <strong>\u0161alutinio poveikio<\/strong> rizik\u0105. Tai produktas, kuriuo siekiama pagerinti seksualin\u0119 sveikat\u0105, ta\u010diau prie\u0161 pradedant gydym\u0105 patartina pasitarti su gydytoju, ypa\u010d jei yra alergija jo sud\u0117tyje esan\u010dioms sudedamosioms dalims arba jei pacientas vartoja kitus vaistus. D\u0117l akivaizd\u017ei\u0173 prie\u017eas\u010di\u0173 maisto papild\u0173 <strong>saugumas<\/strong> yra labai svarbus vartotoj\u0173 sveikatai ir komfortui.<\/p>\n\n\n<p>Galimas \u0161alutinis poveikis gali b\u016bti alergin\u0117s reakcijos ir lengvas skrand\u017eio diskomfortas. Reik\u0117t\u0173 pa\u017eym\u0117ti, kad jie yra reti ir paprastai lengvi. Siekiant i\u0161vengti sveikatos komplikacij\u0173, taip pat verta perskaityti preparato informacin\u012f lapel\u012f, kad \u017einotum\u0117te apie galimas <strong>kontraindikacijas<\/strong>. Da\u017eniausios kontraindikacijos yra padid\u0117j\u0119s jautrumas sudedamosioms dalims, \u0161irdies sutrikimai ir n\u0117\u0161tumas bei \u017eindymas.<\/p>\n\n\n<p>Naudojant Viarex, verta nepamir\u0161ti, kad j\u012f reikia naudoti reguliariai ir taip, kaip nurodyta. Laikydamiesi gamintojo nurodym\u0173 ir \u017einodami apie galim\u0105 <strong>\u0161alutin\u012f poveik\u012f<\/strong>, gal\u0117site pasiekti norim\u0173 rezultat\u0173 be nereikalingo pavojaus sveikatai.<\/p>\n","protected":false},"excerpt":{"rendered":"<p><strong>39.00 \u20ac<\/strong><\/p>\n<p><del>78.00 \u20ac<\/del><\/p>\n<p><strong>[date_countdown]<\/strong><\/p>\n","protected":false},"featured_media":10349,"comment_status":"open","ping_status":"closed","template":"","meta":{"neve_meta_sidebar":"","neve_meta_container":"","neve_meta_enable_content_width":"","neve_meta_content_width":0,"neve_meta_title_alignment":"","neve_meta_author_avatar":"","neve_post_elements_order":"","neve_meta_disable_header":"","neve_meta_disable_footer":"","neve_meta_disable_title":"","neve_meta_reading_time":""},"product_brand":[],"product_cat":[371],"product_tag":[],"class_list":{"0":"post-10365","1":"product","2":"type-product","3":"status-publish","4":"has-post-thumbnail","6":"product_cat-seksualine-sveikata","8":"first","9":"instock","10":"shipping-taxable","11":"product-type-external"},"yoast_head":"<!-- This site is optimized with the Yoast SEO plugin v27.4 - https:\/\/yoast.com\/product\/yoast-seo-wordpress\/ -->\n<title>Viarex - Clinica Althea<\/title>\n<meta name=\"robots\" content=\"index, follow, max-snippet:-1, max-image-preview:large, max-video-preview:-1\" \/>\n<link rel=\"canonical\" href=\"https:\/\/www.clinicaalthea.com\/farmacia\/lt\/apt\/viarex\/\" \/>\n<meta property=\"og:locale\" content=\"pl_PL\" \/>\n<meta property=\"og:type\" content=\"article\" \/>\n<meta property=\"og:title\" content=\"Viarex - Clinica Althea\" \/>\n<meta property=\"og:description\" content=\"39.00 \u20ac 78.00 \u20ac\" \/>\n<meta property=\"og:url\" content=\"https:\/\/www.clinicaalthea.com\/farmacia\/lt\/apt\/viarex\/\" \/>\n<meta property=\"og:site_name\" content=\"Clinica Althea\" \/>\n<meta property=\"article:modified_time\" content=\"2024-09-09T14:20:01+00:00\" \/>\n<meta property=\"og:image\" content=\"https:\/\/www.clinicaalthea.com\/farmacia\/wp-content\/uploads\/2024\/09\/Viarex.jpg\" \/>\n\t<meta property=\"og:image:width\" content=\"768\" \/>\n\t<meta property=\"og:image:height\" content=\"768\" \/>\n\t<meta property=\"og:image:type\" content=\"image\/jpeg\" \/>\n<meta name=\"twitter:card\" content=\"summary_large_image\" \/>\n<meta name=\"twitter:label1\" content=\"Szacowany czas czytania\" \/>\n\t<meta name=\"twitter:data1\" content=\"7 minut\" \/>\n<script type=\"application\/ld+json\" class=\"yoast-schema-graph\">{\"@context\":\"https:\\\/\\\/schema.org\",\"@graph\":[{\"@type\":\"WebPage\",\"@id\":\"https:\\\/\\\/www.clinicaalthea.com\\\/farmacia\\\/lt\\\/apt\\\/viarex\\\/\",\"url\":\"https:\\\/\\\/www.clinicaalthea.com\\\/farmacia\\\/lt\\\/apt\\\/viarex\\\/\",\"name\":\"Viarex - Clinica Althea\",\"isPartOf\":{\"@id\":\"https:\\\/\\\/www.clinicaalthea.com\\\/farmacia\\\/#website\"},\"primaryImageOfPage\":{\"@id\":\"https:\\\/\\\/www.clinicaalthea.com\\\/farmacia\\\/lt\\\/apt\\\/viarex\\\/#primaryimage\"},\"image\":{\"@id\":\"https:\\\/\\\/www.clinicaalthea.com\\\/farmacia\\\/lt\\\/apt\\\/viarex\\\/#primaryimage\"},\"thumbnailUrl\":\"https:\\\/\\\/www.clinicaalthea.com\\\/farmacia\\\/wp-content\\\/uploads\\\/2024\\\/09\\\/Viarex.jpg\",\"datePublished\":\"2024-09-09T14:18:02+00:00\",\"dateModified\":\"2024-09-09T14:20:01+00:00\",\"breadcrumb\":{\"@id\":\"https:\\\/\\\/www.clinicaalthea.com\\\/farmacia\\\/lt\\\/apt\\\/viarex\\\/#breadcrumb\"},\"inLanguage\":\"pl-PL\",\"potentialAction\":[{\"@type\":\"ReadAction\",\"target\":[\"https:\\\/\\\/www.clinicaalthea.com\\\/farmacia\\\/lt\\\/apt\\\/viarex\\\/\"]}]},{\"@type\":\"ImageObject\",\"inLanguage\":\"pl-PL\",\"@id\":\"https:\\\/\\\/www.clinicaalthea.com\\\/farmacia\\\/lt\\\/apt\\\/viarex\\\/#primaryimage\",\"url\":\"https:\\\/\\\/www.clinicaalthea.com\\\/farmacia\\\/wp-content\\\/uploads\\\/2024\\\/09\\\/Viarex.jpg\",\"contentUrl\":\"https:\\\/\\\/www.clinicaalthea.com\\\/farmacia\\\/wp-content\\\/uploads\\\/2024\\\/09\\\/Viarex.jpg\",\"width\":768,\"height\":768,\"caption\":\"Viarex\"},{\"@type\":\"BreadcrumbList\",\"@id\":\"https:\\\/\\\/www.clinicaalthea.com\\\/farmacia\\\/lt\\\/apt\\\/viarex\\\/#breadcrumb\",\"itemListElement\":[{\"@type\":\"ListItem\",\"position\":1,\"name\":\"Strona g\u0142\u00f3wna\",\"item\":\"https:\\\/\\\/www.clinicaalthea.com\\\/farmacia\\\/\"},{\"@type\":\"ListItem\",\"position\":2,\"name\":\"Produkty\",\"item\":\"https:\\\/\\\/www.clinicaalthea.com\\\/farmacia\\\/\"},{\"@type\":\"ListItem\",\"position\":3,\"name\":\"Viarex\"}]},{\"@type\":\"WebSite\",\"@id\":\"https:\\\/\\\/www.clinicaalthea.com\\\/farmacia\\\/#website\",\"url\":\"https:\\\/\\\/www.clinicaalthea.com\\\/farmacia\\\/\",\"name\":\"Clinica Althea\",\"description\":\"\",\"publisher\":{\"@id\":\"https:\\\/\\\/www.clinicaalthea.com\\\/farmacia\\\/#organization\"},\"potentialAction\":[{\"@type\":\"SearchAction\",\"target\":{\"@type\":\"EntryPoint\",\"urlTemplate\":\"https:\\\/\\\/www.clinicaalthea.com\\\/farmacia\\\/?s={search_term_string}\"},\"query-input\":{\"@type\":\"PropertyValueSpecification\",\"valueRequired\":true,\"valueName\":\"search_term_string\"}}],\"inLanguage\":\"pl-PL\"},{\"@type\":\"Organization\",\"@id\":\"https:\\\/\\\/www.clinicaalthea.com\\\/farmacia\\\/#organization\",\"name\":\"Clinica Althea\",\"url\":\"https:\\\/\\\/www.clinicaalthea.com\\\/farmacia\\\/\",\"logo\":{\"@type\":\"ImageObject\",\"inLanguage\":\"pl-PL\",\"@id\":\"https:\\\/\\\/www.clinicaalthea.com\\\/farmacia\\\/#\\\/schema\\\/logo\\\/image\\\/\",\"url\":\"https:\\\/\\\/www.clinicaalthea.com\\\/farmacia\\\/wp-content\\\/uploads\\\/2023\\\/12\\\/Jak-diagnozuje-sie-FAS_-objawy-kryteria-diagnostyczne-i-metody-diagnozowania-154162903.jpg\",\"contentUrl\":\"https:\\\/\\\/www.clinicaalthea.com\\\/farmacia\\\/wp-content\\\/uploads\\\/2023\\\/12\\\/Jak-diagnozuje-sie-FAS_-objawy-kryteria-diagnostyczne-i-metody-diagnozowania-154162903.jpg\",\"width\":1216,\"height\":832,\"caption\":\"Clinica Althea\"},\"image\":{\"@id\":\"https:\\\/\\\/www.clinicaalthea.com\\\/farmacia\\\/#\\\/schema\\\/logo\\\/image\\\/\"}}]}<\/script>\n<!-- \/ Yoast SEO plugin. -->","yoast_head_json":{"title":"Viarex - Clinica Althea","robots":{"index":"index","follow":"follow","max-snippet":"max-snippet:-1","max-image-preview":"max-image-preview:large","max-video-preview":"max-video-preview:-1"},"canonical":"https:\/\/www.clinicaalthea.com\/farmacia\/lt\/apt\/viarex\/","og_locale":"pl_PL","og_type":"article","og_title":"Viarex - Clinica Althea","og_description":"39.00 \u20ac 78.00 \u20ac","og_url":"https:\/\/www.clinicaalthea.com\/farmacia\/lt\/apt\/viarex\/","og_site_name":"Clinica Althea","article_modified_time":"2024-09-09T14:20:01+00:00","og_image":[{"width":768,"height":768,"url":"https:\/\/www.clinicaalthea.com\/farmacia\/wp-content\/uploads\/2024\/09\/Viarex.jpg","type":"image\/jpeg"}],"twitter_card":"summary_large_image","twitter_misc":{"Szacowany czas czytania":"7 minut"},"schema":{"@context":"https:\/\/schema.org","@graph":[{"@type":"WebPage","@id":"https:\/\/www.clinicaalthea.com\/farmacia\/lt\/apt\/viarex\/","url":"https:\/\/www.clinicaalthea.com\/farmacia\/lt\/apt\/viarex\/","name":"Viarex - Clinica Althea","isPartOf":{"@id":"https:\/\/www.clinicaalthea.com\/farmacia\/#website"},"primaryImageOfPage":{"@id":"https:\/\/www.clinicaalthea.com\/farmacia\/lt\/apt\/viarex\/#primaryimage"},"image":{"@id":"https:\/\/www.clinicaalthea.com\/farmacia\/lt\/apt\/viarex\/#primaryimage"},"thumbnailUrl":"https:\/\/www.clinicaalthea.com\/farmacia\/wp-content\/uploads\/2024\/09\/Viarex.jpg","datePublished":"2024-09-09T14:18:02+00:00","dateModified":"2024-09-09T14:20:01+00:00","breadcrumb":{"@id":"https:\/\/www.clinicaalthea.com\/farmacia\/lt\/apt\/viarex\/#breadcrumb"},"inLanguage":"pl-PL","potentialAction":[{"@type":"ReadAction","target":["https:\/\/www.clinicaalthea.com\/farmacia\/lt\/apt\/viarex\/"]}]},{"@type":"ImageObject","inLanguage":"pl-PL","@id":"https:\/\/www.clinicaalthea.com\/farmacia\/lt\/apt\/viarex\/#primaryimage","url":"https:\/\/www.clinicaalthea.com\/farmacia\/wp-content\/uploads\/2024\/09\/Viarex.jpg","contentUrl":"https:\/\/www.clinicaalthea.com\/farmacia\/wp-content\/uploads\/2024\/09\/Viarex.jpg","width":768,"height":768,"caption":"Viarex"},{"@type":"BreadcrumbList","@id":"https:\/\/www.clinicaalthea.com\/farmacia\/lt\/apt\/viarex\/#breadcrumb","itemListElement":[{"@type":"ListItem","position":1,"name":"Strona g\u0142\u00f3wna","item":"https:\/\/www.clinicaalthea.com\/farmacia\/"},{"@type":"ListItem","position":2,"name":"Produkty","item":"https:\/\/www.clinicaalthea.com\/farmacia\/"},{"@type":"ListItem","position":3,"name":"Viarex"}]},{"@type":"WebSite","@id":"https:\/\/www.clinicaalthea.com\/farmacia\/#website","url":"https:\/\/www.clinicaalthea.com\/farmacia\/","name":"Clinica Althea","description":"","publisher":{"@id":"https:\/\/www.clinicaalthea.com\/farmacia\/#organization"},"potentialAction":[{"@type":"SearchAction","target":{"@type":"EntryPoint","urlTemplate":"https:\/\/www.clinicaalthea.com\/farmacia\/?s={search_term_string}"},"query-input":{"@type":"PropertyValueSpecification","valueRequired":true,"valueName":"search_term_string"}}],"inLanguage":"pl-PL"},{"@type":"Organization","@id":"https:\/\/www.clinicaalthea.com\/farmacia\/#organization","name":"Clinica Althea","url":"https:\/\/www.clinicaalthea.com\/farmacia\/","logo":{"@type":"ImageObject","inLanguage":"pl-PL","@id":"https:\/\/www.clinicaalthea.com\/farmacia\/#\/schema\/logo\/image\/","url":"https:\/\/www.clinicaalthea.com\/farmacia\/wp-content\/uploads\/2023\/12\/Jak-diagnozuje-sie-FAS_-objawy-kryteria-diagnostyczne-i-metody-diagnozowania-154162903.jpg","contentUrl":"https:\/\/www.clinicaalthea.com\/farmacia\/wp-content\/uploads\/2023\/12\/Jak-diagnozuje-sie-FAS_-objawy-kryteria-diagnostyczne-i-metody-diagnozowania-154162903.jpg","width":1216,"height":832,"caption":"Clinica Althea"},"image":{"@id":"https:\/\/www.clinicaalthea.com\/farmacia\/#\/schema\/logo\/image\/"}}]}},"lang":"lt","translations":{"lt":10365,"pl":10348,"bg":10351,"cs":10353,"hu":10355,"ro":10357,"et":10359,"el":10361,"it":10363,"lv":10367,"pt":10369,"sk":10371,"sl":10373,"es":10375},"pll_sync_post":[],"_links":{"self":[{"href":"https:\/\/www.clinicaalthea.com\/farmacia\/wp-json\/wp\/v2\/product\/10365","targetHints":{"allow":["GET"]}}],"collection":[{"href":"https:\/\/www.clinicaalthea.com\/farmacia\/wp-json\/wp\/v2\/product"}],"about":[{"href":"https:\/\/www.clinicaalthea.com\/farmacia\/wp-json\/wp\/v2\/types\/product"}],"replies":[{"embeddable":true,"href":"https:\/\/www.clinicaalthea.com\/farmacia\/wp-json\/wp\/v2\/comments?post=10365"}],"wp:featuredmedia":[{"embeddable":true,"href":"https:\/\/www.clinicaalthea.com\/farmacia\/wp-json\/wp\/v2\/media\/10349"}],"wp:attachment":[{"href":"https:\/\/www.clinicaalthea.com\/farmacia\/wp-json\/wp\/v2\/media?parent=10365"}],"wp:term":[{"taxonomy":"product_brand","embeddable":true,"href":"https:\/\/www.clinicaalthea.com\/farmacia\/wp-json\/wp\/v2\/product_brand?post=10365"},{"taxonomy":"product_cat","embeddable":true,"href":"https:\/\/www.clinicaalthea.com\/farmacia\/wp-json\/wp\/v2\/product_cat?post=10365"},{"taxonomy":"product_tag","embeddable":true,"href":"https:\/\/www.clinicaalthea.com\/farmacia\/wp-json\/wp\/v2\/product_tag?post=10365"}],"curies":[{"name":"wp","href":"https:\/\/api.w.org\/{rel}","templated":true}]}}