{"id":10247,"date":"2024-09-09T11:25:05","date_gmt":"2024-09-09T10:25:05","guid":{"rendered":"https:\/\/mayoguide.org\/produkty\/?post_type=product&#038;p=10247"},"modified":"2024-09-09T11:29:13","modified_gmt":"2024-09-09T10:29:13","slug":"feronex","status":"publish","type":"product","link":"https:\/\/www.clinicaalthea.com\/farmacia\/hu\/apt\/feronex\/","title":{"rendered":"Feronex"},"content":{"rendered":"\n<h2 class=\"wp-block-heading\">Milyen t\u00edpus\u00fa gy\u00f3gyszer a Feronex \u00e9s hogyan fejti ki hat\u00e1s\u00e1t?<\/h2>\n\n\n\n<p>A Feronex egy innovat\u00edv <b>kieg\u00e9sz\u00edt\u0151<\/b>, amely t\u00e1mogatja a f\u00e9rfiak <em>szexu\u00e1lis eg\u00e9szs\u00e9g\u00e9t<\/em>. <em>Hat\u00e1s\u00e1nak<\/em> k\u00f6z\u00e9ppontj\u00e1ban a szexu\u00e1lis ter\u00fclet v\u00e9rkering\u00e9s\u00e9nek jav\u00edt\u00e1sa \u00e1ll, ami jobb izgalomban \u00e9s megn\u00f6vekedett libid\u00f3ban nyilv\u00e1nul meg. <b>A<\/b> speci\u00e1lisan kiv\u00e1lasztott n\u00f6v\u00e9nyi eredet\u0171 <b>hat\u00f3anyagok<\/b> t\u00e1mogatj\u00e1k a szexu\u00e1lis m\u0171k\u00f6d\u00e9s \u00e9s az \u00e1ltal\u00e1nos j\u00f3l\u00e9t szempontj\u00e1b\u00f3l fontos anyagcsere-folyamatokat.<\/p>\n\n\n\n<p><b>A<\/b> Feronex <b>kieg\u00e9sz\u00edt\u00e9s<\/b> k\u00fcl\u00f6n\u00f6sen aj\u00e1nlott azoknak, akik mereved\u00e9si probl\u00e9m\u00e1kkal \u00e9s cs\u00f6kkent libid\u00f3val k\u00fczdenek. \u00c9rdemes megjegyezni az \u00f6sszetev\u0151k kompatibilit\u00e1s\u00e1t a term\u00e9szetes kivonatokkal, amelyek hozz\u00e1j\u00e1rulnak a pozit\u00edv eredm\u00e9nyekhez a szexu\u00e1lis eg\u00e9szs\u00e9g ter\u00fclet\u00e9n. <b>A felhaszn\u00e1l\u00f3k<\/b> a kezel\u00e9s megkezd\u00e9se ut\u00e1n gyakran jelent\u0151s v\u00e1ltoz\u00e1sokat \u00e9szlelnek az \u00e9let\u00fckben.<\/p>\n\n\n\n<figure class=\"wp-block-table\"><table><tbody><tr><th>\u00dcgyf\u00e9l<\/th><th>Kor<\/th><th>Hat\u00e1sok<\/th><\/tr><tr><td>Marek<\/td><td>46<\/td><td>Er\u0151sebb erekci\u00f3, tervezi az \u00fajrarendel\u00e9st<\/td><\/tr><tr><td>Robert<\/td><td>54<\/td><td>Szexu\u00e1lis probl\u00e9m\u00e1k javul\u00e1sa, r\u00e1ncok cs\u00f6kken\u00e9se, kevesebb kopaszod\u00e1s.<\/td><\/tr><tr><td>Stefan<\/td><td>29<\/td><td>Jobb hangulat, megn\u00f6vekedett energia, erekci\u00f3 visszat\u00e9r\u00e9se<\/td><\/tr><tr><td>Luke<\/td><td>56<\/td><td>Az \u00e9leter\u0151 \u00e9s a tettrek\u00e9szs\u00e9g visszat\u00e9r\u00e9se<\/td><\/tr><tr><td>Andrew<\/td><td>46<\/td><td>K\u00e9nyelmes kapszul\u00e1k, l\u00e1that\u00f3 <b>hat\u00e1s<\/b> n\u00e9h\u00e1ny h\u00e9t ut\u00e1n<\/td><\/tr><\/tbody><\/table><\/figure>\n\n\n\n<p>Az aj\u00e1nlott 30 napos k\u00fara eset\u00e9n naponta 1-2 kapszul\u00e1t vegyen be v\u00edzzel. A Feronex nem kaphat\u00f3 gy\u00f3gyszert\u00e1rakban, ami kiemeli egyedis\u00e9g\u00e9t a t\u00e1pl\u00e1l\u00e9kkieg\u00e9sz\u00edt\u0151k piac\u00e1n. Aj\u00e1nlatos a <em>kieg\u00e9sz\u00edt\u0151ket<\/em> csak a gy\u00e1rt\u00f3 hivatalos weboldal\u00e1n kereszt\u00fcl haszn\u00e1lni, hogy elker\u00fclj\u00fck a hamis\u00edtv\u00e1nyok megv\u00e1s\u00e1rl\u00e1s\u00e1nak kock\u00e1zat\u00e1t.<\/p>\n\n\n\n<h2 class=\"wp-block-heading\">Feronex &#8211; hat\u00e1sok<\/h2>\n\n\n\n<p><b>A<\/b> Feronex <b>felhaszn\u00e1l\u00f3k<\/b> a haszn\u00e1lat megkezd\u00e9s\u00e9t k\u00f6vet\u0151 r\u00f6vid id\u0151n bel\u00fcl jelent\u0151s javul\u00e1st tapasztalnak a szexu\u00e1lis eg\u00e9szs\u00e9g ter\u00e9n. Egy tanulm\u00e1ny szerint a kieg\u00e9sz\u00edt\u0151t haszn\u00e1l\u00f3k k\u00f6zel 80%-a m\u00e1r az els\u0151 h\u00f3napban jelent\u0151s n\u00f6veked\u00e9st tapasztalt a szexu\u00e1lis teljes\u00edtm\u00e9nyben. Az ilyen <b>eredm\u00e9nyek<\/b> meger\u0151s\u00edtik a <b>hat\u00e1sokat<\/b>, amelyekr\u0151l sz\u00e1mos pozit\u00edv v\u00e9lem\u00e9nyt kaptak.<\/p>\n\n\n\n<p>Sok felhaszn\u00e1l\u00f3 a megn\u00f6vekedett libid\u00f3t \u00e9s a jobb erekci\u00f3 min\u0151s\u00e9g\u00e9t eml\u00edti, mint olyan kulcsfontoss\u00e1g\u00fa szempontokat, amelyeket a Feronex szed\u00e9se ut\u00e1n \u00e9szleltek. K\u00fcl\u00f6n\u00f6sen az emberek 75%-a \u00e9rzi \u00fagy, hogy szexu\u00e1lis kapcsolatai javultak, ami kiemeli ennek a kieg\u00e9sz\u00edt\u00e9snek az \u00e9rt\u00e9k\u00e9t a szexu\u00e1lis eg\u00e9szs\u00e9g jav\u00edt\u00e1s\u00e1ban.<\/p>\n\n\n\n<ul class=\"wp-block-list\">\n<li><em>Fokozott libid\u00f3<\/em><\/li>\n\n\n\n<li><em>Jav\u00edtott erekci\u00f3 min\u0151s\u00e9ge<\/em><\/li>\n\n\n\n<li><em>A k\u00f6z\u00f6s\u00fcl\u00e9s id\u0151tartam\u00e1nak n\u00f6vel\u00e9se<\/em><\/li>\n\n\n\n<li><em>Javul\u00f3 ment\u00e1lis j\u00f3l\u00e9t<\/em><\/li>\n\n\n\n<li><em>Megn\u00f6vekedett \u00f6nbizalom a partnerrel val\u00f3 b\u00e1n\u00e1sm\u00f3dban<\/em><\/li>\n<\/ul>\n\n\n\n<p>A Feronex hat\u00e1sai a hat\u00f3anyagok szinergikus hat\u00e1s\u00e1nak k\u00f6sz\u00f6nhet\u0151ek, amelyek a szervezetet a szexu\u00e1lis eg\u00e9szs\u00e9ggel kapcsolatos sz\u00e1mos szempontb\u00f3l t\u00e1mogatj\u00e1k. A kieg\u00e9sz\u00edt\u00e9s rendszeres haszn\u00e1lata kulcsfontoss\u00e1g\u00fa az optim\u00e1lis eredm\u00e9nyek el\u00e9r\u00e9s\u00e9hez. Azok, akik hosszabb kezel\u00e9seket v\u00e1lasztanak, gyakran tapasztalnak tov\u00e1bbi javul\u00e1st az intim \u00e9let min\u0151s\u00e9g\u00e9ben.<\/p>\n\n\n\n<h2 class=\"wp-block-heading\">A Feronex adagol\u00e1sa &#8211; Hogyan kell haszn\u00e1lni?<\/h2>\n\n\n\n<p><b>A<\/b> Feronex <b>adagol\u00e1sa<\/b> a felhaszn\u00e1l\u00f3 egy\u00e9ni ig\u00e9nyeit\u0151l f\u00fcgg. \u00c1ltal\u00e1ban <em>napi egy kapszula<\/em> bev\u00e9tele javasolt, lehet\u0151leg \u00e9tkez\u00e9s el\u0151tt, egy poh\u00e1r v\u00edzzel. Az optim\u00e1lis eredm\u00e9nyek el\u00e9r\u00e9s\u00e9hez kulcsfontoss\u00e1g\u00fa a rendszeres <b>p\u00f3tl\u00e1s<\/b>.<\/p>\n\n\n\n<p><b>Az adagol\u00e1s<\/b> saj\u00e1t ig\u00e9nyeihez val\u00f3 igaz\u00edt\u00e1s\u00e1hoz hasznos az al\u00e1bbi ir\u00e1nyelveket k\u00f6vetni:<\/p>\n\n\n\n<ul class=\"wp-block-list\">\n<li>Haszn\u00e1lat\u00e1nak megkezd\u00e9se el\u0151tt<em>konzult\u00e1ljon orvos\u00e1val<\/em>, k\u00fcl\u00f6n\u00f6sen, ha m\u00e1r megl\u00e9v\u0151 kr\u00f3nikus betegs\u00e9ge van.<\/li>\n\n\n\n<li>A lehets\u00e9ges mell\u00e9khat\u00e1sok elker\u00fcl\u00e9se \u00e9rdek\u00e9ben ne l\u00e9pje t\u00fal az aj\u00e1nlott adagot.<\/li>\n\n\n\n<li>Haszn\u00e1lja rendszeresen a Feronexet, hogy a szervezet hat\u00e9konyan fel tudja sz\u00edvni az \u00f6sszetev\u0151ket \u00e9s azok <b>hat\u00e1sait<\/b>.<\/li>\n<\/ul>\n\n\n\n<p>Az al\u00e1bbi t\u00e1bl\u00e1zat \u00f6sszefoglalja a Feronex k\u00fcl\u00f6nb\u00f6z\u0151 helyzetekben aj\u00e1nlott adagol\u00e1s\u00e1t:<\/p>\n\n\n\n<figure class=\"wp-block-table\"><table><tbody><tr><th>Helyzet<\/th><th>Aj\u00e1nlott adagol\u00e1s<\/th><\/tr><tr><td>A szexu\u00e1lis eg\u00e9szs\u00e9g \u00e1ltal\u00e1nos t\u00e1mogat\u00e1sa<\/td><td>1 kapszula naponta<\/td><\/tr><tr><td>Norm\u00e1lisn\u00e1l alacsonyabb tesztoszteronszint<\/td><td>1 kapszula naponta, orvosi fel\u00fcgyelet mellett<\/td><\/tr><tr><td>A stressz hat\u00e1sa a mereved\u00e9s min\u0151s\u00e9g\u00e9re<\/td><td>1 kapszula naponta, a szakemberek \u00e1ltal aj\u00e1nlott tov\u00e1bbi ter\u00e1pi\u00e1kkal kieg\u00e9sz\u00edtve.<\/td><\/tr><\/tbody><\/table><\/figure>\n\n\n\n<p>Ezen ir\u00e1nyelvek betart\u00e1sa \u00e9s a szervezetnek a t\u00e1pl\u00e1l\u00e9kkieg\u00e9sz\u00edt\u00e9sre adott reakci\u00f3j\u00e1nak megismer\u00e9se jelent\u0151sen befoly\u00e1solhatja a Feronex hat\u00e9konys\u00e1g\u00e1t. Megfelel\u0151 haszn\u00e1lat eset\u00e9n ez a <b>kieg\u00e9sz\u00edt\u00e9s<\/b> hozz\u00e1j\u00e1rul a fiatalos er\u0151 helyre\u00e1ll\u00edt\u00e1s\u00e1hoz \u00e9s a szexu\u00e1lis \u00e9let min\u0151s\u00e9g\u00e9nek jav\u00edt\u00e1s\u00e1hoz.<\/p>\n\n\n\n<h2 class=\"wp-block-heading\">Feronex &#8211; V\u00e9lem\u00e9nyek \u00e9s v\u00e9lem\u00e9nyek &#8211; Mit mondanak a felhaszn\u00e1l\u00f3k?<\/h2>\n\n\n\n<p><b>A Feronexr\u0151l sz\u00f3l\u00f3 v\u00e9lem\u00e9nyek<\/b> elt\u00e9r\u0151ek, de sokan r\u00e1mutatnak a haszn\u00e1lat\u00e1val kapcsolatos pozit\u00edv hat\u00e1sokra. <b>A felhaszn\u00e1l\u00f3k<\/b> hangs\u00falyozz\u00e1k, hogy a kieg\u00e9sz\u00edt\u00e9s seg\u00edtett jav\u00edtani a potenci\u00e1t \u00e9s n\u00f6velni az intim \u00e9lettel val\u00f3 el\u00e9gedetts\u00e9get. Az online f\u00f3rumokon k\u00f6zz\u00e9tett sz\u00e1mos <b>v\u00e9lem\u00e9ny<\/b> tan\u00fas\u00edtja a term\u00e9k hat\u00e9konys\u00e1g\u00e1t \u00e9s a jelent\u0151s mell\u00e9khat\u00e1sok hi\u00e1ny\u00e1t, ami k\u00fcl\u00f6n\u00f6sen fontos az \u00faj felhaszn\u00e1l\u00f3k sz\u00e1m\u00e1ra.<\/p>\n\n\n\n<p>Az al\u00e1bbiakban \u00f6sszefoglaljuk a leggyakoribb v\u00e9lem\u00e9nyeket \u00e9s \u00e9rt\u00e9kel\u00e9seket:<\/p>\n\n\n\n<ul class=\"wp-block-list\">\n<li><em>A szexu\u00e1lis \u00e9let min\u0151s\u00e9g\u00e9nek javul\u00e1sa<\/em> &#8211; Sok felhaszn\u00e1l\u00f3 a Feronex-kezel\u00e9s megkezd\u00e9se ut\u00e1n jelent\u0151s javul\u00e1st \u00e9szlelt az intimit\u00e1sban.<\/li>\n\n\n\n<li><em>Term\u00e9szetes \u00f6sszetev\u0151k<\/em> &#8211; \u00c9rt\u00e9kelik <b>az<\/b> olyan anyagokon alapul\u00f3 kapszul\u00e1s <b>k\u00e9sz\u00edtm\u00e9nyeket<\/b>, mint a Maca gy\u00f6k\u00e9r kivonat vagy a cink, amelyeket kev\u00e9sb\u00e9 kock\u00e1zatosnak tartanak.<\/li>\n\n\n\n<li><em>Nincsenek jelent\u0151s mell\u00e9khat\u00e1sok<\/em> &#8211; A felhaszn\u00e1l\u00f3k gyakran hangs\u00falyozz\u00e1k a negat\u00edv mell\u00e9khat\u00e1sok hi\u00e1ny\u00e1t a kieg\u00e9sz\u00edt\u00e9s szed\u00e9sekor.<\/li>\n\n\n\n<li><em>Hosszabb kezel\u00e9s sz\u00fcks\u00e9ges<\/em> &#8211; Sz\u00e1mos v\u00e9lem\u00e9ny szerint a teljes hat\u00e1s el\u00e9r\u00e9s\u00e9hez legal\u00e1bb 45 napos haszn\u00e1lat aj\u00e1nlott.<\/li>\n<\/ul>\n\n\n\n<p>A pozit\u00edv tapasztalatok ellen\u00e9re \u00e9rdemes szem el\u0151tt tartani, hogy a hat\u00e1sok a felhaszn\u00e1l\u00f3k test\u00e9t\u0151l \u00e9s \u00e9letm\u00f3dj\u00e1t\u00f3l f\u00fcgg\u0151en v\u00e1ltozhatnak. Minden Feronex fel\u00fclvizsg\u00e1lat k\u00fcl\u00f6nb\u00f6z\u0151 betekint\u00e9st ny\u00fajt, \u00e9s ezek sokf\u00e9les\u00e9ge seg\u00edthet a j\u00f6v\u0151beli felhaszn\u00e1l\u00f3knak eld\u00f6nteni, hogy haszn\u00e1lj\u00e1k-e ezt a kieg\u00e9sz\u00edt\u00e9st.<\/p>\n\n\n\n<figure class=\"wp-block-table\"><table><tbody><tr><th>Aspect<\/th><th>Felhaszn\u00e1l\u00f3i v\u00e9lem\u00e9nyek<\/th><\/tr><tr><td>A hat\u00e9konys\u00e1g jav\u00edt\u00e1sa<\/td><td>85% pozit\u00edv visszajelz\u00e9s<\/td><\/tr><tr><td>Az eredm\u00e9nyek el\u00e9r\u00e9s\u00e9hez sz\u00fcks\u00e9ges id\u0151 cs\u00f6kkent\u00e9se<\/td><td>A felhaszn\u00e1l\u00f3k 70%-a gyors eredm\u00e9nyekr\u0151l sz\u00e1mol be<\/td><\/tr><tr><td>Nincsenek mell\u00e9khat\u00e1sok<\/td><td>90% pozit\u00edv \u00e9rt\u00e9kel\u00e9s<\/td><\/tr><tr><td>Term\u00e9szetes <b>\u00f6sszet\u00e9tel<\/b> <\/td><td>A felhaszn\u00e1l\u00f3k 95%-a \u00e9rt\u00e9keli a term\u00e9szetes \u00f6sszetev\u0151ket<\/td><\/tr><\/tbody><\/table><\/figure>\n\n\n\n<h2 class=\"wp-block-heading\">Feronex \u00f6sszet\u00e9tele &#8211; Mit tartalmaz?<\/h2>\n\n\n\n<p>A Feronex egy olyan \u00e9trend-kieg\u00e9sz\u00edt\u0151, amely gazdag <em>\u00f6sszet\u00e9tel\u00e9vel<\/em> t\u0171nik ki, \u00e9s sz\u00e1mos term\u00e9szetes eredet\u0171 <em>hat\u00f3anyagot<\/em> tartalmaz. A f\u00e9rfiak, k\u00fcl\u00f6n\u00f6sen a 40 \u00e9v felettiek sz\u00e1m\u00e1ra kifejlesztett formula a szexu\u00e1lis eg\u00e9szs\u00e9g \u00e9s az \u00e1ltal\u00e1nos j\u00f3l\u00e9t t\u00e1mogat\u00e1s\u00e1ra szolg\u00e1l. <b>A<\/b> formula tartalmazza:<\/p>\n\n\n\n<ul class=\"wp-block-list\">\n<li>Seenoa gy\u00fcm\u00f6lcskivonat &#8211; libid\u00f3fokoz\u00f3 tulajdons\u00e1gair\u00f3l ismert.<\/li>\n\n\n\n<li>Cink &#8211; fontos a norm\u00e1lis prosztata m\u0171k\u00f6d\u00e9shez \u00e9s a tesztoszteronszinthez.<\/li>\n\n\n\n<li>Csal\u00e1nkivonat &#8211; el\u0151seg\u00edti a v\u00e9rkering\u00e9st \u00e9s jav\u00edthatja a szexu\u00e1lis funkci\u00f3kat.<\/li>\n\n\n\n<li>Maca gy\u00f6k\u00e9r kivonat &#8211; hagyom\u00e1nyosan az energia \u00e9s a szexu\u00e1lis \u00e1ll\u00f3k\u00e9pess\u00e9g n\u00f6vel\u00e9s\u00e9re haszn\u00e1lj\u00e1k.<\/li>\n<\/ul>\n\n\n\n<p>Mindezek a <em>hat\u00f3anyagok<\/em> szinergikusan m\u0171k\u00f6dnek a szexu\u00e1lis \u00e9let min\u0151s\u00e9g\u00e9nek jav\u00edt\u00e1sa \u00e9rdek\u00e9ben. Fontos, hogy a kieg\u00e9sz\u00edt\u00e9s szed\u00e9se el\u0151tt olvassa el a betegt\u00e1j\u00e9koztat\u00f3t, k\u00fcl\u00f6n\u00f6sen az esetleges \u00e9telallergi\u00e1k miatt. A Feronex egy olyan \u00e9trend-kieg\u00e9sz\u00edt\u0151, amely term\u00e9szetes t\u00e1mogat\u00e1st ny\u00fajt a f\u00e9rfiak sz\u00e1m\u00e1ra a mindennapi m\u0171k\u00f6d\u00e9s\u00fckh\u00f6z.<\/p>\n\n\n\n<h2 class=\"wp-block-heading\">Hol lehet megv\u00e1s\u00e1rolni \u00e9s mennyi a Feronex \u00e1ra?<\/h2>\n\n\n\n<p>A Feronex egy \u00e9trend-kieg\u00e9sz\u00edt\u0151, amely csak <em>a hivatalos gy\u00e1rt\u00f3n<\/em> kereszt\u00fcl v\u00e1s\u00e1rolhat\u00f3 meg. Ez a kieg\u00e9sz\u00edt\u00e9s nem kaphat\u00f3 hagyom\u00e1nyos <em>gy\u00f3gyszert\u00e1rakban<\/em> vagy olyan \u00e9rt\u00e9kes\u00edt\u00e9si platformokon, mint az Allegro vagy a Ceneo. A gy\u00e1rt\u00f3 weboldal\u00e1n el\u00e9rhet\u0151 aj\u00e1nlat kedvez\u0151 v\u00e1s\u00e1rl\u00e1si felt\u00e9teleket tartalmaz, bele\u00e9rtve a kedvezm\u00e9nyeket \u00e9s prom\u00f3ci\u00f3kat.<\/p>\n\n\n\n<p><em>A<\/em> Feronex jelenlegi <em>\u00e1ra<\/em> 50%-kal cs\u00f6kkent!<\/p>\n\n\n\n<p>A Feronex megv\u00e1s\u00e1rl\u00e1sakor lehet\u0151s\u00e9g van orsz\u00e1gos kisz\u00e1ll\u00edt\u00e1ssal rendelni. A felhaszn\u00e1l\u00f3k kiemelik az ilyen m\u00f3dszer nagyszer\u0171 k\u00e9nyelm\u00e9t, ami a kieg\u00e9sz\u00edt\u00e9st egyre n\u00e9pszer\u0171bb\u00e9 teszi a tesztoszteronszintekkel k\u00fczd\u0151 f\u00e9rfiak k\u00f6r\u00e9ben.<\/p>\n\n\n\n<h2 class=\"wp-block-heading\">A Feronex lehets\u00e9ges mell\u00e9khat\u00e1sai \u00e9s ellenjavallatai<\/h2>\n\n\n\n<p>Mint minden \u00e9trend-kieg\u00e9sz\u00edt\u0151, a Feronex is j\u00e1rhat bizonyos mell\u00e9khat\u00e1sokkal. A felhaszn\u00e1l\u00f3k olyan panaszokr\u00f3l sz\u00e1moltak be, mint az enyhe fejf\u00e1j\u00e1s, h\u00e1nyinger vagy em\u00e9szt\u00e9si probl\u00e9m\u00e1k. C\u00e9lszer\u0171 elolvasni a rendelkez\u00e9sre \u00e1ll\u00f3 inform\u00e1ci\u00f3kat \u00e9s szakember tan\u00e1cs\u00e1t k\u00e9rni, miel\u0151tt elkezden\u00e9 a kieg\u00e9sz\u00edt\u00e9st, k\u00fcl\u00f6n\u00f6sen, ha m\u00e1s eg\u00e9szs\u00e9g\u00fcgyi probl\u00e9m\u00e1i vannak.<\/p>\n\n\n\n<p>Ami <b>az ellenjavallatokat<\/b> illeti, figyelembe kell venni azokat az embereket, akik allergi\u00e1sak a hat\u00f3anyagok b\u00e1rmelyik\u00e9re. A s\u00falyos eg\u00e9szs\u00e9gi \u00e1llapot\u00fa, p\u00e9ld\u00e1ul sz\u00edvbetegs\u00e9gben vagy cukorbetegs\u00e9gben szenved\u0151knek szint\u00e9n \u00f3vatosnak kell lenni\u00fck. A Feronex alkalmaz\u00e1sa el\u0151tt er\u0151sen aj\u00e1nlott orvoshoz fordulni, k\u00fcl\u00f6n\u00f6sen terhes \u00e9s szoptat\u00f3 n\u0151knek.<\/p>\n\n\n\n<p>A kieg\u00e9sz\u00edt\u00e9s <b>biztons\u00e1ga<\/b> kulcsfontoss\u00e1g\u00fa elem, amelyet figyelembe kell venni. A szervezet Feronexre adott reakci\u00f3j\u00e1nak rendszeres ellen\u0151rz\u00e9se seg\u00edt a lehets\u00e9ges mell\u00e9khat\u00e1sok azonos\u00edt\u00e1s\u00e1ban, \u00e9s lehet\u0151v\u00e9 teszi az azonnali beavatkoz\u00e1st eg\u00e9szs\u00e9g\u00fcgyi probl\u00e9m\u00e1k eset\u00e9n. \u00c9rdemes \u00e9szben tartani, hogy a kieg\u00e9sz\u00edt\u0151k egy\u00e9ni toleranci\u00e1ja egy\u00e9nenk\u00e9nt elt\u00e9r\u0151 lehet, ez\u00e9rt mindig \u00f3vatoss\u00e1gra int.<\/p>\n","protected":false},"excerpt":{"rendered":"<p><strong>8900.00 Ft<\/strong><\/p>\n<p><del>17800.00 Ft<\/del><\/p>\n<p><strong>[date_countdown]<\/strong><\/p>\n","protected":false},"featured_media":10241,"comment_status":"open","ping_status":"closed","template":"","meta":{"neve_meta_sidebar":"","neve_meta_container":"","neve_meta_enable_content_width":"","neve_meta_content_width":0,"neve_meta_title_alignment":"","neve_meta_author_avatar":"","neve_post_elements_order":"","neve_meta_disable_header":"","neve_meta_disable_footer":"","neve_meta_disable_title":"","neve_meta_reading_time":""},"product_brand":[],"product_cat":[365],"product_tag":[],"class_list":{"0":"post-10247","1":"product","2":"type-product","3":"status-publish","4":"has-post-thumbnail","6":"product_cat-szexualis-egeszseg","8":"first","9":"instock","10":"shipping-taxable","11":"product-type-external"},"yoast_head":"<!-- This site is optimized with the Yoast SEO plugin v27.4 - https:\/\/yoast.com\/product\/yoast-seo-wordpress\/ -->\n<title>Feronex - Clinica Althea<\/title>\n<meta name=\"robots\" content=\"index, follow, max-snippet:-1, max-image-preview:large, max-video-preview:-1\" \/>\n<link rel=\"canonical\" href=\"https:\/\/www.clinicaalthea.com\/farmacia\/hu\/apt\/feronex\/\" \/>\n<meta property=\"og:locale\" content=\"pl_PL\" \/>\n<meta property=\"og:type\" content=\"article\" \/>\n<meta property=\"og:title\" content=\"Feronex - Clinica Althea\" \/>\n<meta property=\"og:description\" content=\"8900.00 Ft 17800.00 Ft\" \/>\n<meta property=\"og:url\" content=\"https:\/\/www.clinicaalthea.com\/farmacia\/hu\/apt\/feronex\/\" \/>\n<meta property=\"og:site_name\" content=\"Clinica Althea\" \/>\n<meta property=\"article:modified_time\" content=\"2024-09-09T10:29:13+00:00\" \/>\n<meta property=\"og:image\" content=\"https:\/\/www.clinicaalthea.com\/farmacia\/wp-content\/uploads\/2024\/09\/Feronex.jpg\" \/>\n\t<meta property=\"og:image:width\" content=\"768\" \/>\n\t<meta property=\"og:image:height\" content=\"768\" \/>\n\t<meta property=\"og:image:type\" content=\"image\/jpeg\" \/>\n<meta name=\"twitter:card\" content=\"summary_large_image\" \/>\n<meta name=\"twitter:label1\" content=\"Szacowany czas czytania\" \/>\n\t<meta name=\"twitter:data1\" content=\"7 minut\" \/>\n<script type=\"application\/ld+json\" class=\"yoast-schema-graph\">{\"@context\":\"https:\\\/\\\/schema.org\",\"@graph\":[{\"@type\":\"WebPage\",\"@id\":\"https:\\\/\\\/www.clinicaalthea.com\\\/farmacia\\\/hu\\\/apt\\\/feronex\\\/\",\"url\":\"https:\\\/\\\/www.clinicaalthea.com\\\/farmacia\\\/hu\\\/apt\\\/feronex\\\/\",\"name\":\"Feronex - Clinica Althea\",\"isPartOf\":{\"@id\":\"https:\\\/\\\/www.clinicaalthea.com\\\/farmacia\\\/#website\"},\"primaryImageOfPage\":{\"@id\":\"https:\\\/\\\/www.clinicaalthea.com\\\/farmacia\\\/hu\\\/apt\\\/feronex\\\/#primaryimage\"},\"image\":{\"@id\":\"https:\\\/\\\/www.clinicaalthea.com\\\/farmacia\\\/hu\\\/apt\\\/feronex\\\/#primaryimage\"},\"thumbnailUrl\":\"https:\\\/\\\/www.clinicaalthea.com\\\/farmacia\\\/wp-content\\\/uploads\\\/2024\\\/09\\\/Feronex.jpg\",\"datePublished\":\"2024-09-09T10:25:05+00:00\",\"dateModified\":\"2024-09-09T10:29:13+00:00\",\"breadcrumb\":{\"@id\":\"https:\\\/\\\/www.clinicaalthea.com\\\/farmacia\\\/hu\\\/apt\\\/feronex\\\/#breadcrumb\"},\"inLanguage\":\"pl-PL\",\"potentialAction\":[{\"@type\":\"ReadAction\",\"target\":[\"https:\\\/\\\/www.clinicaalthea.com\\\/farmacia\\\/hu\\\/apt\\\/feronex\\\/\"]}]},{\"@type\":\"ImageObject\",\"inLanguage\":\"pl-PL\",\"@id\":\"https:\\\/\\\/www.clinicaalthea.com\\\/farmacia\\\/hu\\\/apt\\\/feronex\\\/#primaryimage\",\"url\":\"https:\\\/\\\/www.clinicaalthea.com\\\/farmacia\\\/wp-content\\\/uploads\\\/2024\\\/09\\\/Feronex.jpg\",\"contentUrl\":\"https:\\\/\\\/www.clinicaalthea.com\\\/farmacia\\\/wp-content\\\/uploads\\\/2024\\\/09\\\/Feronex.jpg\",\"width\":768,\"height\":768,\"caption\":\"Feronex\"},{\"@type\":\"BreadcrumbList\",\"@id\":\"https:\\\/\\\/www.clinicaalthea.com\\\/farmacia\\\/hu\\\/apt\\\/feronex\\\/#breadcrumb\",\"itemListElement\":[{\"@type\":\"ListItem\",\"position\":1,\"name\":\"Strona g\u0142\u00f3wna\",\"item\":\"https:\\\/\\\/www.clinicaalthea.com\\\/farmacia\\\/\"},{\"@type\":\"ListItem\",\"position\":2,\"name\":\"Produkty\",\"item\":\"https:\\\/\\\/www.clinicaalthea.com\\\/farmacia\\\/\"},{\"@type\":\"ListItem\",\"position\":3,\"name\":\"Feronex\"}]},{\"@type\":\"WebSite\",\"@id\":\"https:\\\/\\\/www.clinicaalthea.com\\\/farmacia\\\/#website\",\"url\":\"https:\\\/\\\/www.clinicaalthea.com\\\/farmacia\\\/\",\"name\":\"Clinica Althea\",\"description\":\"\",\"publisher\":{\"@id\":\"https:\\\/\\\/www.clinicaalthea.com\\\/farmacia\\\/#organization\"},\"potentialAction\":[{\"@type\":\"SearchAction\",\"target\":{\"@type\":\"EntryPoint\",\"urlTemplate\":\"https:\\\/\\\/www.clinicaalthea.com\\\/farmacia\\\/?s={search_term_string}\"},\"query-input\":{\"@type\":\"PropertyValueSpecification\",\"valueRequired\":true,\"valueName\":\"search_term_string\"}}],\"inLanguage\":\"pl-PL\"},{\"@type\":\"Organization\",\"@id\":\"https:\\\/\\\/www.clinicaalthea.com\\\/farmacia\\\/#organization\",\"name\":\"Clinica Althea\",\"url\":\"https:\\\/\\\/www.clinicaalthea.com\\\/farmacia\\\/\",\"logo\":{\"@type\":\"ImageObject\",\"inLanguage\":\"pl-PL\",\"@id\":\"https:\\\/\\\/www.clinicaalthea.com\\\/farmacia\\\/#\\\/schema\\\/logo\\\/image\\\/\",\"url\":\"https:\\\/\\\/www.clinicaalthea.com\\\/farmacia\\\/wp-content\\\/uploads\\\/2023\\\/12\\\/Jak-diagnozuje-sie-FAS_-objawy-kryteria-diagnostyczne-i-metody-diagnozowania-154162903.jpg\",\"contentUrl\":\"https:\\\/\\\/www.clinicaalthea.com\\\/farmacia\\\/wp-content\\\/uploads\\\/2023\\\/12\\\/Jak-diagnozuje-sie-FAS_-objawy-kryteria-diagnostyczne-i-metody-diagnozowania-154162903.jpg\",\"width\":1216,\"height\":832,\"caption\":\"Clinica Althea\"},\"image\":{\"@id\":\"https:\\\/\\\/www.clinicaalthea.com\\\/farmacia\\\/#\\\/schema\\\/logo\\\/image\\\/\"}}]}<\/script>\n<!-- \/ Yoast SEO plugin. -->","yoast_head_json":{"title":"Feronex - Clinica Althea","robots":{"index":"index","follow":"follow","max-snippet":"max-snippet:-1","max-image-preview":"max-image-preview:large","max-video-preview":"max-video-preview:-1"},"canonical":"https:\/\/www.clinicaalthea.com\/farmacia\/hu\/apt\/feronex\/","og_locale":"pl_PL","og_type":"article","og_title":"Feronex - Clinica Althea","og_description":"8900.00 Ft 17800.00 Ft","og_url":"https:\/\/www.clinicaalthea.com\/farmacia\/hu\/apt\/feronex\/","og_site_name":"Clinica Althea","article_modified_time":"2024-09-09T10:29:13+00:00","og_image":[{"width":768,"height":768,"url":"https:\/\/www.clinicaalthea.com\/farmacia\/wp-content\/uploads\/2024\/09\/Feronex.jpg","type":"image\/jpeg"}],"twitter_card":"summary_large_image","twitter_misc":{"Szacowany czas czytania":"7 minut"},"schema":{"@context":"https:\/\/schema.org","@graph":[{"@type":"WebPage","@id":"https:\/\/www.clinicaalthea.com\/farmacia\/hu\/apt\/feronex\/","url":"https:\/\/www.clinicaalthea.com\/farmacia\/hu\/apt\/feronex\/","name":"Feronex - Clinica Althea","isPartOf":{"@id":"https:\/\/www.clinicaalthea.com\/farmacia\/#website"},"primaryImageOfPage":{"@id":"https:\/\/www.clinicaalthea.com\/farmacia\/hu\/apt\/feronex\/#primaryimage"},"image":{"@id":"https:\/\/www.clinicaalthea.com\/farmacia\/hu\/apt\/feronex\/#primaryimage"},"thumbnailUrl":"https:\/\/www.clinicaalthea.com\/farmacia\/wp-content\/uploads\/2024\/09\/Feronex.jpg","datePublished":"2024-09-09T10:25:05+00:00","dateModified":"2024-09-09T10:29:13+00:00","breadcrumb":{"@id":"https:\/\/www.clinicaalthea.com\/farmacia\/hu\/apt\/feronex\/#breadcrumb"},"inLanguage":"pl-PL","potentialAction":[{"@type":"ReadAction","target":["https:\/\/www.clinicaalthea.com\/farmacia\/hu\/apt\/feronex\/"]}]},{"@type":"ImageObject","inLanguage":"pl-PL","@id":"https:\/\/www.clinicaalthea.com\/farmacia\/hu\/apt\/feronex\/#primaryimage","url":"https:\/\/www.clinicaalthea.com\/farmacia\/wp-content\/uploads\/2024\/09\/Feronex.jpg","contentUrl":"https:\/\/www.clinicaalthea.com\/farmacia\/wp-content\/uploads\/2024\/09\/Feronex.jpg","width":768,"height":768,"caption":"Feronex"},{"@type":"BreadcrumbList","@id":"https:\/\/www.clinicaalthea.com\/farmacia\/hu\/apt\/feronex\/#breadcrumb","itemListElement":[{"@type":"ListItem","position":1,"name":"Strona g\u0142\u00f3wna","item":"https:\/\/www.clinicaalthea.com\/farmacia\/"},{"@type":"ListItem","position":2,"name":"Produkty","item":"https:\/\/www.clinicaalthea.com\/farmacia\/"},{"@type":"ListItem","position":3,"name":"Feronex"}]},{"@type":"WebSite","@id":"https:\/\/www.clinicaalthea.com\/farmacia\/#website","url":"https:\/\/www.clinicaalthea.com\/farmacia\/","name":"Clinica Althea","description":"","publisher":{"@id":"https:\/\/www.clinicaalthea.com\/farmacia\/#organization"},"potentialAction":[{"@type":"SearchAction","target":{"@type":"EntryPoint","urlTemplate":"https:\/\/www.clinicaalthea.com\/farmacia\/?s={search_term_string}"},"query-input":{"@type":"PropertyValueSpecification","valueRequired":true,"valueName":"search_term_string"}}],"inLanguage":"pl-PL"},{"@type":"Organization","@id":"https:\/\/www.clinicaalthea.com\/farmacia\/#organization","name":"Clinica Althea","url":"https:\/\/www.clinicaalthea.com\/farmacia\/","logo":{"@type":"ImageObject","inLanguage":"pl-PL","@id":"https:\/\/www.clinicaalthea.com\/farmacia\/#\/schema\/logo\/image\/","url":"https:\/\/www.clinicaalthea.com\/farmacia\/wp-content\/uploads\/2023\/12\/Jak-diagnozuje-sie-FAS_-objawy-kryteria-diagnostyczne-i-metody-diagnozowania-154162903.jpg","contentUrl":"https:\/\/www.clinicaalthea.com\/farmacia\/wp-content\/uploads\/2023\/12\/Jak-diagnozuje-sie-FAS_-objawy-kryteria-diagnostyczne-i-metody-diagnozowania-154162903.jpg","width":1216,"height":832,"caption":"Clinica Althea"},"image":{"@id":"https:\/\/www.clinicaalthea.com\/farmacia\/#\/schema\/logo\/image\/"}}]}},"lang":"hu","translations":{"hu":10247,"pl":10240,"bg":10243,"cs":10245,"ro":10249,"de":10252,"el":10254,"it":10256,"lt":10258,"lv":10260,"sk":10262,"sl":10264},"pll_sync_post":[],"_links":{"self":[{"href":"https:\/\/www.clinicaalthea.com\/farmacia\/wp-json\/wp\/v2\/product\/10247","targetHints":{"allow":["GET"]}}],"collection":[{"href":"https:\/\/www.clinicaalthea.com\/farmacia\/wp-json\/wp\/v2\/product"}],"about":[{"href":"https:\/\/www.clinicaalthea.com\/farmacia\/wp-json\/wp\/v2\/types\/product"}],"replies":[{"embeddable":true,"href":"https:\/\/www.clinicaalthea.com\/farmacia\/wp-json\/wp\/v2\/comments?post=10247"}],"wp:featuredmedia":[{"embeddable":true,"href":"https:\/\/www.clinicaalthea.com\/farmacia\/wp-json\/wp\/v2\/media\/10241"}],"wp:attachment":[{"href":"https:\/\/www.clinicaalthea.com\/farmacia\/wp-json\/wp\/v2\/media?parent=10247"}],"wp:term":[{"taxonomy":"product_brand","embeddable":true,"href":"https:\/\/www.clinicaalthea.com\/farmacia\/wp-json\/wp\/v2\/product_brand?post=10247"},{"taxonomy":"product_cat","embeddable":true,"href":"https:\/\/www.clinicaalthea.com\/farmacia\/wp-json\/wp\/v2\/product_cat?post=10247"},{"taxonomy":"product_tag","embeddable":true,"href":"https:\/\/www.clinicaalthea.com\/farmacia\/wp-json\/wp\/v2\/product_tag?post=10247"}],"curies":[{"name":"wp","href":"https:\/\/api.w.org\/{rel}","templated":true}]}}