{"id":10159,"date":"2024-09-07T19:36:26","date_gmt":"2024-09-07T18:36:26","guid":{"rendered":"https:\/\/mayoguide.org\/produkty\/?post_type=product&#038;p=10159"},"modified":"2024-09-07T19:36:28","modified_gmt":"2024-09-07T18:36:28","slug":"xtrazex","status":"publish","type":"product","link":"https:\/\/www.clinicaalthea.com\/farmacia\/it\/apt\/xtrazex\/","title":{"rendered":"Xtrazex"},"content":{"rendered":"\n<h2 class=\"wp-block-heading\">Che cos&#8217;\u00e8 Xtrazex e come funziona?<\/h2>\n\n\n\n<p>Xtrazex \u00e8 un <em>integratore alimentare<\/em> innovativo studiato per gli uomini che hanno problemi di <em>potenza<\/em>. La sua <em>azione<\/em> si basa sull&#8217;aumento del flusso sanguigno agli organi pelvici, che porta a un miglioramento della qualit\u00e0 dell&#8217;erezione. L&#8217;integratore contiene <b>ingredienti naturali<\/b> che supportano l&#8217;organismo nella lotta contro le difficolt\u00e0 di erezione.<\/p>\n\n\n\n<p>Gli ingredienti principali di Xtrazex, come il ginseng, la maca, la L-arginina, l&#8217;ortica e la corteccia di yohimbe, svolgono un ruolo fondamentale nel migliorare la <b>libido<\/b>. L <b>&#8216;uso<\/b> regolare <b>di<\/b> questo integratore pu\u00f2 fornire molti benefici, come:<\/p>\n\n\n\n<ul class=\"wp-block-list\">\n<li>Miglioramento dell&#8217;erezione<\/li>\n\n\n\n<li>Aumento <b>della libido<\/b><\/li>\n\n\n\n<li>Aumento delle prestazioni sessuali<\/li>\n\n\n\n<li>Maggiore soddisfazione sessuale<\/li>\n\n\n\n<li>Miglioramento della fiducia in se stessi<\/li>\n<\/ul>\n\n\n\n<p><b>Il feedback<\/b> su Xtrazex \u00e8 stato positivo e molte persone hanno notato <b>risultati<\/b> significativi dopo poche settimane di utilizzo. L&#8217;integratore \u00e8 stato sottoposto a rigorosi studi clinici che ne hanno confermato l&#8217;efficacia nell&#8217;aumentare la potenza negli uomini. Si raccomanda di <b>usarlo<\/b> regolarmente per almeno 30 giorni per vederne i pieni benefici.<\/p>\n\n\n\n<figure class=\"wp-block-table\"><table><tbody><tr><th>Benefici di Xtrazex<\/th><th>Descrizione<\/th><\/tr><tr><td>Miglioramento dell&#8217;erezione<\/td><td>Aumenta il flusso sanguigno ai genitali<\/td><\/tr><tr><td>Aumento della libido<\/td><td>Sostegno alle naturali esigenze sessuali<\/td><\/tr><tr><td>Miglioramento delle prestazioni sessuali<\/td><td>Maggiore resistenza alla fatica durante il rapporto sessuale<\/td><\/tr><tr><td>Maggiore soddisfazione sessuale<\/td><td>Maggiore soddisfazione nella vita intima<\/td><\/tr><tr><td>Maggiore fiducia in se stessi<\/td><td>Riduzione dell&#8217;ansia da prestazione sessuale<\/td><\/tr><\/tbody><\/table><\/figure>\n\n\n\n<h2 class=\"wp-block-heading\">Xtrazex &#8211; effetti<\/h2>\n\n\n\n<p>L&#8217;uso di Xtrazex ha una serie di effetti positivi che migliorano la vita sessuale. Gli utenti notano che il preparato migliora in modo significativo la qualit\u00e0 delle erezioni e&#8230;. L&#8217;aumento della libido rende gli utilizzatori di Xtrazex pi\u00f9 sicuri di s\u00e9 nella sfera intima.<\/p>\n\n\n\n<p>Gli studi sui pazienti hanno dimostrato un aumento dei tassi di effetto in oltre il 96%. Questi <b>effetti<\/b> includono:<\/p>\n\n\n\n<ul class=\"wp-block-list\">\n<li>Miglioramento della circolazione sanguigna negli organi genitali<\/li>\n\n\n\n<li>Aumenta la produzione di testosterone<\/li>\n\n\n\n<li>Miglioramento della qualit\u00e0 dello sperma<\/li>\n<\/ul>\n\n\n\n<p>Xtrazex agisce rapidamente e richiede una sola assunzione prima del rapporto sessuale programmato, il che lo rende facile da usare. L&#8217;uso regolare di questo integratore pu\u00f2 contribuire a un miglioramento generale della potenza e della qualit\u00e0 della vita sessuale, e le <b>recensioni<\/b> sui forum online polacchi ne confermano l&#8217;efficacia e la <b>composizione<\/b> naturale.<\/p>\n\n\n\n<blockquote class=\"wp-block-quote is-layout-flow wp-block-quote-is-layout-flow\">\n<p><b>I feedback<\/b> indicano risultati soddisfacenti, tra cui una maggiore durata delle relazioni e una maggiore fiducia in se stessi.<\/p>\n<\/blockquote>\n\n\n\n<p>Xtrazex, basato su ingredienti naturali, non provoca effetti collaterali negativi o dipendenza. L&#8217;efficacia della formula e i suoi effetti positivi sulla libido e sulla <b>potenza<\/b> ne fanno un prodotto interessante sul mercato degli integratori alimentari.<\/p>\n\n\n\n<h2 class=\"wp-block-heading\">Come utilizzare Xtrazex? &#8211; Dosaggio e raccomandazioni<\/h2>\n\n\n\n<p>L&#8217;uso di Xtrazex \u00e8 fondamentale per ottenere risultati ottimali. Si consiglia di <b>sciogliere<\/b> una compressa in un bicchiere d&#8217;acqua (200 ml) e di assumerla un&#8217;ora prima dei pasti. Questo metodo di ingestione favorisce l&#8217;efficace assorbimento dei principi attivi contenuti nella formula.<\/p>\n\n\n\n<p>Xtrazex pu\u00f2 essere utilizzato a lungo termine e pu\u00f2 contribuire a migliorare la qualit\u00e0 dell&#8217;erezione e ad aumentare il piacere durante il rapporto sessuale. \u00c8 importante consultare un medico prima di iniziare il trattamento, soprattutto se si hanno altri problemi di salute o si stanno assumendo diversi farmaci.<\/p>\n\n\n\n<ul class=\"wp-block-list\">\n<li><em>Uso:<\/em> sciogliere una compressa in 200 ml di acqua.<\/li>\n\n\n\n<li><em>Dosaggio:<\/em> assumere un&#8217;ora prima dei pasti.<\/li>\n\n\n\n<li><em>Raccomandazioni:<\/em> Per ottenere risultati ottimali, si consiglia l&#8217;applicazione quotidiana.<\/li>\n<\/ul>\n\n\n\n<p>Seguendo queste raccomandazioni si possono ottenere benefici come una migliore qualit\u00e0 dell&#8217;erezione, una maggiore resistenza e un aumento della libido. \u00c8 bene tenere presente, tuttavia, che gli effetti possono variare a seconda delle condizioni corporee individuali.<\/p>\n\n\n\n<figure class=\"wp-block-table\"><table><tbody><tr><th>Aspetto<\/th><th>Dettagli<\/th><\/tr><tr><td><b>Dosaggio<\/b><\/td><td>Una compressa al giorno, sciolta in acqua<\/td><\/tr><tr><td>Indicazioni<\/td><td><b>Problemi di erezione<\/b>, calo della libido, affaticamento<\/td><\/tr><tr><td>Preparazione<\/td><td>Compresse effervescenti per confezione<\/td><\/tr><tr><td>Consultazione con un medico<\/td><td>Consigliato prima dell&#8217;uso<\/td><\/tr><\/tbody><\/table><\/figure>\n\n\n\n<h2 class=\"wp-block-heading\">Xtrazex &#8211; Opinioni e recensioni, Forum<\/h2>\n\n\n\n<p>Xtrazex si sta facendo apprezzare dagli uomini alla ricerca di soluzioni efficaci ai problemi di erezione. Il feedback su questo integratore alimentare \u00e8 estremamente positivo e molti utenti hanno notato miglioramenti significativi negli aspetti della potenza e del benessere generale. Sui forum online si possono trovare numerose <b>recensioni<\/b> che confermano l&#8217;efficacia del prodotto e dei suoi <b>ingredienti naturali<\/b>.<\/p>\n\n\n\n<p>Molte persone riferiscono che l&#8217;uso regolare di Xtrazex porta a una migliore qualit\u00e0 della vita sessuale. Gli utenti sottolineano che l&#8217;integratore promuove efficacemente la circolazione sanguigna nell&#8217;area genitale, favorendo un pi\u00f9 facile raggiungimento e mantenimento dell&#8217;erezione. Non c&#8217;\u00e8 da stupirsi che stia ottenendo cos\u00ec tante recensioni positive su diverse piattaforme.<\/p>\n\n\n\n<figure class=\"wp-block-table\"><table><tbody><tr><th>Benefici di Xtrazex<\/th><th>Recensioni degli utenti<\/th><th>Raccomandazioni<\/th><\/tr><tr><td>Miglioramento della circolazione sanguigna<\/td><td>La maggior parte degli utilizzatori riferisce di un significativo miglioramento della potenza<\/td><td>Una compressa al giorno prima dell&#8217;atto sessuale<\/td><\/tr><tr><td><b>Composizione<\/b> naturale<\/td><td>Valutazione elevata per la <b>sicurezza<\/b> e gli <b>effetti collaterali<\/b> minimi<\/td><td>Bere acqua<\/td><\/tr><tr><td>Disponibilit\u00e0 al banco<\/td><td>Interesse diffuso per i forum di discussione<\/td><td>Acquistare dal sito ufficiale del produttore<\/td><\/tr><\/tbody><\/table><\/figure>\n\n\n\n<p>Le recensioni di Xtrazex indicano che molti uomini hanno trovato in esso una soluzione ai loro problemi sessuali. Vale la pena prestare attenzione alle opinioni dei professionisti e alle <b>recensioni<\/b>, che possono fornire ulteriori informazioni sull&#8217;efficacia e la sicurezza di questo integratore.<\/p>\n\n\n\n<h2 class=\"wp-block-heading\">Xtrazex &#8211; Composizione &#8211; Cosa contiene?<\/h2>\n\n\n\n<p>Xtrazex \u00e8 caratterizzato da una <em>composizione<\/em> unica, basata su <strong>ingredienti naturali<\/strong> <em>di<\/em> origine vegetale. La sua <b>azione<\/b> favorisce non solo il miglioramento della qualit\u00e0 dell&#8217;erezione, ma anche le prestazioni sessuali complessive. I principali principi attivi sono:<\/p>\n\n\n\n<ul class=\"wp-block-list\">\n<li>Estratto di ginseng &#8211; noto per le sue propriet\u00e0 rinforzanti e stimolanti della libido.<\/li>\n\n\n\n<li>Maca peruviana &#8211; aumenta l&#8217;energia e la resistenza e favorisce la fertilit\u00e0.<\/li>\n\n\n\n<li>L&#8217;estratto di buccia di Muira Puama, noto come &#8220;albero della potenza&#8221;, favorisce la funzione sessuale.<\/li>\n\n\n\n<li>Corteccia di Yohimba &#8211; migliora la circolazione sanguigna e ha un effetto positivo sull&#8217;erezione.<\/li>\n<\/ul>\n\n\n\n<p>Inoltre, Xtrazex contiene aminoacidi come la L-arginina, fondamentali per la produzione di ossido nitrico che migliora il <strong>flusso sanguigno<\/strong>. Questa formula innovativa fornisce anche vitamine e minerali, tra cui lo zinco e le vitamine C ed E, che favoriscono la salute maschile in generale.<\/p>\n\n\n\n<p>L&#8217;effetto di Xtrazex si manifesta solitamente entro 20-30 minuti dall&#8217;assunzione della compressa sciolta in acqua, rendendola una soluzione efficace per gli uomini che desiderano migliorare la propria vita sessuale.<\/p>\n\n\n\n<h2 class=\"wp-block-heading\">Xtrazex prezzo &#8211; Dove acquistare?<\/h2>\n\n\n\n<p>Xtrazex \u00e8 un moderno <b>integratore alimentare<\/b> che sta guadagnando popolarit\u00e0 tra gli uomini in cerca di supporto sessuale. Xtrazex autentico non \u00e8 disponibile nelle farmacie fisse. Per evitare di acquistare contraffazioni, i clienti dovrebbero cercarlo solo sul <em>sito ufficiale del produttore<\/em>.<\/p>\n\n\n\n<p><b>Il prezzo di<\/b> Xtrazex pu\u00f2 variare a seconda delle promozioni in corso e delle confezioni disponibili. Per questo motivo, vale la pena di visitare regolarmente il sito <em>ufficiale del produttore<\/em> per tenere traccia delle migliori offerte. I clienti possono usufruire di sconti interessanti quando acquistano un numero maggiore di confezioni, il che \u00e8 particolarmente vantaggioso quando si utilizza l&#8217;integratore per un periodo di tempo pi\u00f9 lungo.<\/p>\n\n\n\n<p>Prima di effettuare un acquisto, \u00e8 bene conoscere <em>le opinioni degli<\/em> altri clienti. Questo pu\u00f2 aiutare a prendere una decisione ben informata. Xtrazex, grazie ai suoi ingredienti naturali, ha buone probabilit\u00e0 di essere efficace, come confermano le raccomandazioni positive degli utenti.<\/p>\n\n\n\n<h2 class=\"wp-block-heading\">Xtrazex &#8211; Effetti collaterali e controindicazioni<\/h2>\n\n\n\n<p>Sebbene Xtrazex abbia una composizione naturale, possono verificarsi <strong>effetti collaterali<\/strong>, in particolare reazioni allergiche. Pertanto, la decisione di iniziare l&#8217;integrazione deve essere preceduta da un&#8217;attenta lettura del foglietto illustrativo e dal rispetto della posologia consigliata. La dose raccomandata \u00e8 di una compressa al giorno per trenta giorni, il che \u00e8 importante per garantire <strong>la sicurezza<\/strong> durante l&#8217;uso.<\/p>\n\n\n\n<p>Le persone con problemi di salute esistenti o che assumono altri farmaci devono consultare un medico prima di iniziare il trattamento con Xtrazex. Sebbene il prodotto non presenti gravi <strong>controindicazioni<\/strong>, ogni singola situazione pu\u00f2 richiedere la valutazione di uno specialista. Prendendosi cura della propria salute, si possono evitare spiacevoli sorprese.<\/p>\n\n\n\n<p>Molte recensioni positive degli utenti non riportano alcun problema <strong>di effetti collaterali<\/strong>, confermando l&#8217;alta valutazione del prodotto, pari a 4,5\/5. Gli uomini che stanno lottando contro i problemi di erezione dovrebbero essere consapevoli che un uso responsabile di Xtrazex migliorer\u00e0 la qualit\u00e0 della vita senza rischi inutili.<\/p>\n","protected":false},"excerpt":{"rendered":"<p><strong>49.00 \u20ac<\/strong><\/p>\n<p><del>98.00 \u20ac<\/del><\/p>\n<p><strong>[date_countdown]<\/strong><\/p>\n","protected":false},"featured_media":10136,"comment_status":"open","ping_status":"closed","template":"","meta":{"neve_meta_sidebar":"","neve_meta_container":"","neve_meta_enable_content_width":"","neve_meta_content_width":0,"neve_meta_title_alignment":"","neve_meta_author_avatar":"","neve_post_elements_order":"","neve_meta_disable_header":"","neve_meta_disable_footer":"","neve_meta_disable_title":"","neve_meta_reading_time":""},"product_brand":[],"product_cat":[278],"product_tag":[],"class_list":{"0":"post-10159","1":"product","2":"type-product","3":"status-publish","4":"has-post-thumbnail","6":"product_cat-salute-sessuale","8":"first","9":"instock","10":"shipping-taxable","11":"product-type-external"},"yoast_head":"<!-- This site is optimized with the Yoast SEO plugin v27.4 - https:\/\/yoast.com\/product\/yoast-seo-wordpress\/ -->\n<title>Xtrazex - Clinica Althea<\/title>\n<meta name=\"robots\" content=\"index, follow, max-snippet:-1, max-image-preview:large, max-video-preview:-1\" \/>\n<link rel=\"canonical\" href=\"https:\/\/www.clinicaalthea.com\/farmacia\/it\/apt\/xtrazex\/\" \/>\n<meta property=\"og:locale\" content=\"pl_PL\" \/>\n<meta property=\"og:type\" content=\"article\" \/>\n<meta property=\"og:title\" content=\"Xtrazex - Clinica Althea\" \/>\n<meta property=\"og:description\" content=\"49.00 \u20ac 98.00 \u20ac\" \/>\n<meta property=\"og:url\" content=\"https:\/\/www.clinicaalthea.com\/farmacia\/it\/apt\/xtrazex\/\" \/>\n<meta property=\"og:site_name\" content=\"Clinica Althea\" \/>\n<meta property=\"article:modified_time\" content=\"2024-09-07T18:36:28+00:00\" \/>\n<meta property=\"og:image\" content=\"https:\/\/www.clinicaalthea.com\/farmacia\/wp-content\/uploads\/2024\/09\/Xtrazex.jpg\" \/>\n\t<meta property=\"og:image:width\" content=\"768\" \/>\n\t<meta property=\"og:image:height\" content=\"768\" \/>\n\t<meta property=\"og:image:type\" content=\"image\/jpeg\" \/>\n<meta name=\"twitter:card\" content=\"summary_large_image\" \/>\n<meta name=\"twitter:label1\" content=\"Szacowany czas czytania\" \/>\n\t<meta name=\"twitter:data1\" content=\"8 minut\" \/>\n<script type=\"application\/ld+json\" class=\"yoast-schema-graph\">{\"@context\":\"https:\\\/\\\/schema.org\",\"@graph\":[{\"@type\":\"WebPage\",\"@id\":\"https:\\\/\\\/www.clinicaalthea.com\\\/farmacia\\\/it\\\/apt\\\/xtrazex\\\/\",\"url\":\"https:\\\/\\\/www.clinicaalthea.com\\\/farmacia\\\/it\\\/apt\\\/xtrazex\\\/\",\"name\":\"Xtrazex - Clinica Althea\",\"isPartOf\":{\"@id\":\"https:\\\/\\\/www.clinicaalthea.com\\\/farmacia\\\/#website\"},\"primaryImageOfPage\":{\"@id\":\"https:\\\/\\\/www.clinicaalthea.com\\\/farmacia\\\/it\\\/apt\\\/xtrazex\\\/#primaryimage\"},\"image\":{\"@id\":\"https:\\\/\\\/www.clinicaalthea.com\\\/farmacia\\\/it\\\/apt\\\/xtrazex\\\/#primaryimage\"},\"thumbnailUrl\":\"https:\\\/\\\/www.clinicaalthea.com\\\/farmacia\\\/wp-content\\\/uploads\\\/2024\\\/09\\\/Xtrazex.jpg\",\"datePublished\":\"2024-09-07T18:36:26+00:00\",\"dateModified\":\"2024-09-07T18:36:28+00:00\",\"breadcrumb\":{\"@id\":\"https:\\\/\\\/www.clinicaalthea.com\\\/farmacia\\\/it\\\/apt\\\/xtrazex\\\/#breadcrumb\"},\"inLanguage\":\"pl-PL\",\"potentialAction\":[{\"@type\":\"ReadAction\",\"target\":[\"https:\\\/\\\/www.clinicaalthea.com\\\/farmacia\\\/it\\\/apt\\\/xtrazex\\\/\"]}]},{\"@type\":\"ImageObject\",\"inLanguage\":\"pl-PL\",\"@id\":\"https:\\\/\\\/www.clinicaalthea.com\\\/farmacia\\\/it\\\/apt\\\/xtrazex\\\/#primaryimage\",\"url\":\"https:\\\/\\\/www.clinicaalthea.com\\\/farmacia\\\/wp-content\\\/uploads\\\/2024\\\/09\\\/Xtrazex.jpg\",\"contentUrl\":\"https:\\\/\\\/www.clinicaalthea.com\\\/farmacia\\\/wp-content\\\/uploads\\\/2024\\\/09\\\/Xtrazex.jpg\",\"width\":768,\"height\":768,\"caption\":\"Xtrazex\"},{\"@type\":\"BreadcrumbList\",\"@id\":\"https:\\\/\\\/www.clinicaalthea.com\\\/farmacia\\\/it\\\/apt\\\/xtrazex\\\/#breadcrumb\",\"itemListElement\":[{\"@type\":\"ListItem\",\"position\":1,\"name\":\"Strona g\u0142\u00f3wna\",\"item\":\"https:\\\/\\\/www.clinicaalthea.com\\\/farmacia\\\/\"},{\"@type\":\"ListItem\",\"position\":2,\"name\":\"Produkty\",\"item\":\"https:\\\/\\\/www.clinicaalthea.com\\\/farmacia\\\/\"},{\"@type\":\"ListItem\",\"position\":3,\"name\":\"Xtrazex\"}]},{\"@type\":\"WebSite\",\"@id\":\"https:\\\/\\\/www.clinicaalthea.com\\\/farmacia\\\/#website\",\"url\":\"https:\\\/\\\/www.clinicaalthea.com\\\/farmacia\\\/\",\"name\":\"Clinica Althea\",\"description\":\"\",\"publisher\":{\"@id\":\"https:\\\/\\\/www.clinicaalthea.com\\\/farmacia\\\/#organization\"},\"potentialAction\":[{\"@type\":\"SearchAction\",\"target\":{\"@type\":\"EntryPoint\",\"urlTemplate\":\"https:\\\/\\\/www.clinicaalthea.com\\\/farmacia\\\/?s={search_term_string}\"},\"query-input\":{\"@type\":\"PropertyValueSpecification\",\"valueRequired\":true,\"valueName\":\"search_term_string\"}}],\"inLanguage\":\"pl-PL\"},{\"@type\":\"Organization\",\"@id\":\"https:\\\/\\\/www.clinicaalthea.com\\\/farmacia\\\/#organization\",\"name\":\"Clinica Althea\",\"url\":\"https:\\\/\\\/www.clinicaalthea.com\\\/farmacia\\\/\",\"logo\":{\"@type\":\"ImageObject\",\"inLanguage\":\"pl-PL\",\"@id\":\"https:\\\/\\\/www.clinicaalthea.com\\\/farmacia\\\/#\\\/schema\\\/logo\\\/image\\\/\",\"url\":\"https:\\\/\\\/www.clinicaalthea.com\\\/farmacia\\\/wp-content\\\/uploads\\\/2023\\\/12\\\/Jak-diagnozuje-sie-FAS_-objawy-kryteria-diagnostyczne-i-metody-diagnozowania-154162903.jpg\",\"contentUrl\":\"https:\\\/\\\/www.clinicaalthea.com\\\/farmacia\\\/wp-content\\\/uploads\\\/2023\\\/12\\\/Jak-diagnozuje-sie-FAS_-objawy-kryteria-diagnostyczne-i-metody-diagnozowania-154162903.jpg\",\"width\":1216,\"height\":832,\"caption\":\"Clinica Althea\"},\"image\":{\"@id\":\"https:\\\/\\\/www.clinicaalthea.com\\\/farmacia\\\/#\\\/schema\\\/logo\\\/image\\\/\"}}]}<\/script>\n<!-- \/ Yoast SEO plugin. -->","yoast_head_json":{"title":"Xtrazex - Clinica Althea","robots":{"index":"index","follow":"follow","max-snippet":"max-snippet:-1","max-image-preview":"max-image-preview:large","max-video-preview":"max-video-preview:-1"},"canonical":"https:\/\/www.clinicaalthea.com\/farmacia\/it\/apt\/xtrazex\/","og_locale":"pl_PL","og_type":"article","og_title":"Xtrazex - Clinica Althea","og_description":"49.00 \u20ac 98.00 \u20ac","og_url":"https:\/\/www.clinicaalthea.com\/farmacia\/it\/apt\/xtrazex\/","og_site_name":"Clinica Althea","article_modified_time":"2024-09-07T18:36:28+00:00","og_image":[{"width":768,"height":768,"url":"https:\/\/www.clinicaalthea.com\/farmacia\/wp-content\/uploads\/2024\/09\/Xtrazex.jpg","type":"image\/jpeg"}],"twitter_card":"summary_large_image","twitter_misc":{"Szacowany czas czytania":"8 minut"},"schema":{"@context":"https:\/\/schema.org","@graph":[{"@type":"WebPage","@id":"https:\/\/www.clinicaalthea.com\/farmacia\/it\/apt\/xtrazex\/","url":"https:\/\/www.clinicaalthea.com\/farmacia\/it\/apt\/xtrazex\/","name":"Xtrazex - Clinica Althea","isPartOf":{"@id":"https:\/\/www.clinicaalthea.com\/farmacia\/#website"},"primaryImageOfPage":{"@id":"https:\/\/www.clinicaalthea.com\/farmacia\/it\/apt\/xtrazex\/#primaryimage"},"image":{"@id":"https:\/\/www.clinicaalthea.com\/farmacia\/it\/apt\/xtrazex\/#primaryimage"},"thumbnailUrl":"https:\/\/www.clinicaalthea.com\/farmacia\/wp-content\/uploads\/2024\/09\/Xtrazex.jpg","datePublished":"2024-09-07T18:36:26+00:00","dateModified":"2024-09-07T18:36:28+00:00","breadcrumb":{"@id":"https:\/\/www.clinicaalthea.com\/farmacia\/it\/apt\/xtrazex\/#breadcrumb"},"inLanguage":"pl-PL","potentialAction":[{"@type":"ReadAction","target":["https:\/\/www.clinicaalthea.com\/farmacia\/it\/apt\/xtrazex\/"]}]},{"@type":"ImageObject","inLanguage":"pl-PL","@id":"https:\/\/www.clinicaalthea.com\/farmacia\/it\/apt\/xtrazex\/#primaryimage","url":"https:\/\/www.clinicaalthea.com\/farmacia\/wp-content\/uploads\/2024\/09\/Xtrazex.jpg","contentUrl":"https:\/\/www.clinicaalthea.com\/farmacia\/wp-content\/uploads\/2024\/09\/Xtrazex.jpg","width":768,"height":768,"caption":"Xtrazex"},{"@type":"BreadcrumbList","@id":"https:\/\/www.clinicaalthea.com\/farmacia\/it\/apt\/xtrazex\/#breadcrumb","itemListElement":[{"@type":"ListItem","position":1,"name":"Strona g\u0142\u00f3wna","item":"https:\/\/www.clinicaalthea.com\/farmacia\/"},{"@type":"ListItem","position":2,"name":"Produkty","item":"https:\/\/www.clinicaalthea.com\/farmacia\/"},{"@type":"ListItem","position":3,"name":"Xtrazex"}]},{"@type":"WebSite","@id":"https:\/\/www.clinicaalthea.com\/farmacia\/#website","url":"https:\/\/www.clinicaalthea.com\/farmacia\/","name":"Clinica Althea","description":"","publisher":{"@id":"https:\/\/www.clinicaalthea.com\/farmacia\/#organization"},"potentialAction":[{"@type":"SearchAction","target":{"@type":"EntryPoint","urlTemplate":"https:\/\/www.clinicaalthea.com\/farmacia\/?s={search_term_string}"},"query-input":{"@type":"PropertyValueSpecification","valueRequired":true,"valueName":"search_term_string"}}],"inLanguage":"pl-PL"},{"@type":"Organization","@id":"https:\/\/www.clinicaalthea.com\/farmacia\/#organization","name":"Clinica Althea","url":"https:\/\/www.clinicaalthea.com\/farmacia\/","logo":{"@type":"ImageObject","inLanguage":"pl-PL","@id":"https:\/\/www.clinicaalthea.com\/farmacia\/#\/schema\/logo\/image\/","url":"https:\/\/www.clinicaalthea.com\/farmacia\/wp-content\/uploads\/2023\/12\/Jak-diagnozuje-sie-FAS_-objawy-kryteria-diagnostyczne-i-metody-diagnozowania-154162903.jpg","contentUrl":"https:\/\/www.clinicaalthea.com\/farmacia\/wp-content\/uploads\/2023\/12\/Jak-diagnozuje-sie-FAS_-objawy-kryteria-diagnostyczne-i-metody-diagnozowania-154162903.jpg","width":1216,"height":832,"caption":"Clinica Althea"},"image":{"@id":"https:\/\/www.clinicaalthea.com\/farmacia\/#\/schema\/logo\/image\/"}}]}},"lang":"it","translations":{"it":10159,"pl":10135,"fr":10138,"nl":10140,"hu":10142,"bg":10144,"sk":10146,"cs":10148,"de":10151,"es":10153,"el":10155,"ro":10157},"pll_sync_post":[],"_links":{"self":[{"href":"https:\/\/www.clinicaalthea.com\/farmacia\/wp-json\/wp\/v2\/product\/10159","targetHints":{"allow":["GET"]}}],"collection":[{"href":"https:\/\/www.clinicaalthea.com\/farmacia\/wp-json\/wp\/v2\/product"}],"about":[{"href":"https:\/\/www.clinicaalthea.com\/farmacia\/wp-json\/wp\/v2\/types\/product"}],"replies":[{"embeddable":true,"href":"https:\/\/www.clinicaalthea.com\/farmacia\/wp-json\/wp\/v2\/comments?post=10159"}],"wp:featuredmedia":[{"embeddable":true,"href":"https:\/\/www.clinicaalthea.com\/farmacia\/wp-json\/wp\/v2\/media\/10136"}],"wp:attachment":[{"href":"https:\/\/www.clinicaalthea.com\/farmacia\/wp-json\/wp\/v2\/media?parent=10159"}],"wp:term":[{"taxonomy":"product_brand","embeddable":true,"href":"https:\/\/www.clinicaalthea.com\/farmacia\/wp-json\/wp\/v2\/product_brand?post=10159"},{"taxonomy":"product_cat","embeddable":true,"href":"https:\/\/www.clinicaalthea.com\/farmacia\/wp-json\/wp\/v2\/product_cat?post=10159"},{"taxonomy":"product_tag","embeddable":true,"href":"https:\/\/www.clinicaalthea.com\/farmacia\/wp-json\/wp\/v2\/product_tag?post=10159"}],"curies":[{"name":"wp","href":"https:\/\/api.w.org\/{rel}","templated":true}]}}