{"id":10153,"date":"2024-09-07T19:35:01","date_gmt":"2024-09-07T18:35:01","guid":{"rendered":"https:\/\/mayoguide.org\/produkty\/?post_type=product&#038;p=10153"},"modified":"2024-09-07T19:36:28","modified_gmt":"2024-09-07T18:36:28","slug":"xtrazex","status":"publish","type":"product","link":"https:\/\/www.clinicaalthea.com\/farmacia\/es\/apt\/xtrazex\/","title":{"rendered":"Xtrazex"},"content":{"rendered":"\n<h2 class=\"wp-block-heading\">\u00bfQu\u00e9 es Xtrazex y c\u00f3mo funciona?<\/h2>\n\n\n\n<p>Xtrazex es un <em>complemento alimenticio<\/em> innovador destinado a los hombres con problemas de <em>potencia<\/em>. Su <em>acci\u00f3n<\/em> se basa en el aumento del flujo sangu\u00edneo a los \u00f3rganos p\u00e9lvicos, lo que conduce a una mejora de la calidad de las erecciones. El suplemento contiene <b>ingredientes naturales<\/b> que apoyan al organismo en la lucha contra los problemas de erecci\u00f3n.<\/p>\n\n\n\n<p>Los principales ingredientes de Xtrazex, como el ginseng, la maca, la L-arginina, la ortiga y la corteza de yohimbe, desempe\u00f1an un papel clave en la mejora de <b>la libido<\/b>. <b>El uso<\/b> regular <b>de<\/b> este suplemento puede proporcionar muchos beneficios, tales como:<\/p>\n\n\n\n<ul class=\"wp-block-list\">\n<li>Mejora de las erecciones<\/li>\n\n\n\n<li>Aumento de <b>la libido<\/b><\/li>\n\n\n\n<li>Aumento del rendimiento sexual<\/li>\n\n\n\n<li>Mayor satisfacci\u00f3n sexual<\/li>\n\n\n\n<li>Mayor confianza en s\u00ed mismo<\/li>\n<\/ul>\n\n\n\n<p><b>Los comentarios<\/b> sobre Xtrazex han sido positivos, y muchas personas han notado <b>resultados significativos<\/b> tras unas pocas semanas de uso. El suplemento ha sido sometido a rigurosos ensayos cl\u00ednicos que confirman su eficacia para aumentar la potencia en los hombres. Se recomienda su <b>uso<\/b> regular durante al menos 30 d\u00edas para ver todos sus beneficios.<\/p>\n\n\n\n<figure class=\"wp-block-table\"><table><tbody><tr><th>Beneficios de Xtrazex<\/th><th>Descripci\u00f3n<\/th><\/tr><tr><td>Mejora de las erecciones<\/td><td>Aumentar el flujo sangu\u00edneo a los genitales<\/td><\/tr><tr><td>Aumento de la libido<\/td><td>Apoyo a las necesidades sexuales naturales<\/td><\/tr><tr><td>Mejorar el rendimiento sexual<\/td><td>Mayor resistencia a la fatiga durante el coito<\/td><\/tr><tr><td>Mayor satisfacci\u00f3n sexual<\/td><td>Mayor satisfacci\u00f3n con la vida \u00edntima<\/td><\/tr><tr><td>Mayor confianza en s\u00ed mismo<\/td><td>Reducci\u00f3n de la ansiedad por el rendimiento sexual<\/td><\/tr><\/tbody><\/table><\/figure>\n\n\n\n<h2 class=\"wp-block-heading\">Xtrazex &#8211; efectos<\/h2>\n\n\n\n<p>El uso de Xtrazex tiene una serie de efectos positivos que mejoran la vida sexual. Los usuarios notan que la preparaci\u00f3n mejora significativamente la calidad de las erecciones y . El aumento de la libido hace que los usuarios Xtrazex m\u00e1s confianza en la esfera \u00edntima.<\/p>\n\n\n\n<p>Los estudios con pacientes han demostrado un aumento de los efectos en m\u00e1s del 96%. Estos <b>efectos<\/b> incluyen:<\/p>\n\n\n\n<ul class=\"wp-block-list\">\n<li>Mejora de la circulaci\u00f3n sangu\u00ednea en los \u00f3rganos genitales<\/li>\n\n\n\n<li>Aumentar la producci\u00f3n de testosterona<\/li>\n\n\n\n<li>Mejora de la calidad del esperma<\/li>\n<\/ul>\n\n\n\n<p>Xtrazex act\u00faa con rapidez y requiere una \u00fanica toma antes de la relaci\u00f3n sexual prevista, lo que facilita su uso. El uso regular de este suplemento puede contribuir a una mejora general de la potencia y la calidad de la vida sexual, y <b>los comentarios<\/b> en los foros en l\u00ednea polacos confirman su eficacia y <b>composici\u00f3n<\/b> natural.<\/p>\n\n\n\n<blockquote class=\"wp-block-quote is-layout-flow wp-block-quote-is-layout-flow\">\n<p><b>Los comentarios<\/b> indican resultados satisfactorios que incluyen una mayor duraci\u00f3n de las relaciones y un aumento de la confianza.<\/p>\n<\/blockquote>\n\n\n\n<p>Xtrazex, a base de ingredientes naturales, no provoca efectos secundarios negativos ni adicci\u00f3n. La eficacia de la f\u00f3rmula y sus efectos positivos sobre la libido y <b>la potencia<\/b> lo convierten en un producto atractivo en el mercado de los suplementos diet\u00e9ticos.<\/p>\n\n\n\n<h2 class=\"wp-block-heading\">\u00bfC\u00f3mo utilizar Xtrazex? &#8211; Posolog\u00eda y recomendaciones<\/h2>\n\n\n\n<p>El uso de Xtrazex es crucial para obtener resultados \u00f3ptimos. Se recomienda que <b>la dosificaci\u00f3n<\/b> consista en disolver un comprimido en un vaso de agua (200 ml) y tomarlo una hora antes de la comida. Este m\u00e9todo de ingesti\u00f3n favorece la absorci\u00f3n eficaz de los principios activos de la f\u00f3rmula.<\/p>\n\n\n\n<p>Xtrazex puede utilizarse a largo plazo y puede ayudar a mejorar la calidad de las erecciones y aumentar el placer durante el coito. Es importante consultar a un m\u00e9dico antes de iniciar el tratamiento, especialmente si tiene otros problemas de salud o est\u00e1 tomando diferentes medicamentos.<\/p>\n\n\n\n<ul class=\"wp-block-list\">\n<li><em>Utilizaci\u00f3n:<\/em> Disolver un comprimido en 200 ml de agua.<\/li>\n\n\n\n<li><em>Posolog\u00eda:<\/em> Tomar una hora antes de las comidas.<\/li>\n\n\n\n<li><em>Recomendaciones:<\/em> Para obtener los mejores resultados, se recomienda la aplicaci\u00f3n diaria.<\/li>\n<\/ul>\n\n\n\n<p>Seguir estas recomendaciones puede reportar beneficios como la mejora de la calidad de la erecci\u00f3n, el aumento de la resistencia y el incremento de la libido. No obstante, conviene tener en cuenta que los efectos pueden variar en funci\u00f3n de las condiciones corporales de cada persona.<\/p>\n\n\n\n<figure class=\"wp-block-table\"><table><tbody><tr><th>Aspecto<\/th><th>Detalles<\/th><\/tr><tr><td><b>Dosificaci\u00f3n<\/b><\/td><td>Un comprimido al d\u00eda, disuelto en agua<\/td><\/tr><tr><td>Indicaciones<\/td><td><b>Problemas er\u00e9ctiles<\/b>, disminuci\u00f3n de la libido, fatiga<\/td><\/tr><tr><td>Preparaci\u00f3n<\/td><td>Comprimidos efervescentes por envase<\/td><\/tr><tr><td>Consulta con un m\u00e9dico<\/td><td>Recomendado antes del uso<\/td><\/tr><\/tbody><\/table><\/figure>\n\n\n\n<h2 class=\"wp-block-heading\">Xtrazex &#8211; Opiniones y cr\u00edticas, Foro<\/h2>\n\n\n\n<p>Xtrazex est\u00e1 ganando reconocimiento entre los hombres que buscan soluciones eficaces a los problemas de erecci\u00f3n. Los comentarios de este suplemento diet\u00e9tico son abrumadoramente positivos, y muchos usuarios han observado mejoras significativas en aspectos como la potencia y el bienestar general. Se pueden encontrar numerosos <b>comentarios<\/b> en foros en l\u00ednea, que confirman la eficacia del producto y sus <b>ingredientes naturales<\/b>.<\/p>\n\n\n\n<p>Muchas personas afirman que el uso regular de Xtrazex conduce a una mejor calidad de vida sexual. Los usuarios destacan que el suplemento promueve eficazmente la circulaci\u00f3n sangu\u00ednea en la zona genital, lo que favorece la consecuci\u00f3n y el mantenimiento de las erecciones con mayor facilidad. No es de extra\u00f1ar que est\u00e1 ganando tantos comentarios positivos en una variedad de plataformas.<\/p>\n\n\n\n<figure class=\"wp-block-table\"><table><tbody><tr><th>Beneficios de Xtrazex<\/th><th>Opiniones de usuarios<\/th><th>Recomendaciones<\/th><\/tr><tr><td>Mejorar la circulaci\u00f3n sangu\u00ednea<\/td><td>La mayor\u00eda de los usuarios declaran una mejora significativa de la potencia<\/td><td>Un comprimido al d\u00eda antes del acto sexual<\/td><\/tr><tr><td><b>Composici\u00f3n<\/b> natural<\/td><td>Alta calificaci\u00f3n en <b>seguridad<\/b> y <b>efectos secundarios<\/b> m\u00ednimos<\/td><td>Beber agua<\/td><\/tr><tr><td>Disponibilidad sin receta<\/td><td>Gran inter\u00e9s por los foros de debate<\/td><td>Comprar en la web oficial del fabricante<\/td><\/tr><\/tbody><\/table><\/figure>\n\n\n\n<p>Xtrazex opiniones indican que muchos hombres han encontrado en ella una soluci\u00f3n a sus problemas sexuales. Vale la pena prestar atenci\u00f3n a las opiniones de los profesionales y las <b>revisiones<\/b>, que pueden proporcionar informaci\u00f3n adicional sobre la eficacia y seguridad de este suplemento.<\/p>\n\n\n\n<h2 class=\"wp-block-heading\">Xtrazex &#8211; Composici\u00f3n &#8211; \u00bfQu\u00e9 contiene?<\/h2>\n\n\n\n<p>Xtrazex se caracteriza por su <em>composici\u00f3n<\/em> \u00fanica, basada en <strong>ingredientes naturales<\/strong> <em>de<\/em> origen vegetal. Su <b>acci\u00f3n<\/b> favorece no s\u00f3lo la mejora de la calidad de la erecci\u00f3n, sino tambi\u00e9n el rendimiento sexual en general. Los principales ingredientes activos son:<\/p>\n\n\n\n<ul class=\"wp-block-list\">\n<li>Extracto de ginseng: conocido por sus propiedades fortalecedoras y potenciadoras de la libido.<\/li>\n\n\n\n<li>Maca peruana: aumenta la energ\u00eda y la resistencia, y favorece la fertilidad.<\/li>\n\n\n\n<li>El extracto de c\u00e1scara de Muira Puama, conocido como el &#8220;\u00e1rbol de la potencia&#8221;, favorece la funci\u00f3n sexual.<\/li>\n\n\n\n<li>Corteza de yohimba: mejora la circulaci\u00f3n sangu\u00ednea y tiene un efecto positivo en la erecci\u00f3n.<\/li>\n<\/ul>\n\n\n\n<p>Adem\u00e1s, Xtrazex contiene amino\u00e1cidos como la L-arginina, clave en la producci\u00f3n de \u00f3xido n\u00edtrico que mejora <strong>el flujo sangu\u00edneo<\/strong>. Esta f\u00f3rmula innovadora tambi\u00e9n aporta vitaminas y minerales, como el zinc y las vitaminas C y E, que favorecen la salud masculina en general.<\/p>\n\n\n\n<p>El efecto de Xtrazex suele manifestarse entre 20 y 30 minutos despu\u00e9s de tomar el comprimido disuelto en agua, lo que lo convierte en una soluci\u00f3n eficaz para los hombres que buscan mejorar su vida sexual.<\/p>\n\n\n\n<h2 class=\"wp-block-heading\">Xtrazex precio &#8211; \u00bfD\u00f3nde comprar?<\/h2>\n\n\n\n<p>Xtrazex es un <b>suplemento diet\u00e9tico<\/b> moderno que est\u00e1 ganando popularidad entre los hombres que buscan apoyo sexual. El Xtrazex aut\u00e9ntico no est\u00e1 disponible en farmacias estacionarias. Para evitar comprar falsificaciones, los clientes s\u00f3lo deben buscarlo en <em>el sitio web oficial<\/em> del <em>fabricante<\/em>.<\/p>\n\n\n\n<p><b>El precio de<\/b> Xtrazex puede variar en funci\u00f3n de las promociones vigentes y de los paquetes disponibles. Por este motivo, merece la pena visitar regularmente <em>el<\/em> sitio web <em>oficial del fabricante<\/em> para estar al tanto de las mejores ofertas. Los clientes pueden beneficiarse de atractivos descuentos al comprar un mayor n\u00famero de paquetes, lo que es especialmente beneficioso cuando se utiliza el suplemento durante un per\u00edodo de tiempo m\u00e1s largo.<\/p>\n\n\n\n<p>Antes de comprar, tambi\u00e9n conviene conocer <em>las opiniones de<\/em> otros clientes. Esto puede ayudarle a tomar una decisi\u00f3n bien informada. Xtrazex, gracias a sus ingredientes naturales, tiene muchas posibilidades de ser eficaz, como confirman las recomendaciones positivas de los usuarios.<\/p>\n\n\n\n<h2 class=\"wp-block-heading\">Xtrazex &#8211; Efectos secundarios y contraindicaciones<\/h2>\n\n\n\n<p>Aunque Xtrazex tiene una composici\u00f3n natural, pueden producirse <strong>efectos secundarios<\/strong>, especialmente reacciones al\u00e9rgicas. Por ello, la decisi\u00f3n de iniciar la suplementaci\u00f3n debe ir precedida de una lectura atenta del prospecto y del cumplimiento de la posolog\u00eda recomendada. La dosis recomendada es de un comprimido al d\u00eda durante treinta d\u00edas, lo que es importante para garantizar <strong>la seguridad<\/strong> durante el uso.<\/p>\n\n\n\n<p>Las personas con problemas de salud existentes o que tomen otros medicamentos deben consultar a un m\u00e9dico antes de iniciar el tratamiento con Xtrazex. Aunque el producto no tiene <strong>contraindicaciones<\/strong> graves, es posible que cada situaci\u00f3n individual deba ser evaluada por un especialista. Cuidando su salud, puede evitar sorpresas desagradables.<\/p>\n\n\n\n<p>Muchos comentarios positivos de los usuarios informan de que no hay problemas de <strong>efectos secundarios<\/strong>, lo que confirma la alta calificaci\u00f3n del producto de 4,5\/5. Los hombres que est\u00e1n luchando con problemas de erecci\u00f3n deben ser conscientes de que el uso responsable de Xtrazex mejorar\u00e1 la calidad de vida sin riesgos innecesarios.<\/p>\n","protected":false},"excerpt":{"rendered":"<p><strong>49.00 \u20ac<\/strong><\/p>\n<p><del>98.00 \u20ac<\/del><\/p>\n<p><strong>[date_countdown]<\/strong><\/p>\n","protected":false},"featured_media":10136,"comment_status":"open","ping_status":"closed","template":"","meta":{"neve_meta_sidebar":"","neve_meta_container":"","neve_meta_enable_content_width":"","neve_meta_content_width":0,"neve_meta_title_alignment":"","neve_meta_author_avatar":"","neve_post_elements_order":"","neve_meta_disable_header":"","neve_meta_disable_footer":"","neve_meta_disable_title":"","neve_meta_reading_time":""},"product_brand":[],"product_cat":[351],"product_tag":[],"class_list":{"0":"post-10153","1":"product","2":"type-product","3":"status-publish","4":"has-post-thumbnail","6":"product_cat-salud-sexual","8":"first","9":"instock","10":"shipping-taxable","11":"product-type-external"},"yoast_head":"<!-- This site is optimized with the Yoast SEO plugin v27.4 - https:\/\/yoast.com\/product\/yoast-seo-wordpress\/ -->\n<title>Xtrazex - Clinica Althea<\/title>\n<meta name=\"robots\" content=\"index, follow, max-snippet:-1, max-image-preview:large, max-video-preview:-1\" \/>\n<link rel=\"canonical\" href=\"https:\/\/www.clinicaalthea.com\/farmacia\/es\/apt\/xtrazex\/\" \/>\n<meta property=\"og:locale\" content=\"pl_PL\" \/>\n<meta property=\"og:type\" content=\"article\" \/>\n<meta property=\"og:title\" content=\"Xtrazex - Clinica Althea\" \/>\n<meta property=\"og:description\" content=\"49.00 \u20ac 98.00 \u20ac\" \/>\n<meta property=\"og:url\" content=\"https:\/\/www.clinicaalthea.com\/farmacia\/es\/apt\/xtrazex\/\" \/>\n<meta property=\"og:site_name\" content=\"Clinica Althea\" \/>\n<meta property=\"article:modified_time\" content=\"2024-09-07T18:36:28+00:00\" \/>\n<meta property=\"og:image\" content=\"https:\/\/www.clinicaalthea.com\/farmacia\/wp-content\/uploads\/2024\/09\/Xtrazex.jpg\" \/>\n\t<meta property=\"og:image:width\" content=\"768\" \/>\n\t<meta property=\"og:image:height\" content=\"768\" \/>\n\t<meta property=\"og:image:type\" content=\"image\/jpeg\" \/>\n<meta name=\"twitter:card\" content=\"summary_large_image\" \/>\n<meta name=\"twitter:label1\" content=\"Szacowany czas czytania\" \/>\n\t<meta name=\"twitter:data1\" content=\"9 minut\" \/>\n<script type=\"application\/ld+json\" class=\"yoast-schema-graph\">{\"@context\":\"https:\\\/\\\/schema.org\",\"@graph\":[{\"@type\":\"WebPage\",\"@id\":\"https:\\\/\\\/www.clinicaalthea.com\\\/farmacia\\\/es\\\/apt\\\/xtrazex\\\/\",\"url\":\"https:\\\/\\\/www.clinicaalthea.com\\\/farmacia\\\/es\\\/apt\\\/xtrazex\\\/\",\"name\":\"Xtrazex - Clinica Althea\",\"isPartOf\":{\"@id\":\"https:\\\/\\\/www.clinicaalthea.com\\\/farmacia\\\/#website\"},\"primaryImageOfPage\":{\"@id\":\"https:\\\/\\\/www.clinicaalthea.com\\\/farmacia\\\/es\\\/apt\\\/xtrazex\\\/#primaryimage\"},\"image\":{\"@id\":\"https:\\\/\\\/www.clinicaalthea.com\\\/farmacia\\\/es\\\/apt\\\/xtrazex\\\/#primaryimage\"},\"thumbnailUrl\":\"https:\\\/\\\/www.clinicaalthea.com\\\/farmacia\\\/wp-content\\\/uploads\\\/2024\\\/09\\\/Xtrazex.jpg\",\"datePublished\":\"2024-09-07T18:35:01+00:00\",\"dateModified\":\"2024-09-07T18:36:28+00:00\",\"breadcrumb\":{\"@id\":\"https:\\\/\\\/www.clinicaalthea.com\\\/farmacia\\\/es\\\/apt\\\/xtrazex\\\/#breadcrumb\"},\"inLanguage\":\"pl-PL\",\"potentialAction\":[{\"@type\":\"ReadAction\",\"target\":[\"https:\\\/\\\/www.clinicaalthea.com\\\/farmacia\\\/es\\\/apt\\\/xtrazex\\\/\"]}]},{\"@type\":\"ImageObject\",\"inLanguage\":\"pl-PL\",\"@id\":\"https:\\\/\\\/www.clinicaalthea.com\\\/farmacia\\\/es\\\/apt\\\/xtrazex\\\/#primaryimage\",\"url\":\"https:\\\/\\\/www.clinicaalthea.com\\\/farmacia\\\/wp-content\\\/uploads\\\/2024\\\/09\\\/Xtrazex.jpg\",\"contentUrl\":\"https:\\\/\\\/www.clinicaalthea.com\\\/farmacia\\\/wp-content\\\/uploads\\\/2024\\\/09\\\/Xtrazex.jpg\",\"width\":768,\"height\":768,\"caption\":\"Xtrazex\"},{\"@type\":\"BreadcrumbList\",\"@id\":\"https:\\\/\\\/www.clinicaalthea.com\\\/farmacia\\\/es\\\/apt\\\/xtrazex\\\/#breadcrumb\",\"itemListElement\":[{\"@type\":\"ListItem\",\"position\":1,\"name\":\"Strona g\u0142\u00f3wna\",\"item\":\"https:\\\/\\\/www.clinicaalthea.com\\\/farmacia\\\/\"},{\"@type\":\"ListItem\",\"position\":2,\"name\":\"Produkty\",\"item\":\"https:\\\/\\\/www.clinicaalthea.com\\\/farmacia\\\/\"},{\"@type\":\"ListItem\",\"position\":3,\"name\":\"Xtrazex\"}]},{\"@type\":\"WebSite\",\"@id\":\"https:\\\/\\\/www.clinicaalthea.com\\\/farmacia\\\/#website\",\"url\":\"https:\\\/\\\/www.clinicaalthea.com\\\/farmacia\\\/\",\"name\":\"Clinica Althea\",\"description\":\"\",\"publisher\":{\"@id\":\"https:\\\/\\\/www.clinicaalthea.com\\\/farmacia\\\/#organization\"},\"potentialAction\":[{\"@type\":\"SearchAction\",\"target\":{\"@type\":\"EntryPoint\",\"urlTemplate\":\"https:\\\/\\\/www.clinicaalthea.com\\\/farmacia\\\/?s={search_term_string}\"},\"query-input\":{\"@type\":\"PropertyValueSpecification\",\"valueRequired\":true,\"valueName\":\"search_term_string\"}}],\"inLanguage\":\"pl-PL\"},{\"@type\":\"Organization\",\"@id\":\"https:\\\/\\\/www.clinicaalthea.com\\\/farmacia\\\/#organization\",\"name\":\"Clinica Althea\",\"url\":\"https:\\\/\\\/www.clinicaalthea.com\\\/farmacia\\\/\",\"logo\":{\"@type\":\"ImageObject\",\"inLanguage\":\"pl-PL\",\"@id\":\"https:\\\/\\\/www.clinicaalthea.com\\\/farmacia\\\/#\\\/schema\\\/logo\\\/image\\\/\",\"url\":\"https:\\\/\\\/www.clinicaalthea.com\\\/farmacia\\\/wp-content\\\/uploads\\\/2023\\\/12\\\/Jak-diagnozuje-sie-FAS_-objawy-kryteria-diagnostyczne-i-metody-diagnozowania-154162903.jpg\",\"contentUrl\":\"https:\\\/\\\/www.clinicaalthea.com\\\/farmacia\\\/wp-content\\\/uploads\\\/2023\\\/12\\\/Jak-diagnozuje-sie-FAS_-objawy-kryteria-diagnostyczne-i-metody-diagnozowania-154162903.jpg\",\"width\":1216,\"height\":832,\"caption\":\"Clinica Althea\"},\"image\":{\"@id\":\"https:\\\/\\\/www.clinicaalthea.com\\\/farmacia\\\/#\\\/schema\\\/logo\\\/image\\\/\"}}]}<\/script>\n<!-- \/ Yoast SEO plugin. -->","yoast_head_json":{"title":"Xtrazex - Clinica Althea","robots":{"index":"index","follow":"follow","max-snippet":"max-snippet:-1","max-image-preview":"max-image-preview:large","max-video-preview":"max-video-preview:-1"},"canonical":"https:\/\/www.clinicaalthea.com\/farmacia\/es\/apt\/xtrazex\/","og_locale":"pl_PL","og_type":"article","og_title":"Xtrazex - Clinica Althea","og_description":"49.00 \u20ac 98.00 \u20ac","og_url":"https:\/\/www.clinicaalthea.com\/farmacia\/es\/apt\/xtrazex\/","og_site_name":"Clinica Althea","article_modified_time":"2024-09-07T18:36:28+00:00","og_image":[{"width":768,"height":768,"url":"https:\/\/www.clinicaalthea.com\/farmacia\/wp-content\/uploads\/2024\/09\/Xtrazex.jpg","type":"image\/jpeg"}],"twitter_card":"summary_large_image","twitter_misc":{"Szacowany czas czytania":"9 minut"},"schema":{"@context":"https:\/\/schema.org","@graph":[{"@type":"WebPage","@id":"https:\/\/www.clinicaalthea.com\/farmacia\/es\/apt\/xtrazex\/","url":"https:\/\/www.clinicaalthea.com\/farmacia\/es\/apt\/xtrazex\/","name":"Xtrazex - Clinica Althea","isPartOf":{"@id":"https:\/\/www.clinicaalthea.com\/farmacia\/#website"},"primaryImageOfPage":{"@id":"https:\/\/www.clinicaalthea.com\/farmacia\/es\/apt\/xtrazex\/#primaryimage"},"image":{"@id":"https:\/\/www.clinicaalthea.com\/farmacia\/es\/apt\/xtrazex\/#primaryimage"},"thumbnailUrl":"https:\/\/www.clinicaalthea.com\/farmacia\/wp-content\/uploads\/2024\/09\/Xtrazex.jpg","datePublished":"2024-09-07T18:35:01+00:00","dateModified":"2024-09-07T18:36:28+00:00","breadcrumb":{"@id":"https:\/\/www.clinicaalthea.com\/farmacia\/es\/apt\/xtrazex\/#breadcrumb"},"inLanguage":"pl-PL","potentialAction":[{"@type":"ReadAction","target":["https:\/\/www.clinicaalthea.com\/farmacia\/es\/apt\/xtrazex\/"]}]},{"@type":"ImageObject","inLanguage":"pl-PL","@id":"https:\/\/www.clinicaalthea.com\/farmacia\/es\/apt\/xtrazex\/#primaryimage","url":"https:\/\/www.clinicaalthea.com\/farmacia\/wp-content\/uploads\/2024\/09\/Xtrazex.jpg","contentUrl":"https:\/\/www.clinicaalthea.com\/farmacia\/wp-content\/uploads\/2024\/09\/Xtrazex.jpg","width":768,"height":768,"caption":"Xtrazex"},{"@type":"BreadcrumbList","@id":"https:\/\/www.clinicaalthea.com\/farmacia\/es\/apt\/xtrazex\/#breadcrumb","itemListElement":[{"@type":"ListItem","position":1,"name":"Strona g\u0142\u00f3wna","item":"https:\/\/www.clinicaalthea.com\/farmacia\/"},{"@type":"ListItem","position":2,"name":"Produkty","item":"https:\/\/www.clinicaalthea.com\/farmacia\/"},{"@type":"ListItem","position":3,"name":"Xtrazex"}]},{"@type":"WebSite","@id":"https:\/\/www.clinicaalthea.com\/farmacia\/#website","url":"https:\/\/www.clinicaalthea.com\/farmacia\/","name":"Clinica Althea","description":"","publisher":{"@id":"https:\/\/www.clinicaalthea.com\/farmacia\/#organization"},"potentialAction":[{"@type":"SearchAction","target":{"@type":"EntryPoint","urlTemplate":"https:\/\/www.clinicaalthea.com\/farmacia\/?s={search_term_string}"},"query-input":{"@type":"PropertyValueSpecification","valueRequired":true,"valueName":"search_term_string"}}],"inLanguage":"pl-PL"},{"@type":"Organization","@id":"https:\/\/www.clinicaalthea.com\/farmacia\/#organization","name":"Clinica Althea","url":"https:\/\/www.clinicaalthea.com\/farmacia\/","logo":{"@type":"ImageObject","inLanguage":"pl-PL","@id":"https:\/\/www.clinicaalthea.com\/farmacia\/#\/schema\/logo\/image\/","url":"https:\/\/www.clinicaalthea.com\/farmacia\/wp-content\/uploads\/2023\/12\/Jak-diagnozuje-sie-FAS_-objawy-kryteria-diagnostyczne-i-metody-diagnozowania-154162903.jpg","contentUrl":"https:\/\/www.clinicaalthea.com\/farmacia\/wp-content\/uploads\/2023\/12\/Jak-diagnozuje-sie-FAS_-objawy-kryteria-diagnostyczne-i-metody-diagnozowania-154162903.jpg","width":1216,"height":832,"caption":"Clinica Althea"},"image":{"@id":"https:\/\/www.clinicaalthea.com\/farmacia\/#\/schema\/logo\/image\/"}}]}},"lang":"es","translations":{"es":10153,"pl":10135,"fr":10138,"nl":10140,"hu":10142,"bg":10144,"sk":10146,"cs":10148,"de":10151,"el":10155,"ro":10157,"it":10159},"pll_sync_post":[],"_links":{"self":[{"href":"https:\/\/www.clinicaalthea.com\/farmacia\/wp-json\/wp\/v2\/product\/10153","targetHints":{"allow":["GET"]}}],"collection":[{"href":"https:\/\/www.clinicaalthea.com\/farmacia\/wp-json\/wp\/v2\/product"}],"about":[{"href":"https:\/\/www.clinicaalthea.com\/farmacia\/wp-json\/wp\/v2\/types\/product"}],"replies":[{"embeddable":true,"href":"https:\/\/www.clinicaalthea.com\/farmacia\/wp-json\/wp\/v2\/comments?post=10153"}],"wp:featuredmedia":[{"embeddable":true,"href":"https:\/\/www.clinicaalthea.com\/farmacia\/wp-json\/wp\/v2\/media\/10136"}],"wp:attachment":[{"href":"https:\/\/www.clinicaalthea.com\/farmacia\/wp-json\/wp\/v2\/media?parent=10153"}],"wp:term":[{"taxonomy":"product_brand","embeddable":true,"href":"https:\/\/www.clinicaalthea.com\/farmacia\/wp-json\/wp\/v2\/product_brand?post=10153"},{"taxonomy":"product_cat","embeddable":true,"href":"https:\/\/www.clinicaalthea.com\/farmacia\/wp-json\/wp\/v2\/product_cat?post=10153"},{"taxonomy":"product_tag","embeddable":true,"href":"https:\/\/www.clinicaalthea.com\/farmacia\/wp-json\/wp\/v2\/product_tag?post=10153"}],"curies":[{"name":"wp","href":"https:\/\/api.w.org\/{rel}","templated":true}]}}